{"id":10554,"date":"2022-01-01T14:09:58","date_gmt":"2022-01-01T14:09:58","guid":{"rendered":"https:\/\/olivera.org\/?post_type=olivera_activity&#038;p=10554"},"modified":"2022-02-15T11:17:10","modified_gmt":"2022-02-15T11:17:10","slug":"expovisio-imanol-buisan","status":"publish","type":"olivera_activity","link":"https:\/\/olivera.org\/ca\/activitat\/expovisio-imanol-buisan\/","title":{"rendered":"ExpoVisi\u00f3: &#8220;Correspondencia unidireccional&#8221;, d&#8217;Imanol Buisan"},"content":{"rendered":"\t\t<div data-elementor-type=\"wp-post\" data-elementor-id=\"10554\" class=\"elementor elementor-10554\" data-elementor-post-type=\"olivera_activity\">\n\t\t\t\t\t\t<section class=\"elementor-section elementor-top-section elementor-element elementor-element-173d377 elementor-section-boxed elementor-section-height-default elementor-section-height-default\" data-id=\"173d377\" data-element_type=\"section\">\n\t\t\t\t\t\t<div class=\"elementor-container elementor-column-gap-default\">\n\t\t\t\t\t<div class=\"elementor-column elementor-col-100 elementor-top-column elementor-element elementor-element-11612ed\" data-id=\"11612ed\" data-element_type=\"column\">\n\t\t\t<div class=\"elementor-widget-wrap elementor-element-populated\">\n\t\t\t\t\t\t<div class=\"elementor-element elementor-element-c747778 elementor-widget elementor-widget-text-editor\" data-id=\"c747778\" data-element_type=\"widget\" data-widget_type=\"text-editor.default\">\n\t\t\t\t<div class=\"elementor-widget-container\">\n\t\t\t\t\t\t\t\t\t<p>Com a missives perdudes en el sistema de correus, aquesta s\u00e8rie \u00e9s una excusa per escriure collages a destinataris inexistents, cartes que no no arriben mai a ning\u00fa i que cada m\u00e0 que les llegeix construeix una nova narrativa. Ficcions fr\u00e0gils que neixen i moren, retalls que donen vida a col\u00b7leccions de postals i segells que tenia en l&#8217;oblit. Aix\u00ed el repte d&#8217;haver d&#8217;incorporar aquests dos elements ens porten a combinacions que formen part d&#8217;un proc\u00e9s d&#8217;investigaci\u00f3 formal.<\/p>\n<p>Aix\u00ed \u00e9s com l\u2019artista terrassenc <strong><a href=\"http:\/\/imanolbuisan.com\/es\">Imanol Buisan<\/a><\/strong> concep la seva s\u00e8rie \u201cCorrespondencia unidireccional\u201d, un recull de peces creades durant la primavera del 2016 que arriba ara al cicle ExpoVisions de La Vinoteca de Can Calopa.<\/p>\n<p>L\u2019exposici\u00f3, que s\u2019inaugurar\u00e0 el 19 de febrer a les 12h, romandr\u00e0 a <a href=\"https:\/\/olivera.org\/ca\/la-vinoteca\/\">La Vinoteca<\/a> durant 3 mesos amb lliure acc\u00e8s dins l&#8217;horari de La Vinoteca.<\/p>\n<p class=\"small-sans-serif label-sans-serif\">M\u00e9s informaci\u00f3<\/p>\n<p class=\"small-sans-serif\">Inauguraci\u00f3 de l&#8217;exposici\u00f3: Dissabte, 19 de febrer a les 12h, amb pres\u00e8ncia de l&#8217;artista. L&#8217;acte \u00e9s tratu\u00eft per\u00f2 cal reserva pr\u00e8via a lavinoteca@olivera.org<\/p>\n<p class=\"small-sans-serif\">L&#8217;exposici\u00f3 romandr\u00e0 a La Vinoteca fins al 19 d&#8217;abril i \u00e9s gratu\u00efta i de lliure acc\u00e9s dins l&#8217;horari de La Vinoteca.<\/p>\t\t\t\t\t\t\t\t<\/div>\n\t\t\t\t<\/div>\n\t\t\t\t\t<\/div>\n\t\t<\/div>\n\t\t\t\t\t<\/div>\n\t\t<\/section>\n\t\t\t\t<\/div>\n\t\t","protected":false},"excerpt":{"rendered":"<p>El dissenyador gr\u00e0fic i artista de collage Imanol Buisan arriba al cicle \u201cExpoVisions\u201d de La Vinoteca amb la s\u00e8rie \u201cCorrespondencia unidireccional\u201d, un recull de peces creades durant la primavera del 2016 que l\u2019artista terrassenc concep com a missives perdudes en el sistema de correus. Una s\u00e8rie que \u00e9s una excusa per escriure collages a destinataris inexistents, cartes que no arriben mai a ning\u00fa i que cada m\u00e0 que les llegeix construeix una nova narrativa.<\/p>\n","protected":false},"featured_media":13436,"template":"","class_list":["post-10554","olivera_activity","type-olivera_activity","status-publish","has-post-thumbnail","hentry"],"acf":[],"jetpack_sharing_enabled":true,"_links":{"self":[{"href":"https:\/\/olivera.org\/ca\/wp-json\/wp\/v2\/olivera_activity\/10554","targetHints":{"allow":["GET"]}}],"collection":[{"href":"https:\/\/olivera.org\/ca\/wp-json\/wp\/v2\/olivera_activity"}],"about":[{"href":"https:\/\/olivera.org\/ca\/wp-json\/wp\/v2\/types\/olivera_activity"}],"version-history":[{"count":0,"href":"https:\/\/olivera.org\/ca\/wp-json\/wp\/v2\/olivera_activity\/10554\/revisions"}],"wp:featuredmedia":[{"embeddable":true,"href":"https:\/\/olivera.org\/ca\/wp-json\/wp\/v2\/media\/13436"}],"wp:attachment":[{"href":"https:\/\/olivera.org\/ca\/wp-json\/wp\/v2\/media?parent=10554"}],"curies":[{"name":"wp","href":"https:\/\/api.w.org\/{rel}","templated":true}]}}

ExpoVisió: &#8220;Correspondencia unidireccional&#8221;, d&#8217;Imanol Buisan

<div data-elementor-type="wp-post" data-elementor-id="10554" class="elementor elementor-10554" data-elementor-post-type="olivera_activity">
						<section class="elementor-section elementor-top-section elementor-element elementor-element-173d377 elementor-section-boxed elementor-section-height-default elementor-section-height-default" data-id="173d377" data-element_type="section">
						<div class="elementor-container elementor-column-gap-default">
					<div class="elementor-column elementor-col-100 elementor-top-column elementor-element elementor-element-11612ed" data-id="11612ed" data-element_type="column">
			<div class="elementor-widget-wrap elementor-element-populated">
						<div class="elementor-element elementor-element-c747778 elementor-widget elementor-widget-text-editor" data-id="c747778" data-element_type="widget" data-widget_type="text-editor.default">
				<div class="elementor-widget-container">
									<p>Com a missives perdudes en el sistema de correus, aquesta sèrie és una excusa per escriure collages a destinataris inexistents, cartes que no no arriben mai a ningú i que cada mà que les llegeix construeix una nova narrativa. Ficcions fràgils que neixen i moren, retalls que donen vida a col·leccions de postals i segells que tenia en l&#8217;oblit. Així el repte d&#8217;haver d&#8217;incorporar aquests dos elements ens porten a combinacions que formen part d&#8217;un procés d&#8217;investigació formal.</p>
<p>Així és com l’artista terrassenc <strong><a href="http://imanolbuisan.com/es">Imanol Buisan</a></strong> concep la seva sèrie “Correspondencia unidireccional”, un recull de peces creades durant la primavera del 2016 que arriba ara al cicle ExpoVisions de La Vinoteca de Can Calopa.</p>
<p>L’exposició, que s’inaugurarà el 19 de febrer a les 12h, romandrà a <a href="https://olivera.org/ca/la-vinoteca/">La Vinoteca</a> durant 3 mesos amb lliure accès dins l&#8217;horari de La Vinoteca.</p>
<p class="small-sans-serif label-sans-serif">Més informació</p>
<p class="small-sans-serif">Inauguració de l&#8217;exposició: Dissabte, 19 de febrer a les 12h, amb presència de l&#8217;artista. L&#8217;acte és tratuït però cal reserva prèvia a lavinoteca@olivera.org</p>
<p class="small-sans-serif">L&#8217;exposició romandrà a La Vinoteca fins al 19 d&#8217;abril i és gratuïta i de lliure accés dins l&#8217;horari de La Vinoteca.</p>								</div>
				</div>
					</div>
		</div>
					</div>
		</section>
				</div>

<p>El dissenyador gràfic i artista de collage Imanol Buisan arriba al cicle “ExpoVisions” de La Vinoteca amb la sèrie “Correspondencia unidireccional”, un recull de peces creades durant la primavera del 2016 que l’artista terrassenc concep com a missives perdudes en el sistema de correus. Una sèrie que és una excusa per escriure collages a destinataris inexistents, cartes que no arriben mai a ningú i que cada mà que les llegeix construeix una nova narrativa.</p>
