{"id":13494,"date":"2022-02-07T10:52:15","date_gmt":"2022-02-07T10:52:15","guid":{"rendered":"https:\/\/olivera.org\/?post_type=olivera_activity&#038;p=13494"},"modified":"2025-06-10T13:40:10","modified_gmt":"2025-06-10T13:40:10","slug":"voluntariat","status":"publish","type":"olivera_activity","link":"https:\/\/olivera.org\/ca\/activitat\/voluntariat\/","title":{"rendered":"Voluntariat"},"content":{"rendered":"\t\t<div data-elementor-type=\"wp-post\" data-elementor-id=\"13494\" class=\"elementor elementor-13494\" data-elementor-post-type=\"olivera_activity\">\n\t\t\t\t\t\t<section class=\"elementor-section elementor-top-section elementor-element elementor-element-f25b35a elementor-section-boxed elementor-section-height-default elementor-section-height-default\" data-id=\"f25b35a\" data-element_type=\"section\">\n\t\t\t\t\t\t<div class=\"elementor-container elementor-column-gap-default\">\n\t\t\t\t\t<div class=\"elementor-column elementor-col-100 elementor-top-column elementor-element elementor-element-2371e7d\" data-id=\"2371e7d\" data-element_type=\"column\">\n\t\t\t<div class=\"elementor-widget-wrap elementor-element-populated\">\n\t\t\t\t\t\t<div class=\"elementor-element elementor-element-ec5fd27 elementor-widget elementor-widget-text-editor\" data-id=\"ec5fd27\" data-element_type=\"widget\" data-widget_type=\"text-editor.default\">\n\t\t\t\t<div class=\"elementor-widget-container\">\n\t\t\t\t\t\t\t\t\t<p>Juntament amb el <a href=\"https:\/\/www.parcnaturalcollserola.cat\/participacio\/\"><strong>Parc Natural de Collserola<\/strong><\/a>, proposem un seguit d&#8217;actuacions i tasques col\u00b7laboratives, totalment gratu\u00eftes, que promouen la participaci\u00f3 activa en el manteniment de la finca municipal de Can Calopa. No nom\u00e9s pretenem teixir complicitats amb els nostres ve\u00efns sin\u00f3 tamb\u00e9 donar a con\u00e8ixer, recuprerar i preservar el patrimoni natural i arquitect\u00f2nic de la serra de Collserola.\u00a0<\/p><p>Fomentem el treball conjunt en actuacions com l&#8217;arrenjament i el manteniment d&#8217;espais de la finca aix\u00ed com activitats vinculades amb el nostre dia a dia com ara podar la vinya, endre\u00e7ar el corral i el galliner o apilar la llenya. No hi falta mai un bon esmorzar i un tast dels nostres productes per recuperar forces i agra\u00efr la feina feta. Apunteu-vos-hi!<\/p><p>Totes les activitats tamb\u00e9 poden adaptar-se i estan obertes a empreses que busquin millorar el seu comprom\u00eds social, \u00e8tic i mediambiental a trav\u00e9s de propostes de <strong>Responsabilitat Social Corporativa (RSC)<\/strong>.<\/p><p>M\u00e9s informaci\u00f3 i reserves a: <strong>formacio@olivera.org<\/strong><\/p>\t\t\t\t\t\t\t\t<\/div>\n\t\t\t\t<\/div>\n\t\t\t\t\t<\/div>\n\t\t<\/div>\n\t\t\t\t\t<\/div>\n\t\t<\/section>\n\t\t\t\t<\/div>\n\t\t","protected":false},"excerpt":{"rendered":"<p>Us proposem un seguit d&#8217;activitats col\u00b7laboratives perqu\u00e8 de la m\u00e0 del Parc Natural de Collserola ens ajudeu a mantenir activa la finca de Can Calopa. Aquestes tasques s&#8217;adrecen a persones sensibilitzades pel medi natural aix\u00ed com a empreses i col\u00b7lectius que busquin activitats de Responsabilitat Social Corporativa. <\/p>\n","protected":false},"featured_media":14338,"template":"","class_list":["post-13494","olivera_activity","type-olivera_activity","status-publish","has-post-thumbnail","hentry"],"acf":[],"jetpack_sharing_enabled":true,"_links":{"self":[{"href":"https:\/\/olivera.org\/ca\/wp-json\/wp\/v2\/olivera_activity\/13494","targetHints":{"allow":["GET"]}}],"collection":[{"href":"https:\/\/olivera.org\/ca\/wp-json\/wp\/v2\/olivera_activity"}],"about":[{"href":"https:\/\/olivera.org\/ca\/wp-json\/wp\/v2\/types\/olivera_activity"}],"version-history":[{"count":3,"href":"https:\/\/olivera.org\/ca\/wp-json\/wp\/v2\/olivera_activity\/13494\/revisions"}],"predecessor-version":[{"id":31557,"href":"https:\/\/olivera.org\/ca\/wp-json\/wp\/v2\/olivera_activity\/13494\/revisions\/31557"}],"wp:featuredmedia":[{"embeddable":true,"href":"https:\/\/olivera.org\/ca\/wp-json\/wp\/v2\/media\/14338"}],"wp:attachment":[{"href":"https:\/\/olivera.org\/ca\/wp-json\/wp\/v2\/media?parent=13494"}],"curies":[{"name":"wp","href":"https:\/\/api.w.org\/{rel}","templated":true}]}}

<div data-elementor-type="wp-post" data-elementor-id="13494" class="elementor elementor-13494" data-elementor-post-type="olivera_activity">
						<section class="elementor-section elementor-top-section elementor-element elementor-element-f25b35a elementor-section-boxed elementor-section-height-default elementor-section-height-default" data-id="f25b35a" data-element_type="section">
						<div class="elementor-container elementor-column-gap-default">
					<div class="elementor-column elementor-col-100 elementor-top-column elementor-element elementor-element-2371e7d" data-id="2371e7d" data-element_type="column">
			<div class="elementor-widget-wrap elementor-element-populated">
						<div class="elementor-element elementor-element-ec5fd27 elementor-widget elementor-widget-text-editor" data-id="ec5fd27" data-element_type="widget" data-widget_type="text-editor.default">
				<div class="elementor-widget-container">
									<p>Juntament amb el <a href="https://www.parcnaturalcollserola.cat/participacio/"><strong>Parc Natural de Collserola</strong></a>, proposem un seguit d&#8217;actuacions i tasques col·laboratives, totalment gratuïtes, que promouen la participació activa en el manteniment de la finca municipal de Can Calopa. No només pretenem teixir complicitats amb els nostres veïns sinó també donar a conèixer, recuprerar i preservar el patrimoni natural i arquitectònic de la serra de Collserola. </p><p>Fomentem el treball conjunt en actuacions com l&#8217;arrenjament i el manteniment d&#8217;espais de la finca així com activitats vinculades amb el nostre dia a dia com ara podar la vinya, endreçar el corral i el galliner o apilar la llenya. No hi falta mai un bon esmorzar i un tast dels nostres productes per recuperar forces i agraïr la feina feta. Apunteu-vos-hi!</p><p>Totes les activitats també poden adaptar-se i estan obertes a empreses que busquin millorar el seu compromís social, ètic i mediambiental a través de propostes de <strong>Responsabilitat Social Corporativa (RSC)</strong>.</p><p>Més informació i reserves a: <strong>formacio@olivera.org</strong></p>								</div>
				</div>
					</div>
		</div>
					</div>
		</section>
				</div>

<p>Us proposem un seguit d&#8217;activitats col·laboratives perquè de la mà del Parc Natural de Collserola ens ajudeu a mantenir activa la finca de Can Calopa. Aquestes tasques s&#8217;adrecen a persones sensibilitzades pel medi natural així com a empreses i col·lectius que busquin activitats de Responsabilitat Social Corporativa. </p>
