{"id":15568,"date":"2022-05-12T08:47:07","date_gmt":"2022-05-12T08:47:07","guid":{"rendered":"https:\/\/olivera.org\/?post_type=olivera_activity&#038;p=15568"},"modified":"2022-05-12T08:55:58","modified_gmt":"2022-05-12T08:55:58","slug":"cicle-de-poesia-recital-de-josep-pedrals-amb-pedrals-25","status":"publish","type":"olivera_activity","link":"https:\/\/olivera.org\/ca\/activitat\/cicle-de-poesia-recital-de-josep-pedrals-amb-pedrals-25\/","title":{"rendered":"Cicle de poesia: recital de Josep Pedrals amb &#8220;Pedrals 25&#8221;"},"content":{"rendered":"\t\t<div data-elementor-type=\"wp-post\" data-elementor-id=\"15568\" class=\"elementor elementor-15568\" data-elementor-post-type=\"olivera_activity\">\n\t\t\t\t\t\t<section class=\"elementor-section elementor-top-section elementor-element elementor-element-a8d1a0d elementor-section-boxed elementor-section-height-default elementor-section-height-default\" data-id=\"a8d1a0d\" data-element_type=\"section\">\n\t\t\t\t\t\t<div class=\"elementor-container elementor-column-gap-default\">\n\t\t\t\t\t<div class=\"elementor-column elementor-col-100 elementor-top-column elementor-element elementor-element-7923ff6\" data-id=\"7923ff6\" data-element_type=\"column\">\n\t\t\t<div class=\"elementor-widget-wrap elementor-element-populated\">\n\t\t\t\t\t\t<div class=\"elementor-element elementor-element-61ed036 elementor-widget elementor-widget-text-editor\" data-id=\"61ed036\" data-element_type=\"widget\" data-widget_type=\"text-editor.default\">\n\t\t\t\t<div class=\"elementor-widget-container\">\n\t\t\t\t\t\t\t\t\t<p>Obrim les portes de La Vinoteca de Can Calopa a la cultura, amb una nova sessi\u00f3 del cicle de poesia que, en aquesta ocasi\u00f3, protagonitzar\u00e0 el poeta barcelon\u00ed Josep Pedrals amb el recital \u201cPedrals 25\u201d, un muntatge per celebrar que l\u2019autor porta ja m\u00e9s de 25 anys anys fent recitals per escenaris de tot el m\u00f3n i que serveix per repassar els poemes m\u00e9s representatius de la seva traject\u00f2ria. Una gran festa verbal d\u2019aquest reconegut poeta i escriptor catal\u00e0 que diu que escriu \u201cper necessitat, per voluntat i per enc\u00e0rrec\u201d.<\/p><p>El recital estar\u00e0 presentat i condu\u00eft pel poeta Eduard Sanahuja i s\u2019iniciar\u00e0 amb una copa de vi de benvinguda, per tal d\u2019apropar, tamb\u00e9, la cultura del vi als assistents.<\/p><p>Despr\u00e9s del recital, qui ho vulgui, pot quedar-se a sopar a La Vinoteca, amb reserva pr\u00e8via a <a href=\"mailto:lavinoteca@olivera.org\"><strong>lavinoteca@olivera.org<\/strong><\/a> o trucant al <strong>646 619 188<\/strong>.<\/p>\t\t\t\t\t\t\t\t<\/div>\n\t\t\t\t<\/div>\n\t\t\t\t\t<\/div>\n\t\t<\/div>\n\t\t\t\t\t<\/div>\n\t\t<\/section>\n\t\t\t\t<section class=\"elementor-section elementor-top-section elementor-element elementor-element-1a7a1ee elementor-section-boxed elementor-section-height-default elementor-section-height-default\" data-id=\"1a7a1ee\" data-element_type=\"section\">\n\t\t\t\t\t\t<div class=\"elementor-container elementor-column-gap-default\">\n\t\t\t\t\t<div class=\"elementor-column elementor-col-100 elementor-top-column elementor-element elementor-element-1b99d31\" data-id=\"1b99d31\" data-element_type=\"column\">\n\t\t\t<div class=\"elementor-widget-wrap elementor-element-populated\">\n\t\t\t\t\t\t<div class=\"elementor-element elementor-element-aef2255 elementor-align-center elementor-widget elementor-widget-button\" data-id=\"aef2255\" data-element_type=\"widget\" data-widget_type=\"button.default\">\n\t\t\t\t<div class=\"elementor-widget-container\">\n\t\t\t\t\t\t\t\t\t<div class=\"elementor-button-wrapper\">\n\t\t\t\t\t<a class=\"elementor-button elementor-button-link elementor-size-sm\" href=\"https:\/\/olivera.org\/ca\/producte\/cicle-de-poesia-recital-de-josep-pedrals-amb-pedrals-25\/\">\n\t\t\t\t\t\t<span class=\"elementor-button-content-wrapper\">\n\t\t\t\t\t\t\t\t\t<span class=\"elementor-button-text\">Comprar entrades<\/span>\n\t\t\t\t\t<\/span>\n\t\t\t\t\t<\/a>\n\t\t\t\t<\/div>\n\t\t\t\t\t\t\t\t<\/div>\n\t\t\t\t<\/div>\n\t\t\t\t\t<\/div>\n\t\t<\/div>\n\t\t\t\t\t<\/div>\n\t\t<\/section>\n\t\t\t\t<\/div>\n\t\t","protected":false},"excerpt":{"rendered":"<p>Nova sessi\u00f3 del cicle de poesia a La Vinoteca de Can Calopa que, en aquesta ocasi\u00f3, protagonitzar\u00e0 el poeta barcelon\u00ed Josep Pedrals amb el recital \u201cPedrals 25\u201d, un muntatge per celebrar que l\u2019autor porta ja m\u00e9s de 25 anys fent recitals per escenaris de tot el m\u00f3n i que serveix per repassar els poemes m\u00e9s representatius de la seva traject\u00f2ria.<\/p>\n","protected":false},"featured_media":15569,"template":"","class_list":["post-15568","olivera_activity","type-olivera_activity","status-publish","has-post-thumbnail","hentry"],"acf":[],"jetpack_sharing_enabled":true,"_links":{"self":[{"href":"https:\/\/olivera.org\/ca\/wp-json\/wp\/v2\/olivera_activity\/15568","targetHints":{"allow":["GET"]}}],"collection":[{"href":"https:\/\/olivera.org\/ca\/wp-json\/wp\/v2\/olivera_activity"}],"about":[{"href":"https:\/\/olivera.org\/ca\/wp-json\/wp\/v2\/types\/olivera_activity"}],"version-history":[{"count":0,"href":"https:\/\/olivera.org\/ca\/wp-json\/wp\/v2\/olivera_activity\/15568\/revisions"}],"wp:featuredmedia":[{"embeddable":true,"href":"https:\/\/olivera.org\/ca\/wp-json\/wp\/v2\/media\/15569"}],"wp:attachment":[{"href":"https:\/\/olivera.org\/ca\/wp-json\/wp\/v2\/media?parent=15568"}],"curies":[{"name":"wp","href":"https:\/\/api.w.org\/{rel}","templated":true}]}}

<div data-elementor-type="wp-post" data-elementor-id="15568" class="elementor elementor-15568" data-elementor-post-type="olivera_activity">
						<section class="elementor-section elementor-top-section elementor-element elementor-element-a8d1a0d elementor-section-boxed elementor-section-height-default elementor-section-height-default" data-id="a8d1a0d" data-element_type="section">
						<div class="elementor-container elementor-column-gap-default">
					<div class="elementor-column elementor-col-100 elementor-top-column elementor-element elementor-element-7923ff6" data-id="7923ff6" data-element_type="column">
			<div class="elementor-widget-wrap elementor-element-populated">
						<div class="elementor-element elementor-element-61ed036 elementor-widget elementor-widget-text-editor" data-id="61ed036" data-element_type="widget" data-widget_type="text-editor.default">
				<div class="elementor-widget-container">
									<p>Obrim les portes de La Vinoteca de Can Calopa a la cultura, amb una nova sessió del cicle de poesia que, en aquesta ocasió, protagonitzarà el poeta barceloní Josep Pedrals amb el recital “Pedrals 25”, un muntatge per celebrar que l’autor porta ja més de 25 anys anys fent recitals per escenaris de tot el món i que serveix per repassar els poemes més representatius de la seva trajectòria. Una gran festa verbal d’aquest reconegut poeta i escriptor català que diu que escriu “per necessitat, per voluntat i per encàrrec”.</p><p>El recital estarà presentat i conduït pel poeta Eduard Sanahuja i s’iniciarà amb una copa de vi de benvinguda, per tal d’apropar, també, la cultura del vi als assistents.</p><p>Després del recital, qui ho vulgui, pot quedar-se a sopar a La Vinoteca, amb reserva prèvia a <a href="mailto:lavinoteca@olivera.org"><strong>lavinoteca@olivera.org</strong></a> o trucant al <strong>646 619 188</strong>.</p>								</div>
				</div>
					</div>
		</div>
					</div>
		</section>
				<section class="elementor-section elementor-top-section elementor-element elementor-element-1a7a1ee elementor-section-boxed elementor-section-height-default elementor-section-height-default" data-id="1a7a1ee" data-element_type="section">
						<div class="elementor-container elementor-column-gap-default">
					<div class="elementor-column elementor-col-100 elementor-top-column elementor-element elementor-element-1b99d31" data-id="1b99d31" data-element_type="column">
			<div class="elementor-widget-wrap elementor-element-populated">
						<div class="elementor-element elementor-element-aef2255 elementor-align-center elementor-widget elementor-widget-button" data-id="aef2255" data-element_type="widget" data-widget_type="button.default">
				<div class="elementor-widget-container">
									<div class="elementor-button-wrapper">
					<a class="elementor-button elementor-button-link elementor-size-sm" href="https://olivera.org/ca/producte/cicle-de-poesia-recital-de-josep-pedrals-amb-pedrals-25/">
						<span class="elementor-button-content-wrapper">
									<span class="elementor-button-text">Comprar entrades</span>
					</span>
					</a>
				</div>
								</div>
				</div>
					</div>
		</div>
					</div>
		</section>
				</div>

<p>Nova sessió del cicle de poesia a La Vinoteca de Can Calopa que, en aquesta ocasió, protagonitzarà el poeta barceloní Josep Pedrals amb el recital “Pedrals 25”, un muntatge per celebrar que l’autor porta ja més de 25 anys fent recitals per escenaris de tot el món i que serveix per repassar els poemes més representatius de la seva trajectòria.</p>
