{"id":20718,"date":"2023-04-27T15:29:11","date_gmt":"2023-04-27T15:29:11","guid":{"rendered":"https:\/\/olivera.org\/?post_type=olivera_activity&#038;p=20718"},"modified":"2023-05-24T08:15:34","modified_gmt":"2023-05-24T08:15:34","slug":"collserola-floreix","status":"publish","type":"olivera_activity","link":"https:\/\/olivera.org\/ca\/activitat\/collserola-floreix\/","title":{"rendered":"Collserola Floreix!"},"content":{"rendered":"\t\t<div data-elementor-type=\"wp-post\" data-elementor-id=\"20718\" class=\"elementor elementor-20718\" data-elementor-post-type=\"olivera_activity\">\n\t\t\t\t\t\t<section class=\"elementor-section elementor-top-section elementor-element elementor-element-3427562 elementor-section-boxed elementor-section-height-default elementor-section-height-default\" data-id=\"3427562\" data-element_type=\"section\">\n\t\t\t\t\t\t<div class=\"elementor-container elementor-column-gap-default\">\n\t\t\t\t\t<div class=\"elementor-column elementor-col-100 elementor-top-column elementor-element elementor-element-8cf4472\" data-id=\"8cf4472\" data-element_type=\"column\">\n\t\t\t<div class=\"elementor-widget-wrap elementor-element-populated\">\n\t\t\t\t\t\t<div class=\"elementor-element elementor-element-a8d45e4 elementor-widget elementor-widget-text-editor\" data-id=\"a8d45e4\" data-element_type=\"widget\" data-widget_type=\"text-editor.default\">\n\t\t\t\t<div class=\"elementor-widget-container\">\n\t\t\t\t\t\t\t\t\t<p class=\"big-serif\" style=\"text-align: center;\">Jornada festiva amb activitats per a tots els p\u00fablics per acostar-nos a la realitat rural i natural de la serra de Barcelona<\/p>\t\t\t\t\t\t\t\t<\/div>\n\t\t\t\t<\/div>\n\t\t\t\t\t<\/div>\n\t\t<\/div>\n\t\t\t\t\t<\/div>\n\t\t<\/section>\n\t\t\t\t<section class=\"elementor-section elementor-top-section elementor-element elementor-element-18cbf24 elementor-section-boxed elementor-section-height-default elementor-section-height-default\" data-id=\"18cbf24\" data-element_type=\"section\">\n\t\t\t\t\t\t<div class=\"elementor-container elementor-column-gap-default\">\n\t\t\t\t\t<div class=\"elementor-column elementor-col-100 elementor-top-column elementor-element elementor-element-9a744b7\" data-id=\"9a744b7\" data-element_type=\"column\">\n\t\t\t<div class=\"elementor-widget-wrap elementor-element-populated\">\n\t\t\t\t\t\t<div class=\"elementor-element elementor-element-b66e4a4 elementor-widget elementor-widget-text-editor\" data-id=\"b66e4a4\" data-element_type=\"widget\" data-widget_type=\"text-editor.default\">\n\t\t\t\t<div class=\"elementor-widget-container\">\n\t\t\t\t\t\t\t\t\t<p>Com cada primavera, obrim les portes de la masia de Can Calopa de Dalt per celebrar la tradicional festa de la vinya i el vi. Enguany, per\u00f2, la dediquem a la serra de Collserola. Volem donar a con\u00e8ixer la realitat que ens rodeja en el nostre dia a dia. Volem que gaudiu de la m\u00e0gia de les muntanyes de Barcelona; que descobriu la biodiversitat que habita en els seus boscos; que tasteu els sabors que neixen dels seus camps; que us divertiu, balleu, mengeu, beveu i, alhora, compartiu l&#8217;esperit que impulsa L&#8217;Olivera i el nostre projecte d&#8217;agricultura social.\u00a0<\/p><p>Per aix\u00f2 hem preparat amb molta cura un programa carregat d&#8217;activitats per a tota la fam\u00edlia: tallers per a petits i grans, tast de vi, visita al celler, vermut popular, un dinar cuinat per l&#8217;equip de La Vinoteca de Can Calopa, una actuaci\u00f3 en viu i una barra oberta perqu\u00e8 tasteu tots els nostres vins i olis.\u00a0<\/p><ul><li>10:30h &#8211; Obertura de portes<\/li><li>11h &#8211; Tallers:<ul><li>Plantes silvestres comestibles amb <a href=\"https:\/\/eixarcolant.cat\/\"><strong>Eixarcolant<\/strong><\/a><\/li><li>Collserola salvatge: la fauna que habita a Can Calopa<\/li><li>Esquelles a la vinya: fem de pastors amb el ramat d&#8217;ovelles de Can Calopa<\/li><\/ul><\/li><li>13h &#8211; Tast de vi a l&#8217;era de Can Calopa i vermut popular<\/li><li>14h &#8211; Dinar de pag\u00e8s: arr\u00f2s de carn o de verdures de temporada i past\u00eds de maduixes<\/li><li>16h &#8211; Actuaci\u00f3 de la clown <strong><a href=\"https:\/\/saraponscompany.com\/about-us\">Sara Pons<\/a><\/strong> amb el seu espectacle &#8220;Win-do-w&#8221;<\/li><\/ul><p>Durant tot el dia, hi haur\u00e0 la barra de La Vinoteca oberta amb vins a copes i unes tapes a la carta.\u00a0<\/p><p>I per posar-vos-ho m\u00e9s f\u00e0cil, oferim un servei gratu\u00eft de bus que sortir\u00e0 de la pla\u00e7a de Sarri\u00e0 a les 9:50 i tornar\u00e0 de Can Calopa a les 18:10h.<\/p><p class=\"small-serif\" style=\"text-align: center;\"><strong>Preus\u00a0<\/strong><strong><br \/><\/strong>5\u20ac &#8211; menors fins a 12 anys\u00a0<br \/>15\u20ac &#8211; joves i adults<\/p><p>Amb la col\u00b7laboraci\u00f3 de:<br \/>Ajuntament de Barcelona, Turisme de Barcelona i el Parc Natural de Collserola<\/p>\t\t\t\t\t\t\t\t<\/div>\n\t\t\t\t<\/div>\n\t\t\t\t\t<\/div>\n\t\t<\/div>\n\t\t\t\t\t<\/div>\n\t\t<\/section>\n\t\t\t\t<section class=\"elementor-section elementor-top-section elementor-element elementor-element-5722630 elementor-section-boxed elementor-section-height-default elementor-section-height-default\" data-id=\"5722630\" data-element_type=\"section\">\n\t\t\t\t\t\t<div class=\"elementor-container elementor-column-gap-default\">\n\t\t\t\t\t<div class=\"elementor-column elementor-col-100 elementor-top-column elementor-element elementor-element-d791e73\" data-id=\"d791e73\" data-element_type=\"column\">\n\t\t\t<div class=\"elementor-widget-wrap elementor-element-populated\">\n\t\t\t\t\t\t<div class=\"elementor-element elementor-element-9f06f2f elementor-align-center elementor-widget elementor-widget-button\" data-id=\"9f06f2f\" data-element_type=\"widget\" data-widget_type=\"button.default\">\n\t\t\t\t<div class=\"elementor-widget-container\">\n\t\t\t\t\t\t\t\t\t<div class=\"elementor-button-wrapper\">\n\t\t\t\t\t<a class=\"elementor-button elementor-button-link elementor-size-md\" href=\"https:\/\/olivera.org\/ca\/producte\/collserola-floreix\/\">\n\t\t\t\t\t\t<span class=\"elementor-button-content-wrapper\">\n\t\t\t\t\t\t\t\t\t<span class=\"elementor-button-text\">Reserva online<\/span>\n\t\t\t\t\t<\/span>\n\t\t\t\t\t<\/a>\n\t\t\t\t<\/div>\n\t\t\t\t\t\t\t\t<\/div>\n\t\t\t\t<\/div>\n\t\t\t\t\t<\/div>\n\t\t<\/div>\n\t\t\t\t\t<\/div>\n\t\t<\/section>\n\t\t\t\t<section class=\"elementor-section elementor-top-section elementor-element elementor-element-42ee0f8 elementor-section-boxed elementor-section-height-default elementor-section-height-default\" data-id=\"42ee0f8\" data-element_type=\"section\">\n\t\t\t\t\t\t<div class=\"elementor-container elementor-column-gap-default\">\n\t\t\t\t\t<div class=\"elementor-column elementor-col-100 elementor-top-column elementor-element elementor-element-01b5169\" data-id=\"01b5169\" data-element_type=\"column\">\n\t\t\t<div class=\"elementor-widget-wrap elementor-element-populated\">\n\t\t\t\t\t\t<div class=\"elementor-element elementor-element-1e72f6f elementor-widget elementor-widget-image\" data-id=\"1e72f6f\" data-element_type=\"widget\" data-widget_type=\"image.default\">\n\t\t\t\t<div class=\"elementor-widget-container\">\n\t\t\t\t\t\t\t\t\t\t\t\t\t\t\t<img fetchpriority=\"high\" decoding=\"async\" width=\"600\" height=\"848\" src=\"https:\/\/olivera.org\/wp-content\/uploads\/2023\/04\/collserolafloreix-5-600x848.jpg\" class=\"attachment-woocommerce_thumbnail size-woocommerce_thumbnail wp-image-21081\" alt=\"\" srcset=\"https:\/\/olivera.org\/wp-content\/uploads\/2023\/04\/collserolafloreix-5-600x848.jpg 600w, https:\/\/olivera.org\/wp-content\/uploads\/2023\/04\/collserolafloreix-5-212x300.jpg 212w, https:\/\/olivera.org\/wp-content\/uploads\/2023\/04\/collserolafloreix-5-724x1024.jpg 724w, https:\/\/olivera.org\/wp-content\/uploads\/2023\/04\/collserolafloreix-5-768x1086.jpg 768w, https:\/\/olivera.org\/wp-content\/uploads\/2023\/04\/collserolafloreix-5-1086x1536.jpg 1086w, https:\/\/olivera.org\/wp-content\/uploads\/2023\/04\/collserolafloreix-5-1449x2048.jpg 1449w, https:\/\/olivera.org\/wp-content\/uploads\/2023\/04\/collserolafloreix-5-scaled.jpg 1811w\" sizes=\"(max-width: 600px) 100vw, 600px\" \/>\t\t\t\t\t\t\t\t\t\t\t\t\t\t\t<\/div>\n\t\t\t\t<\/div>\n\t\t\t\t\t<\/div>\n\t\t<\/div>\n\t\t\t\t\t<\/div>\n\t\t<\/section>\n\t\t\t\t<\/div>\n\t\t","protected":false},"excerpt":{"rendered":"<p>Amb l&#8217;arribada de la primavera recuperem la nostra tradicional festa de la vinya i el vi, dedicant l&#8217;edici\u00f3 d&#8217;enguany a Collserola. Una jornada per compartir i aprendre de la biodiversitat i la tradici\u00f3 agroramadera que encara existeix a la serra de Barcelona. Tallers, tastos, dinar popular, actuaci\u00f3 art\u00edstica, menjar, beure i moltes altres activitats perqu\u00e8 passeu un dia en fam\u00edlia mentre coneixeu el projecte d&#8217;agricultura social que impulsem a Can Calopa.  <\/p>\n","protected":false},"featured_media":21074,"template":"","class_list":["post-20718","olivera_activity","type-olivera_activity","status-publish","has-post-thumbnail","hentry"],"acf":[],"jetpack_sharing_enabled":true,"_links":{"self":[{"href":"https:\/\/olivera.org\/ca\/wp-json\/wp\/v2\/olivera_activity\/20718","targetHints":{"allow":["GET"]}}],"collection":[{"href":"https:\/\/olivera.org\/ca\/wp-json\/wp\/v2\/olivera_activity"}],"about":[{"href":"https:\/\/olivera.org\/ca\/wp-json\/wp\/v2\/types\/olivera_activity"}],"version-history":[{"count":0,"href":"https:\/\/olivera.org\/ca\/wp-json\/wp\/v2\/olivera_activity\/20718\/revisions"}],"wp:featuredmedia":[{"embeddable":true,"href":"https:\/\/olivera.org\/ca\/wp-json\/wp\/v2\/media\/21074"}],"wp:attachment":[{"href":"https:\/\/olivera.org\/ca\/wp-json\/wp\/v2\/media?parent=20718"}],"curies":[{"name":"wp","href":"https:\/\/api.w.org\/{rel}","templated":true}]}}

<div data-elementor-type="wp-post" data-elementor-id="20718" class="elementor elementor-20718" data-elementor-post-type="olivera_activity">
						<section class="elementor-section elementor-top-section elementor-element elementor-element-3427562 elementor-section-boxed elementor-section-height-default elementor-section-height-default" data-id="3427562" data-element_type="section">
						<div class="elementor-container elementor-column-gap-default">
					<div class="elementor-column elementor-col-100 elementor-top-column elementor-element elementor-element-8cf4472" data-id="8cf4472" data-element_type="column">
			<div class="elementor-widget-wrap elementor-element-populated">
						<div class="elementor-element elementor-element-a8d45e4 elementor-widget elementor-widget-text-editor" data-id="a8d45e4" data-element_type="widget" data-widget_type="text-editor.default">
				<div class="elementor-widget-container">
									<p class="big-serif" style="text-align: center;">Jornada festiva amb activitats per a tots els públics per acostar-nos a la realitat rural i natural de la serra de Barcelona</p>								</div>
				</div>
					</div>
		</div>
					</div>
		</section>
				<section class="elementor-section elementor-top-section elementor-element elementor-element-18cbf24 elementor-section-boxed elementor-section-height-default elementor-section-height-default" data-id="18cbf24" data-element_type="section">
						<div class="elementor-container elementor-column-gap-default">
					<div class="elementor-column elementor-col-100 elementor-top-column elementor-element elementor-element-9a744b7" data-id="9a744b7" data-element_type="column">
			<div class="elementor-widget-wrap elementor-element-populated">
						<div class="elementor-element elementor-element-b66e4a4 elementor-widget elementor-widget-text-editor" data-id="b66e4a4" data-element_type="widget" data-widget_type="text-editor.default">
				<div class="elementor-widget-container">
									<p>Com cada primavera, obrim les portes de la masia de Can Calopa de Dalt per celebrar la tradicional festa de la vinya i el vi. Enguany, però, la dediquem a la serra de Collserola. Volem donar a conèixer la realitat que ens rodeja en el nostre dia a dia. Volem que gaudiu de la màgia de les muntanyes de Barcelona; que descobriu la biodiversitat que habita en els seus boscos; que tasteu els sabors que neixen dels seus camps; que us divertiu, balleu, mengeu, beveu i, alhora, compartiu l&#8217;esperit que impulsa L&#8217;Olivera i el nostre projecte d&#8217;agricultura social. </p><p>Per això hem preparat amb molta cura un programa carregat d&#8217;activitats per a tota la família: tallers per a petits i grans, tast de vi, visita al celler, vermut popular, un dinar cuinat per l&#8217;equip de La Vinoteca de Can Calopa, una actuació en viu i una barra oberta perquè tasteu tots els nostres vins i olis. </p><ul><li>10:30h &#8211; Obertura de portes</li><li>11h &#8211; Tallers:<ul><li>Plantes silvestres comestibles amb <a href="https://eixarcolant.cat/"><strong>Eixarcolant</strong></a></li><li>Collserola salvatge: la fauna que habita a Can Calopa</li><li>Esquelles a la vinya: fem de pastors amb el ramat d&#8217;ovelles de Can Calopa</li></ul></li><li>13h &#8211; Tast de vi a l&#8217;era de Can Calopa i vermut popular</li><li>14h &#8211; Dinar de pagès: arròs de carn o de verdures de temporada i pastís de maduixes</li><li>16h &#8211; Actuació de la clown <strong><a href="https://saraponscompany.com/about-us">Sara Pons</a></strong> amb el seu espectacle &#8220;Win-do-w&#8221;</li></ul><p>Durant tot el dia, hi haurà la barra de La Vinoteca oberta amb vins a copes i unes tapes a la carta. </p><p>I per posar-vos-ho més fàcil, oferim un servei gratuït de bus que sortirà de la plaça de Sarrià a les 9:50 i tornarà de Can Calopa a les 18:10h.</p><p class="small-serif" style="text-align: center;"><strong>Preus </strong><strong><br /></strong>5€ &#8211; menors fins a 12 anys <br />15€ &#8211; joves i adults</p><p>Amb la col·laboració de:<br />Ajuntament de Barcelona, Turisme de Barcelona i el Parc Natural de Collserola</p>								</div>
				</div>
					</div>
		</div>
					</div>
		</section>
				<section class="elementor-section elementor-top-section elementor-element elementor-element-5722630 elementor-section-boxed elementor-section-height-default elementor-section-height-default" data-id="5722630" data-element_type="section">
						<div class="elementor-container elementor-column-gap-default">
					<div class="elementor-column elementor-col-100 elementor-top-column elementor-element elementor-element-d791e73" data-id="d791e73" data-element_type="column">
			<div class="elementor-widget-wrap elementor-element-populated">
						<div class="elementor-element elementor-element-9f06f2f elementor-align-center elementor-widget elementor-widget-button" data-id="9f06f2f" data-element_type="widget" data-widget_type="button.default">
				<div class="elementor-widget-container">
									<div class="elementor-button-wrapper">
					<a class="elementor-button elementor-button-link elementor-size-md" href="https://olivera.org/ca/producte/collserola-floreix/">
						<span class="elementor-button-content-wrapper">
									<span class="elementor-button-text">Reserva online</span>
					</span>
					</a>
				</div>
								</div>
				</div>
					</div>
		</div>
					</div>
		</section>
				<section class="elementor-section elementor-top-section elementor-element elementor-element-42ee0f8 elementor-section-boxed elementor-section-height-default elementor-section-height-default" data-id="42ee0f8" data-element_type="section">
						<div class="elementor-container elementor-column-gap-default">
					<div class="elementor-column elementor-col-100 elementor-top-column elementor-element elementor-element-01b5169" data-id="01b5169" data-element_type="column">
			<div class="elementor-widget-wrap elementor-element-populated">
						<div class="elementor-element elementor-element-1e72f6f elementor-widget elementor-widget-image" data-id="1e72f6f" data-element_type="widget" data-widget_type="image.default">
				<div class="elementor-widget-container">
															<img fetchpriority="high" decoding="async" width="600" height="848" src="https://olivera.org/wp-content/uploads/2023/04/collserolafloreix-5-600x848.jpg" class="attachment-woocommerce_thumbnail size-woocommerce_thumbnail wp-image-21081" alt="" srcset="https://olivera.org/wp-content/uploads/2023/04/collserolafloreix-5-600x848.jpg 600w, https://olivera.org/wp-content/uploads/2023/04/collserolafloreix-5-212x300.jpg 212w, https://olivera.org/wp-content/uploads/2023/04/collserolafloreix-5-724x1024.jpg 724w, https://olivera.org/wp-content/uploads/2023/04/collserolafloreix-5-768x1086.jpg 768w, https://olivera.org/wp-content/uploads/2023/04/collserolafloreix-5-1086x1536.jpg 1086w, https://olivera.org/wp-content/uploads/2023/04/collserolafloreix-5-1449x2048.jpg 1449w, https://olivera.org/wp-content/uploads/2023/04/collserolafloreix-5-scaled.jpg 1811w" sizes="(max-width: 600px) 100vw, 600px" />															</div>
				</div>
					</div>
		</div>
					</div>
		</section>
				</div>

<p>Amb l&#8217;arribada de la primavera recuperem la nostra tradicional festa de la vinya i el vi, dedicant l&#8217;edició d&#8217;enguany a Collserola. Una jornada per compartir i aprendre de la biodiversitat i la tradició agroramadera que encara existeix a la serra de Barcelona. Tallers, tastos, dinar popular, actuació artística, menjar, beure i moltes altres activitats perquè passeu un dia en família mentre coneixeu el projecte d&#8217;agricultura social que impulsem a Can Calopa.  </p>
