{"id":25541,"date":"2024-04-16T14:04:22","date_gmt":"2024-04-16T14:04:22","guid":{"rendered":"https:\/\/olivera.org\/?post_type=olivera_activity&#038;p=25541"},"modified":"2024-05-07T08:20:36","modified_gmt":"2024-05-07T08:20:36","slug":"festa-de-primavera","status":"publish","type":"olivera_activity","link":"https:\/\/olivera.org\/ca\/activitat\/festa-de-primavera\/","title":{"rendered":"Festa de primavera"},"content":{"rendered":"\t\t<div data-elementor-type=\"wp-post\" data-elementor-id=\"25541\" class=\"elementor elementor-25541\" data-elementor-post-type=\"olivera_activity\">\n\t\t\t\t\t\t<section class=\"elementor-section elementor-top-section elementor-element elementor-element-feaad26 elementor-section-boxed elementor-section-height-default elementor-section-height-default\" data-id=\"feaad26\" data-element_type=\"section\">\n\t\t\t\t\t\t<div class=\"elementor-container elementor-column-gap-default\">\n\t\t\t\t\t<div class=\"elementor-column elementor-col-100 elementor-top-column elementor-element elementor-element-a40e7c6\" data-id=\"a40e7c6\" data-element_type=\"column\">\n\t\t\t<div class=\"elementor-widget-wrap elementor-element-populated\">\n\t\t\t\t\t\t<div class=\"elementor-element elementor-element-f426cc8 elementor-widget elementor-widget-text-editor\" data-id=\"f426cc8\" data-element_type=\"widget\" data-widget_type=\"text-editor.default\">\n\t\t\t\t<div class=\"elementor-widget-container\">\n\t\t\t\t\t\t\t\t\t<h2 style=\"text-align: center;\">Jornada festiva amb activitats per a tots els p\u00fablics per acostar-nos <br \/>a la realitat rural i natural de la serra de Barcelona<\/h2>\t\t\t\t\t\t\t\t<\/div>\n\t\t\t\t<\/div>\n\t\t\t\t\t<\/div>\n\t\t<\/div>\n\t\t\t\t\t<\/div>\n\t\t<\/section>\n\t\t\t\t<section class=\"elementor-section elementor-top-section elementor-element elementor-element-0f05590 elementor-section-boxed elementor-section-height-default elementor-section-height-default\" data-id=\"0f05590\" data-element_type=\"section\">\n\t\t\t\t\t\t<div class=\"elementor-container elementor-column-gap-default\">\n\t\t\t\t\t<div class=\"elementor-column elementor-col-100 elementor-top-column elementor-element elementor-element-3530efc\" data-id=\"3530efc\" data-element_type=\"column\">\n\t\t\t<div class=\"elementor-widget-wrap elementor-element-populated\">\n\t\t\t\t\t\t<div class=\"elementor-element elementor-element-2a8ded9 elementor-widget elementor-widget-text-editor\" data-id=\"2a8ded9\" data-element_type=\"widget\" data-widget_type=\"text-editor.default\">\n\t\t\t\t<div class=\"elementor-widget-container\">\n\t\t\t\t\t\t\t\t\t<p>Com cada primavera, obrim les portes de la masia de Can Calopa de Dalt per celebrar la tradicional festa de la vinya i el vi. Enguany, per\u00f2, la dediquem a la serra de Collserola. Volem donar a con\u00e8ixer la realitat que ens rodeja en el nostre dia a dia. Volem que gaudiu de la m\u00e0gia de les muntanyes de Barcelona; que descobriu la biodiversitat que habita en els seus boscos; que tasteu els sabors que neixen dels seus camps; que us divertiu, balleu, mengeu, beveu i, alhora, compartiu l\u2019esperit que impulsa L\u2019Olivera i el nostre projecte d\u2019agricultura social.\u00a0<\/p><p>Per aix\u00f2 hem preparat amb molta cura un programa carregat d\u2019activitats per a tota la fam\u00edlia: tallers per a petits i grans, vermut popular, un dinar cuinat per l\u2019equip de La Vinoteca de Can Calopa, una actuaci\u00f3 en viu i una barra oberta perqu\u00e8 tasteu tots els nostres vins i olis:<\/p><ul><li>10:30 &#8211; 11:00 Arribada i rebuda<\/li><li>11:00 &#8211; 11:15 Presentaci\u00f3 de la jornada<\/li><li>11:30 &#8211; 13:00 Activitats rotatives repartides per la finca relacionades amb fauna i flora<\/li><li>13:00 &#8211; 14:00 Vermut musical<\/li><li>14:00 &#8211; 16:00 Dinar (Amanida, arr\u00f2s, postres, aigua i pa)<\/li><li>16:15 &#8211; 17:30 Espectacle de clown amb DUDU<\/li><\/ul><p>Durant tot el dia, hi haur\u00e0 la barra de La Vinoteca oberta amb vins a copes i unes tapes a la carta.\u00a0<\/p><p style=\"text-align: center;\"><strong>Preus:<br \/><\/strong>32 \u20ac &#8211; Adults<br \/>18\u20ac &#8211; de 3 a 17 anys<\/p>\t\t\t\t\t\t\t\t<\/div>\n\t\t\t\t<\/div>\n\t\t\t\t\t<\/div>\n\t\t<\/div>\n\t\t\t\t\t<\/div>\n\t\t<\/section>\n\t\t\t\t<section class=\"elementor-section elementor-top-section elementor-element elementor-element-2f01b99 elementor-section-boxed elementor-section-height-default elementor-section-height-default\" data-id=\"2f01b99\" data-element_type=\"section\">\n\t\t\t\t\t\t<div class=\"elementor-container elementor-column-gap-default\">\n\t\t\t\t\t<div class=\"elementor-column elementor-col-100 elementor-top-column elementor-element elementor-element-fc7bd1f\" data-id=\"fc7bd1f\" data-element_type=\"column\">\n\t\t\t<div class=\"elementor-widget-wrap elementor-element-populated\">\n\t\t\t\t\t\t<div class=\"elementor-element elementor-element-807cf70 elementor-align-center elementor-widget elementor-widget-button\" data-id=\"807cf70\" data-element_type=\"widget\" data-widget_type=\"button.default\">\n\t\t\t\t<div class=\"elementor-widget-container\">\n\t\t\t\t\t\t\t\t\t<div class=\"elementor-button-wrapper\">\n\t\t\t\t\t<a class=\"elementor-button elementor-button-link elementor-size-sm\" href=\"https:\/\/olivera.org\/ca\/producte\/festa-de-primavera\/\">\n\t\t\t\t\t\t<span class=\"elementor-button-content-wrapper\">\n\t\t\t\t\t\t\t\t\t<span class=\"elementor-button-text\">Reserva online<\/span>\n\t\t\t\t\t<\/span>\n\t\t\t\t\t<\/a>\n\t\t\t\t<\/div>\n\t\t\t\t\t\t\t\t<\/div>\n\t\t\t\t<\/div>\n\t\t\t\t\t<\/div>\n\t\t<\/div>\n\t\t\t\t\t<\/div>\n\t\t<\/section>\n\t\t\t\t<\/div>\n\t\t","protected":false},"excerpt":{"rendered":"<p>Obrim les portes de la masia Can Calopa de Dalt per celebrar la primavera amb la tradicional festa de la vinya i el vi. Una festa dedicada a la serra de Collserola i a con\u00e8ixer la realitat que ens rodeja en el nostre dia a dia. Volem que gaudiu de la m\u00e0gia de les muntanyes de Barcelona; que descobriu la biodiversitat que habita en els seus boscos; que tasteu els sabors que neixen dels seus camps; que us divertiu, balleu, mengeu, tasteu i, alhora, compartiu l&#8217;esperit que impulsa L&#8217;Olivera i el nostre projecte d&#8217;agricultura social.<\/p>\n","protected":false},"featured_media":25965,"template":"","class_list":["post-25541","olivera_activity","type-olivera_activity","status-publish","has-post-thumbnail","hentry"],"acf":[],"jetpack_sharing_enabled":true,"_links":{"self":[{"href":"https:\/\/olivera.org\/ca\/wp-json\/wp\/v2\/olivera_activity\/25541","targetHints":{"allow":["GET"]}}],"collection":[{"href":"https:\/\/olivera.org\/ca\/wp-json\/wp\/v2\/olivera_activity"}],"about":[{"href":"https:\/\/olivera.org\/ca\/wp-json\/wp\/v2\/types\/olivera_activity"}],"version-history":[{"count":0,"href":"https:\/\/olivera.org\/ca\/wp-json\/wp\/v2\/olivera_activity\/25541\/revisions"}],"wp:featuredmedia":[{"embeddable":true,"href":"https:\/\/olivera.org\/ca\/wp-json\/wp\/v2\/media\/25965"}],"wp:attachment":[{"href":"https:\/\/olivera.org\/ca\/wp-json\/wp\/v2\/media?parent=25541"}],"curies":[{"name":"wp","href":"https:\/\/api.w.org\/{rel}","templated":true}]}}

<div data-elementor-type="wp-post" data-elementor-id="25541" class="elementor elementor-25541" data-elementor-post-type="olivera_activity">
						<section class="elementor-section elementor-top-section elementor-element elementor-element-feaad26 elementor-section-boxed elementor-section-height-default elementor-section-height-default" data-id="feaad26" data-element_type="section">
						<div class="elementor-container elementor-column-gap-default">
					<div class="elementor-column elementor-col-100 elementor-top-column elementor-element elementor-element-a40e7c6" data-id="a40e7c6" data-element_type="column">
			<div class="elementor-widget-wrap elementor-element-populated">
						<div class="elementor-element elementor-element-f426cc8 elementor-widget elementor-widget-text-editor" data-id="f426cc8" data-element_type="widget" data-widget_type="text-editor.default">
				<div class="elementor-widget-container">
									<h2 style="text-align: center;">Jornada festiva amb activitats per a tots els públics per acostar-nos <br />a la realitat rural i natural de la serra de Barcelona</h2>								</div>
				</div>
					</div>
		</div>
					</div>
		</section>
				<section class="elementor-section elementor-top-section elementor-element elementor-element-0f05590 elementor-section-boxed elementor-section-height-default elementor-section-height-default" data-id="0f05590" data-element_type="section">
						<div class="elementor-container elementor-column-gap-default">
					<div class="elementor-column elementor-col-100 elementor-top-column elementor-element elementor-element-3530efc" data-id="3530efc" data-element_type="column">
			<div class="elementor-widget-wrap elementor-element-populated">
						<div class="elementor-element elementor-element-2a8ded9 elementor-widget elementor-widget-text-editor" data-id="2a8ded9" data-element_type="widget" data-widget_type="text-editor.default">
				<div class="elementor-widget-container">
									<p>Com cada primavera, obrim les portes de la masia de Can Calopa de Dalt per celebrar la tradicional festa de la vinya i el vi. Enguany, però, la dediquem a la serra de Collserola. Volem donar a conèixer la realitat que ens rodeja en el nostre dia a dia. Volem que gaudiu de la màgia de les muntanyes de Barcelona; que descobriu la biodiversitat que habita en els seus boscos; que tasteu els sabors que neixen dels seus camps; que us divertiu, balleu, mengeu, beveu i, alhora, compartiu l’esperit que impulsa L’Olivera i el nostre projecte d’agricultura social. </p><p>Per això hem preparat amb molta cura un programa carregat d’activitats per a tota la família: tallers per a petits i grans, vermut popular, un dinar cuinat per l’equip de La Vinoteca de Can Calopa, una actuació en viu i una barra oberta perquè tasteu tots els nostres vins i olis:</p><ul><li>10:30 &#8211; 11:00 Arribada i rebuda</li><li>11:00 &#8211; 11:15 Presentació de la jornada</li><li>11:30 &#8211; 13:00 Activitats rotatives repartides per la finca relacionades amb fauna i flora</li><li>13:00 &#8211; 14:00 Vermut musical</li><li>14:00 &#8211; 16:00 Dinar (Amanida, arròs, postres, aigua i pa)</li><li>16:15 &#8211; 17:30 Espectacle de clown amb DUDU</li></ul><p>Durant tot el dia, hi haurà la barra de La Vinoteca oberta amb vins a copes i unes tapes a la carta. </p><p style="text-align: center;"><strong>Preus:<br /></strong>32 € &#8211; Adults<br />18€ &#8211; de 3 a 17 anys</p>								</div>
				</div>
					</div>
		</div>
					</div>
		</section>
				<section class="elementor-section elementor-top-section elementor-element elementor-element-2f01b99 elementor-section-boxed elementor-section-height-default elementor-section-height-default" data-id="2f01b99" data-element_type="section">
						<div class="elementor-container elementor-column-gap-default">
					<div class="elementor-column elementor-col-100 elementor-top-column elementor-element elementor-element-fc7bd1f" data-id="fc7bd1f" data-element_type="column">
			<div class="elementor-widget-wrap elementor-element-populated">
						<div class="elementor-element elementor-element-807cf70 elementor-align-center elementor-widget elementor-widget-button" data-id="807cf70" data-element_type="widget" data-widget_type="button.default">
				<div class="elementor-widget-container">
									<div class="elementor-button-wrapper">
					<a class="elementor-button elementor-button-link elementor-size-sm" href="https://olivera.org/ca/producte/festa-de-primavera/">
						<span class="elementor-button-content-wrapper">
									<span class="elementor-button-text">Reserva online</span>
					</span>
					</a>
				</div>
								</div>
				</div>
					</div>
		</div>
					</div>
		</section>
				</div>

<p>Obrim les portes de la masia Can Calopa de Dalt per celebrar la primavera amb la tradicional festa de la vinya i el vi. Una festa dedicada a la serra de Collserola i a conèixer la realitat que ens rodeja en el nostre dia a dia. Volem que gaudiu de la màgia de les muntanyes de Barcelona; que descobriu la biodiversitat que habita en els seus boscos; que tasteu els sabors que neixen dels seus camps; que us divertiu, balleu, mengeu, tasteu i, alhora, compartiu l&#8217;esperit que impulsa L&#8217;Olivera i el nostre projecte d&#8217;agricultura social.</p>
