{"id":2802,"date":"2021-01-15T15:14:43","date_gmt":"2021-01-15T15:14:43","guid":{"rendered":"https:\/\/olivera.org\/?post_type=olivera_activity&#038;p=2802"},"modified":"2021-08-03T09:09:43","modified_gmt":"2021-08-03T09:09:43","slug":"sopar-maridatge-a-la-vinoteca","status":"publish","type":"olivera_activity","link":"https:\/\/olivera.org\/ca\/activitat\/sopar-maridatge-a-la-vinoteca\/","title":{"rendered":"Men\u00fa maridatge a La Vinoteca"},"content":{"rendered":"\t\t<div data-elementor-type=\"wp-post\" data-elementor-id=\"2802\" class=\"elementor elementor-2802\" data-elementor-post-type=\"olivera_activity\">\n\t\t\t\t\t\t<section class=\"elementor-section elementor-top-section elementor-element elementor-element-dcb8c30 elementor-section-boxed elementor-section-height-default elementor-section-height-default\" data-id=\"dcb8c30\" data-element_type=\"section\">\n\t\t\t\t\t\t<div class=\"elementor-container elementor-column-gap-default\">\n\t\t\t\t\t<div class=\"elementor-column elementor-col-100 elementor-top-column elementor-element elementor-element-e895785\" data-id=\"e895785\" data-element_type=\"column\">\n\t\t\t<div class=\"elementor-widget-wrap elementor-element-populated\">\n\t\t\t\t\t\t<div class=\"elementor-element elementor-element-6ba442b elementor-widget elementor-widget-text-editor\" data-id=\"6ba442b\" data-element_type=\"widget\" data-widget_type=\"text-editor.default\">\n\t\t\t\t<div class=\"elementor-widget-container\">\n\t\t\t\t\t\t\t\t\t<p class=\"big-serif\" style=\"text-align: left;\">Quatre vins, quatre tapes. Quatre aromes, quatre sabors. <br \/>Una experi\u00e8ncia per jugar amb els sentits.<\/p><p>El men\u00fa maridatge \u00e9s una oportunitat per tastar el vins que elabora L\u2019Olivera acompanyant l\u2019oferta gastron\u00f2mica de La Vinoteca, elaborada amb productes de productors locals amb qui compartim visions i passions. Una experi\u00e8ncia pensada per compartir, sense presses, moments i sabors, estones i aromes.<\/p><p class=\"label-sans-serif\">Horari:<\/p><p class=\"small-sans-serif small-serif\">Primavera-estiu: dijous, divendres i dissabtes de 19h a 23h<br \/>Tardor- hivern: divendres i dissabtes de 19h a 23h<br \/><span style=\"font-family: Pradell, serif; font-size: 16px;\">* Aquesta activitat tamb\u00e9 es susceptible d&#8217;oferir-se en horari de migdia, de 13h a 16h. Cal indicar-ho en el moment de fer la reserva.<\/span><\/p><p class=\"small-sans-serif label-sans-serif\">Reserves:<\/p><p class=\"small-sans-serif\">V\u00e0lid per a dues persones. La seva validesa expira 1 any despr\u00e9s de l&#8217;adquisici\u00f3 d&#8217;aquest xec regal.<br \/>Cal reserva pr\u00e8via al tel\u00e8fon 646 619 188 o al correu electr\u00f2nic <a href=\"mailto:lavinoteca@olivera.org\">lavinoteca@olivera.org<\/a>.<\/p>\t\t\t\t\t\t\t\t<\/div>\n\t\t\t\t<\/div>\n\t\t\t\t\t<\/div>\n\t\t<\/div>\n\t\t\t\t\t<\/div>\n\t\t<\/section>\n\t\t\t\t<section class=\"elementor-section elementor-top-section elementor-element elementor-element-21591cb elementor-section-boxed elementor-section-height-default elementor-section-height-default\" data-id=\"21591cb\" data-element_type=\"section\">\n\t\t\t\t\t\t<div class=\"elementor-container elementor-column-gap-default\">\n\t\t\t\t\t<div class=\"elementor-column elementor-col-100 elementor-top-column elementor-element elementor-element-edb9eb9\" data-id=\"edb9eb9\" data-element_type=\"column\">\n\t\t\t<div class=\"elementor-widget-wrap elementor-element-populated\">\n\t\t\t\t\t\t<div class=\"elementor-element elementor-element-c46d1a1 elementor-align-center elementor-widget elementor-widget-button\" data-id=\"c46d1a1\" data-element_type=\"widget\" data-widget_type=\"button.default\">\n\t\t\t\t<div class=\"elementor-widget-container\">\n\t\t\t\t\t\t\t\t\t<div class=\"elementor-button-wrapper\">\n\t\t\t\t\t<a class=\"elementor-button elementor-button-link elementor-size-sm\" href=\"https:\/\/olivera.org\/ca\/producte\/sopar-maridatge-a-la-vinoteca\/\">\n\t\t\t\t\t\t<span class=\"elementor-button-content-wrapper\">\n\t\t\t\t\t\t\t\t\t<span class=\"elementor-button-text\">Reserva<\/span>\n\t\t\t\t\t<\/span>\n\t\t\t\t\t<\/a>\n\t\t\t\t<\/div>\n\t\t\t\t\t\t\t\t<\/div>\n\t\t\t\t<\/div>\n\t\t\t\t\t<\/div>\n\t\t<\/div>\n\t\t\t\t\t<\/div>\n\t\t<\/section>\n\t\t\t\t<\/div>\n\t\t","protected":false},"excerpt":{"rendered":"<p>Men\u00fa de tapes amb un vi pensat per a cada tapa, una experi\u00e8ncia que desperta els sentits i que permet descobrir l\u2019univers de sabors i aromes que es combinen en cada mossegada. Una manera especial de descobrir els vins de L\u2019Olivera.<\/p>\n","protected":false},"featured_media":3883,"template":"","class_list":["post-2802","olivera_activity","type-olivera_activity","status-publish","has-post-thumbnail","hentry"],"acf":[],"jetpack_sharing_enabled":true,"_links":{"self":[{"href":"https:\/\/olivera.org\/ca\/wp-json\/wp\/v2\/olivera_activity\/2802","targetHints":{"allow":["GET"]}}],"collection":[{"href":"https:\/\/olivera.org\/ca\/wp-json\/wp\/v2\/olivera_activity"}],"about":[{"href":"https:\/\/olivera.org\/ca\/wp-json\/wp\/v2\/types\/olivera_activity"}],"version-history":[{"count":0,"href":"https:\/\/olivera.org\/ca\/wp-json\/wp\/v2\/olivera_activity\/2802\/revisions"}],"wp:featuredmedia":[{"embeddable":true,"href":"https:\/\/olivera.org\/ca\/wp-json\/wp\/v2\/media\/3883"}],"wp:attachment":[{"href":"https:\/\/olivera.org\/ca\/wp-json\/wp\/v2\/media?parent=2802"}],"curies":[{"name":"wp","href":"https:\/\/api.w.org\/{rel}","templated":true}]}}

Menú maridatge a La Vinoteca

<div data-elementor-type="wp-post" data-elementor-id="2802" class="elementor elementor-2802" data-elementor-post-type="olivera_activity">
						<section class="elementor-section elementor-top-section elementor-element elementor-element-dcb8c30 elementor-section-boxed elementor-section-height-default elementor-section-height-default" data-id="dcb8c30" data-element_type="section">
						<div class="elementor-container elementor-column-gap-default">
					<div class="elementor-column elementor-col-100 elementor-top-column elementor-element elementor-element-e895785" data-id="e895785" data-element_type="column">
			<div class="elementor-widget-wrap elementor-element-populated">
						<div class="elementor-element elementor-element-6ba442b elementor-widget elementor-widget-text-editor" data-id="6ba442b" data-element_type="widget" data-widget_type="text-editor.default">
				<div class="elementor-widget-container">
									<p class="big-serif" style="text-align: left;">Quatre vins, quatre tapes. Quatre aromes, quatre sabors. <br />Una experiència per jugar amb els sentits.</p><p>El menú maridatge és una oportunitat per tastar el vins que elabora L’Olivera acompanyant l’oferta gastronòmica de La Vinoteca, elaborada amb productes de productors locals amb qui compartim visions i passions. Una experiència pensada per compartir, sense presses, moments i sabors, estones i aromes.</p><p class="label-sans-serif">Horari:</p><p class="small-sans-serif small-serif">Primavera-estiu: dijous, divendres i dissabtes de 19h a 23h<br />Tardor- hivern: divendres i dissabtes de 19h a 23h<br /><span style="font-family: Pradell, serif; font-size: 16px;">* Aquesta activitat també es susceptible d&#8217;oferir-se en horari de migdia, de 13h a 16h. Cal indicar-ho en el moment de fer la reserva.</span></p><p class="small-sans-serif label-sans-serif">Reserves:</p><p class="small-sans-serif">Vàlid per a dues persones. La seva validesa expira 1 any després de l&#8217;adquisició d&#8217;aquest xec regal.<br />Cal reserva prèvia al telèfon 646 619 188 o al correu electrònic <a href="mailto:lavinoteca@olivera.org">lavinoteca@olivera.org</a>.</p>								</div>
				</div>
					</div>
		</div>
					</div>
		</section>
				<section class="elementor-section elementor-top-section elementor-element elementor-element-21591cb elementor-section-boxed elementor-section-height-default elementor-section-height-default" data-id="21591cb" data-element_type="section">
						<div class="elementor-container elementor-column-gap-default">
					<div class="elementor-column elementor-col-100 elementor-top-column elementor-element elementor-element-edb9eb9" data-id="edb9eb9" data-element_type="column">
			<div class="elementor-widget-wrap elementor-element-populated">
						<div class="elementor-element elementor-element-c46d1a1 elementor-align-center elementor-widget elementor-widget-button" data-id="c46d1a1" data-element_type="widget" data-widget_type="button.default">
				<div class="elementor-widget-container">
									<div class="elementor-button-wrapper">
					<a class="elementor-button elementor-button-link elementor-size-sm" href="https://olivera.org/ca/producte/sopar-maridatge-a-la-vinoteca/">
						<span class="elementor-button-content-wrapper">
									<span class="elementor-button-text">Reserva</span>
					</span>
					</a>
				</div>
								</div>
				</div>
					</div>
		</div>
					</div>
		</section>
				</div>

<p>Menú de tapes amb un vi pensat per a cada tapa, una experiència que desperta els sentits i que permet descobrir l’univers de sabors i aromes que es combinen en cada mossegada. Una manera especial de descobrir els vins de L’Olivera.</p>
