{"id":2962,"date":"2021-01-20T16:31:32","date_gmt":"2021-01-20T16:31:32","guid":{"rendered":"https:\/\/olivera.org\/?post_type=olivera_activity&#038;p=2962"},"modified":"2025-08-25T10:55:18","modified_gmt":"2025-08-25T10:55:18","slug":"visita-de-veremador","status":"publish","type":"olivera_activity","link":"https:\/\/olivera.org\/ca\/activitat\/visita-de-veremador\/","title":{"rendered":"Visita de veremador"},"content":{"rendered":"\t\t<div data-elementor-type=\"wp-post\" data-elementor-id=\"2962\" class=\"elementor elementor-2962\" data-elementor-post-type=\"olivera_activity\">\n\t\t\t\t\t\t<section class=\"elementor-section elementor-top-section elementor-element elementor-element-d3c1cc2 elementor-section-boxed elementor-section-height-default elementor-section-height-default\" data-id=\"d3c1cc2\" data-element_type=\"section\">\n\t\t\t\t\t\t<div class=\"elementor-container elementor-column-gap-default\">\n\t\t\t\t\t<div class=\"elementor-column elementor-col-100 elementor-top-column elementor-element elementor-element-1e1dd53\" data-id=\"1e1dd53\" data-element_type=\"column\">\n\t\t\t<div class=\"elementor-widget-wrap elementor-element-populated\">\n\t\t\t\t\t\t<div class=\"elementor-element elementor-element-8f7db08 elementor-widget elementor-widget-text-editor\" data-id=\"8f7db08\" data-element_type=\"widget\" data-widget_type=\"text-editor.default\">\n\t\t\t\t<div class=\"elementor-widget-container\">\n\t\t\t\t\t\t\t\t\t<p class=\"big-serif\" style=\"text-align: center;\">La verema, des de dins<\/p><p>Durant els mesos de verema, obrim les portes del celler per experimentar en primera persona l\u2019activitat intensa que s\u2019hi viu. La visita arrenca en una de les finques de L\u2019Olivera per veure les tasques del camp i participar en la collita manual juntament amb la resta de l\u2019equip. Despr\u00e9s, portarem el ra\u00efm a la premsa del celler i en tastarem el most. Per reprendre forces, farem un esmorzar de veremador i visitarem el celler per tal de con\u00e8ixer en viu tot el proc\u00e9s d\u2019elaboraci\u00f3 del vi. Per acabar, tastarem tres vins i l\u2019oli de L\u2019Olivera.<\/p><p><span style=\"font-family: Inter, sans-serif; font-size: 14px;\">Horari<br \/><\/span><span style=\"font-family: Inter, sans-serif;\"><span style=\"font-size: 18px;\">La visita s&#8217;ofereix dissabtes de verema a les 10.30h.<br \/><\/span><\/span><span style=\"font-family: Inter, sans-serif;\"><span style=\"font-size: 18px;\"><br \/><\/span><span style=\"font-size: 14px;\">Condicions<br \/><\/span><\/span><span style=\"font-family: Inter, sans-serif; font-size: 18px;\">Es requereix un m\u00ednim de 2 persones.<br \/><\/span><span style=\"font-family: Inter, sans-serif; font-size: 18px;\">Cal reservar pr\u00e8viament.<br \/><\/span><span style=\"font-family: Inter, sans-serif;\"><span style=\"font-size: 18px;\">Aquesta experi\u00e8ncia es fa a l&#8217;aire lliure. La seva realitzaci\u00f3 est\u00e0 subjecta a les condicions meteorol\u00f2giques. Nom\u00e9s disponible durant els mesos de verema (setembre-octubre).<br \/><\/span><\/span><span style=\"font-family: Inter, sans-serif;\"><span style=\"font-size: 18px;\"><br \/><\/span><span style=\"font-size: 14px;\">Preus especials<br \/><\/span><\/span><span style=\"font-family: Inter, sans-serif; font-size: 18px;\">Adults: 25\u20ac\/persona | Infants: 10\u20ac\/persona (menors d&#8217;11 anys)<\/span><\/p><p class=\"small-sans-serif\"><span style=\"font-size: 14px;\">M\u00e9s informaci\u00f3 i reserves<br \/><\/span>A trav\u00e9s del correu electr\u00f2nic a <a href=\"mailto:visites@olivera.org\"><strong>visites@olivera.org<\/strong><\/a> o per tel\u00e8fon al 618 304 483<\/p>\t\t\t\t\t\t\t\t<\/div>\n\t\t\t\t<\/div>\n\t\t\t\t\t<\/div>\n\t\t<\/div>\n\t\t\t\t\t<\/div>\n\t\t<\/section>\n\t\t\t\t<section class=\"elementor-section elementor-top-section elementor-element elementor-element-f944164 elementor-section-boxed elementor-section-height-default elementor-section-height-default\" data-id=\"f944164\" data-element_type=\"section\">\n\t\t\t\t\t\t<div class=\"elementor-container elementor-column-gap-default\">\n\t\t\t\t\t<div class=\"elementor-column elementor-col-100 elementor-top-column elementor-element elementor-element-cdfb877\" data-id=\"cdfb877\" data-element_type=\"column\">\n\t\t\t<div class=\"elementor-widget-wrap elementor-element-populated\">\n\t\t\t\t\t\t<div class=\"elementor-element elementor-element-d1402bc elementor-align-center elementor-widget elementor-widget-button\" data-id=\"d1402bc\" data-element_type=\"widget\" data-widget_type=\"button.default\">\n\t\t\t\t<div class=\"elementor-widget-container\">\n\t\t\t\t\t\t\t\t\t<div class=\"elementor-button-wrapper\">\n\t\t\t\t\t<a class=\"elementor-button elementor-button-link elementor-size-sm\" href=\"mailto:visites@olivera.org\" target=\"_blank\">\n\t\t\t\t\t\t<span class=\"elementor-button-content-wrapper\">\n\t\t\t\t\t\t\t\t\t<span class=\"elementor-button-text\">Reserva<\/span>\n\t\t\t\t\t<\/span>\n\t\t\t\t\t<\/a>\n\t\t\t\t<\/div>\n\t\t\t\t\t\t\t\t<\/div>\n\t\t\t\t<\/div>\n\t\t\t\t\t<\/div>\n\t\t<\/div>\n\t\t\t\t\t<\/div>\n\t\t<\/section>\n\t\t\t\t<\/div>\n\t\t","protected":false},"excerpt":{"rendered":"<p>La verema \u00e9s l\u2019\u00e8poca m\u00e9s especial de l\u2019any i volem compartir-la. Per aix\u00f2, durant els mesos de verema (setembre-octubre) oferim la possibilitat d\u2019experimentar, en primera persona, l\u2019activitat intensa que s\u2019hi viu i convertir-vos en veremadors i veremadores per un dia.<\/p>\n","protected":false},"featured_media":8327,"template":"","class_list":["post-2962","olivera_activity","type-olivera_activity","status-publish","has-post-thumbnail","hentry"],"acf":[],"jetpack_sharing_enabled":true,"_links":{"self":[{"href":"https:\/\/olivera.org\/ca\/wp-json\/wp\/v2\/olivera_activity\/2962","targetHints":{"allow":["GET"]}}],"collection":[{"href":"https:\/\/olivera.org\/ca\/wp-json\/wp\/v2\/olivera_activity"}],"about":[{"href":"https:\/\/olivera.org\/ca\/wp-json\/wp\/v2\/types\/olivera_activity"}],"version-history":[{"count":6,"href":"https:\/\/olivera.org\/ca\/wp-json\/wp\/v2\/olivera_activity\/2962\/revisions"}],"predecessor-version":[{"id":32227,"href":"https:\/\/olivera.org\/ca\/wp-json\/wp\/v2\/olivera_activity\/2962\/revisions\/32227"}],"wp:featuredmedia":[{"embeddable":true,"href":"https:\/\/olivera.org\/ca\/wp-json\/wp\/v2\/media\/8327"}],"wp:attachment":[{"href":"https:\/\/olivera.org\/ca\/wp-json\/wp\/v2\/media?parent=2962"}],"curies":[{"name":"wp","href":"https:\/\/api.w.org\/{rel}","templated":true}]}}

<div data-elementor-type="wp-post" data-elementor-id="2962" class="elementor elementor-2962" data-elementor-post-type="olivera_activity">
						<section class="elementor-section elementor-top-section elementor-element elementor-element-d3c1cc2 elementor-section-boxed elementor-section-height-default elementor-section-height-default" data-id="d3c1cc2" data-element_type="section">
						<div class="elementor-container elementor-column-gap-default">
					<div class="elementor-column elementor-col-100 elementor-top-column elementor-element elementor-element-1e1dd53" data-id="1e1dd53" data-element_type="column">
			<div class="elementor-widget-wrap elementor-element-populated">
						<div class="elementor-element elementor-element-8f7db08 elementor-widget elementor-widget-text-editor" data-id="8f7db08" data-element_type="widget" data-widget_type="text-editor.default">
				<div class="elementor-widget-container">
									<p class="big-serif" style="text-align: center;">La verema, des de dins</p><p>Durant els mesos de verema, obrim les portes del celler per experimentar en primera persona l’activitat intensa que s’hi viu. La visita arrenca en una de les finques de L’Olivera per veure les tasques del camp i participar en la collita manual juntament amb la resta de l’equip. Després, portarem el raïm a la premsa del celler i en tastarem el most. Per reprendre forces, farem un esmorzar de veremador i visitarem el celler per tal de conèixer en viu tot el procés d’elaboració del vi. Per acabar, tastarem tres vins i l’oli de L’Olivera.</p><p><span style="font-family: Inter, sans-serif; font-size: 14px;">Horari<br /></span><span style="font-family: Inter, sans-serif;"><span style="font-size: 18px;">La visita s&#8217;ofereix dissabtes de verema a les 10.30h.<br /></span></span><span style="font-family: Inter, sans-serif;"><span style="font-size: 18px;"><br /></span><span style="font-size: 14px;">Condicions<br /></span></span><span style="font-family: Inter, sans-serif; font-size: 18px;">Es requereix un mínim de 2 persones.<br /></span><span style="font-family: Inter, sans-serif; font-size: 18px;">Cal reservar prèviament.<br /></span><span style="font-family: Inter, sans-serif;"><span style="font-size: 18px;">Aquesta experiència es fa a l&#8217;aire lliure. La seva realització està subjecta a les condicions meteorològiques. Només disponible durant els mesos de verema (setembre-octubre).<br /></span></span><span style="font-family: Inter, sans-serif;"><span style="font-size: 18px;"><br /></span><span style="font-size: 14px;">Preus especials<br /></span></span><span style="font-family: Inter, sans-serif; font-size: 18px;">Adults: 25€/persona | Infants: 10€/persona (menors d&#8217;11 anys)</span></p><p class="small-sans-serif"><span style="font-size: 14px;">Més informació i reserves<br /></span>A través del correu electrònic a <a href="mailto:visites@olivera.org"><strong>visites@olivera.org</strong></a> o per telèfon al 618 304 483</p>								</div>
				</div>
					</div>
		</div>
					</div>
		</section>
				<section class="elementor-section elementor-top-section elementor-element elementor-element-f944164 elementor-section-boxed elementor-section-height-default elementor-section-height-default" data-id="f944164" data-element_type="section">
						<div class="elementor-container elementor-column-gap-default">
					<div class="elementor-column elementor-col-100 elementor-top-column elementor-element elementor-element-cdfb877" data-id="cdfb877" data-element_type="column">
			<div class="elementor-widget-wrap elementor-element-populated">
						<div class="elementor-element elementor-element-d1402bc elementor-align-center elementor-widget elementor-widget-button" data-id="d1402bc" data-element_type="widget" data-widget_type="button.default">
				<div class="elementor-widget-container">
									<div class="elementor-button-wrapper">
					<a class="elementor-button elementor-button-link elementor-size-sm" href="mailto:visites@olivera.org" target="_blank">
						<span class="elementor-button-content-wrapper">
									<span class="elementor-button-text">Reserva</span>
					</span>
					</a>
				</div>
								</div>
				</div>
					</div>
		</div>
					</div>
		</section>
				</div>

<p>La verema és l’època més especial de l’any i volem compartir-la. Per això, durant els mesos de verema (setembre-octubre) oferim la possibilitat d’experimentar, en primera persona, l’activitat intensa que s’hi viu i convertir-vos en veremadors i veremadores per un dia.</p>
