{"id":2983,"date":"2021-01-20T17:56:32","date_gmt":"2021-01-20T17:56:32","guid":{"rendered":"https:\/\/olivera.org\/?post_type=olivera_activity&#038;p=2983"},"modified":"2026-04-07T10:50:05","modified_gmt":"2026-04-07T10:50:05","slug":"tasta-can-calopa","status":"publish","type":"olivera_activity","link":"https:\/\/olivera.org\/ca\/activitat\/tasta-can-calopa\/","title":{"rendered":"Tasta Can Calopa"},"content":{"rendered":"\t\t<div data-elementor-type=\"wp-post\" data-elementor-id=\"2983\" class=\"elementor elementor-2983\" data-elementor-post-type=\"olivera_activity\">\n\t\t\t\t\t\t<section class=\"elementor-section elementor-top-section elementor-element elementor-element-bc119a9 elementor-section-boxed elementor-section-height-default elementor-section-height-default\" data-id=\"bc119a9\" data-element_type=\"section\">\n\t\t\t\t\t\t<div class=\"elementor-container elementor-column-gap-default\">\n\t\t\t\t\t<div class=\"elementor-column elementor-col-100 elementor-top-column elementor-element elementor-element-a1ef402\" data-id=\"a1ef402\" data-element_type=\"column\">\n\t\t\t<div class=\"elementor-widget-wrap elementor-element-populated\">\n\t\t\t\t\t\t<div class=\"elementor-element elementor-element-1c1233e elementor-widget elementor-widget-text-editor\" data-id=\"1c1233e\" data-element_type=\"widget\" data-widget_type=\"text-editor.default\">\n\t\t\t\t<div class=\"elementor-widget-container\">\n\t\t\t\t\t\t\t\t\t<p style=\"text-align: center;\">Descobreix el celler on neix l&#8217;\u00fanic vi elaborat a Barcelona<\/p><p>A Barcelona encara hi ha vinya i volem que la visitis per con\u00e8ixer la llarga tradici\u00f3 vin\u00edcola de la ciutat i la serra de Collserola. Et convidem a passejar per la finca municipal d&#8217;on surten uns vins i olis singulars i, alhora, obrir-te les portes del projecte d&#8217;agricultura social que hi impulsem des de L&#8217;Olivera.<\/p><p>Hi descobrir\u00e0s el patrimoni rural d&#8217;una masia centen\u00e0ria del segle XVI i el dia a dia d&#8217;un celler com n&#8217;hi ha pocs. Per acabar la visita tastar\u00e0s els vins i olis que neixen de Can Calopa ja sigui a la cuina antiga de la masia o, si fa bon temps, a la terrassa-mirador amb vistes al Tibidabo.<\/p><p><strong>Horaris<br \/><\/strong>La visita s\u2019ofereix de dijous a diumenge a les 10 h, a les 12:30 h. Durant la temporada d&#8217;estiu es podran fer en dos torns: de\u00a0<span id=\"OBJ_PREFIX_DWT330_com_zimbra_date\" class=\"Object\" role=\"link\"><span id=\"OBJ_PREFIX_DWT357_com_zimbra_date\" class=\"Object\" role=\"link\">dijous<\/span><\/span>\u00a0a\u00a0<span id=\"OBJ_PREFIX_DWT331_com_zimbra_date\" class=\"Object\" role=\"link\"><span id=\"OBJ_PREFIX_DWT358_com_zimbra_date\" class=\"Object\" role=\"link\">dissabte<\/span><\/span>, a les 18 h i a les 19:30 h.<strong><br \/><\/strong><\/p><p><strong>Condicions<\/strong><br \/>La visita es far\u00e0 per a un m\u00ednim de 2 persones. \u00c9s necessari reservar pr\u00e8viament.<\/p><p>S&#8217;hi inclou el tast de tres vins i un oli.<\/p><p>Per a grups de m\u00e9s de 25 persones, escriviu a esdeveniments@olivera.org.<\/p><p><strong>Preus especials<br \/><\/strong>Adults: 24,50\u20ac\/persona | Infants: 13,50\u20ac\/persona (6 a 17 anys). Menors de 5 anys, gratu\u00eft.<\/p><p><strong>Reserves<\/strong><span style=\"font-size: 14px;\"><br \/><\/span>A trav\u00e9s del correu electr\u00f2nic a <strong>visitescancalopa@olivera.org<\/strong>. Tens dubtes? Truca&#8217;ns a 646 619 188.<\/p>\t\t\t\t\t\t\t\t<\/div>\n\t\t\t\t<\/div>\n\t\t\t\t<div class=\"elementor-element elementor-element-c50460b elementor-align-center elementor-widget__width-auto elementor-widget elementor-widget-button\" data-id=\"c50460b\" data-element_type=\"widget\" data-widget_type=\"button.default\">\n\t\t\t\t<div class=\"elementor-widget-container\">\n\t\t\t\t\t\t\t\t\t<div class=\"elementor-button-wrapper\">\n\t\t\t\t\t<a class=\"elementor-button elementor-button-link elementor-size-sm\" href=\"mailto:visitescancalopa@olivera.org\" target=\"_blank\">\n\t\t\t\t\t\t<span class=\"elementor-button-content-wrapper\">\n\t\t\t\t\t\t\t\t\t<span class=\"elementor-button-text\">Reserva<\/span>\n\t\t\t\t\t<\/span>\n\t\t\t\t\t<\/a>\n\t\t\t\t<\/div>\n\t\t\t\t\t\t\t\t<\/div>\n\t\t\t\t<\/div>\n\t\t\t\t<div class=\"elementor-element elementor-element-334cf06 elementor-align-center elementor-widget__width-auto elementor-widget elementor-widget-button\" data-id=\"334cf06\" data-element_type=\"widget\" data-widget_type=\"button.default\">\n\t\t\t\t<div class=\"elementor-widget-container\">\n\t\t\t\t\t\t\t\t\t<div class=\"elementor-button-wrapper\">\n\t\t\t\t\t<a class=\"elementor-button elementor-button-link elementor-size-sm\" href=\"https:\/\/olivera.org\/ca\/producte\/tasta-can-calopa\/\" target=\"_blank\">\n\t\t\t\t\t\t<span class=\"elementor-button-content-wrapper\">\n\t\t\t\t\t\t\t\t\t<span class=\"elementor-button-text\">Regala<\/span>\n\t\t\t\t\t<\/span>\n\t\t\t\t\t<\/a>\n\t\t\t\t<\/div>\n\t\t\t\t\t\t\t\t<\/div>\n\t\t\t\t<\/div>\n\t\t\t\t\t<\/div>\n\t\t<\/div>\n\t\t\t\t\t<\/div>\n\t\t<\/section>\n\t\t\t\t<\/div>\n\t\t","protected":false},"excerpt":{"rendered":"<p>Descobreix les vinyes i el celler d\u2019on surten els \u00fanics vins i olis de Barcelona. Passeja entre ceps i recorre els racons amagats de la masia centen\u00e0ria de Can Calopa per con\u00e8ixer de prop el projecte agroecol\u00f2gic i social que impulsa L\u2019Olivera al cor de Collserola. <\/p>\n","protected":false},"featured_media":34487,"template":"","class_list":["post-2983","olivera_activity","type-olivera_activity","status-publish","has-post-thumbnail","hentry"],"acf":[],"jetpack_sharing_enabled":true,"_links":{"self":[{"href":"https:\/\/olivera.org\/ca\/wp-json\/wp\/v2\/olivera_activity\/2983","targetHints":{"allow":["GET"]}}],"collection":[{"href":"https:\/\/olivera.org\/ca\/wp-json\/wp\/v2\/olivera_activity"}],"about":[{"href":"https:\/\/olivera.org\/ca\/wp-json\/wp\/v2\/types\/olivera_activity"}],"version-history":[{"count":39,"href":"https:\/\/olivera.org\/ca\/wp-json\/wp\/v2\/olivera_activity\/2983\/revisions"}],"predecessor-version":[{"id":34835,"href":"https:\/\/olivera.org\/ca\/wp-json\/wp\/v2\/olivera_activity\/2983\/revisions\/34835"}],"wp:featuredmedia":[{"embeddable":true,"href":"https:\/\/olivera.org\/ca\/wp-json\/wp\/v2\/media\/34487"}],"wp:attachment":[{"href":"https:\/\/olivera.org\/ca\/wp-json\/wp\/v2\/media?parent=2983"}],"curies":[{"name":"wp","href":"https:\/\/api.w.org\/{rel}","templated":true}]}}

<div data-elementor-type="wp-post" data-elementor-id="2983" class="elementor elementor-2983" data-elementor-post-type="olivera_activity">
						<section class="elementor-section elementor-top-section elementor-element elementor-element-bc119a9 elementor-section-boxed elementor-section-height-default elementor-section-height-default" data-id="bc119a9" data-element_type="section">
						<div class="elementor-container elementor-column-gap-default">
					<div class="elementor-column elementor-col-100 elementor-top-column elementor-element elementor-element-a1ef402" data-id="a1ef402" data-element_type="column">
			<div class="elementor-widget-wrap elementor-element-populated">
						<div class="elementor-element elementor-element-1c1233e elementor-widget elementor-widget-text-editor" data-id="1c1233e" data-element_type="widget" data-widget_type="text-editor.default">
				<div class="elementor-widget-container">
									<p style="text-align: center;">Descobreix el celler on neix l&#8217;únic vi elaborat a Barcelona</p><p>A Barcelona encara hi ha vinya i volem que la visitis per conèixer la llarga tradició vinícola de la ciutat i la serra de Collserola. Et convidem a passejar per la finca municipal d&#8217;on surten uns vins i olis singulars i, alhora, obrir-te les portes del projecte d&#8217;agricultura social que hi impulsem des de L&#8217;Olivera.</p><p>Hi descobriràs el patrimoni rural d&#8217;una masia centenària del segle XVI i el dia a dia d&#8217;un celler com n&#8217;hi ha pocs. Per acabar la visita tastaràs els vins i olis que neixen de Can Calopa ja sigui a la cuina antiga de la masia o, si fa bon temps, a la terrassa-mirador amb vistes al Tibidabo.</p><p><strong>Horaris<br /></strong>La visita s’ofereix de dijous a diumenge a les 10 h, a les 12:30 h. Durant la temporada d&#8217;estiu es podran fer en dos torns: de <span id="OBJ_PREFIX_DWT330_com_zimbra_date" class="Object" role="link"><span id="OBJ_PREFIX_DWT357_com_zimbra_date" class="Object" role="link">dijous</span></span> a <span id="OBJ_PREFIX_DWT331_com_zimbra_date" class="Object" role="link"><span id="OBJ_PREFIX_DWT358_com_zimbra_date" class="Object" role="link">dissabte</span></span>, a les 18 h i a les 19:30 h.<strong><br /></strong></p><p><strong>Condicions</strong><br />La visita es farà per a un mínim de 2 persones. És necessari reservar prèviament.</p><p>S&#8217;hi inclou el tast de tres vins i un oli.</p><p>Per a grups de més de 25 persones, escriviu a esdeveniments@olivera.org.</p><p><strong>Preus especials<br /></strong>Adults: 24,50€/persona | Infants: 13,50€/persona (6 a 17 anys). Menors de 5 anys, gratuït.</p><p><strong>Reserves</strong><span style="font-size: 14px;"><br /></span>A través del correu electrònic a <strong>visitescancalopa@olivera.org</strong>. Tens dubtes? Truca&#8217;ns a 646 619 188.</p>								</div>
				</div>
				<div class="elementor-element elementor-element-c50460b elementor-align-center elementor-widget__width-auto elementor-widget elementor-widget-button" data-id="c50460b" data-element_type="widget" data-widget_type="button.default">
				<div class="elementor-widget-container">
									<div class="elementor-button-wrapper">
					<a class="elementor-button elementor-button-link elementor-size-sm" href="mailto:visitescancalopa@olivera.org" target="_blank">
						<span class="elementor-button-content-wrapper">
									<span class="elementor-button-text">Reserva</span>
					</span>
					</a>
				</div>
								</div>
				</div>
				<div class="elementor-element elementor-element-334cf06 elementor-align-center elementor-widget__width-auto elementor-widget elementor-widget-button" data-id="334cf06" data-element_type="widget" data-widget_type="button.default">
				<div class="elementor-widget-container">
									<div class="elementor-button-wrapper">
					<a class="elementor-button elementor-button-link elementor-size-sm" href="https://olivera.org/ca/producte/tasta-can-calopa/" target="_blank">
						<span class="elementor-button-content-wrapper">
									<span class="elementor-button-text">Regala</span>
					</span>
					</a>
				</div>
								</div>
				</div>
					</div>
		</div>
					</div>
		</section>
				</div>

<p>Descobreix les vinyes i el celler d’on surten els únics vins i olis de Barcelona. Passeja entre ceps i recorre els racons amagats de la masia centenària de Can Calopa per conèixer de prop el projecte agroecològic i social que impulsa L’Olivera al cor de Collserola. </p>
