{"id":31630,"date":"2025-06-17T11:56:54","date_gmt":"2025-06-17T11:56:54","guid":{"rendered":"https:\/\/olivera.org\/?post_type=olivera_activity&#038;p=31630"},"modified":"2025-06-17T13:06:25","modified_gmt":"2025-06-17T13:06:25","slug":"pagesia-als-marges-de-la-ciutat","status":"publish","type":"olivera_activity","link":"https:\/\/olivera.org\/ca\/activitat\/pagesia-als-marges-de-la-ciutat\/","title":{"rendered":"PAGESIA ALS MARGES DE LA CIUTAT"},"content":{"rendered":"\t\t<div data-elementor-type=\"wp-post\" data-elementor-id=\"31630\" class=\"elementor elementor-31630\" data-elementor-post-type=\"olivera_activity\">\n\t\t\t\t\t\t<section class=\"elementor-section elementor-top-section elementor-element elementor-element-71d6af2 elementor-section-boxed elementor-section-height-default elementor-section-height-default\" data-id=\"71d6af2\" data-element_type=\"section\">\n\t\t\t\t\t\t<div class=\"elementor-container elementor-column-gap-default\">\n\t\t\t\t\t<div class=\"elementor-column elementor-col-100 elementor-top-column elementor-element elementor-element-04e1a07\" data-id=\"04e1a07\" data-element_type=\"column\">\n\t\t\t<div class=\"elementor-widget-wrap elementor-element-populated\">\n\t\t\t\t\t\t<div class=\"elementor-element elementor-element-433346e elementor-widget elementor-widget-text-editor\" data-id=\"433346e\" data-element_type=\"widget\" data-widget_type=\"text-editor.default\">\n\t\t\t\t<div class=\"elementor-widget-container\">\n\t\t\t\t\t\t\t\t\t<h3><strong>Fem de pag\u00e8s per un dia i descobrim les tasques d&#8217;una finca agr\u00edcola!<\/strong><\/h3><p><strong>Cursos:<\/strong> cicle mitj\u00e0 i superior de prim\u00e0ria.<\/p><p><strong>Durada:<\/strong> 3 hores<\/p><p><strong>Objectius de l&#8217;activitat:<\/strong><\/p><ol><li style=\"list-style-type: none;\"><ol><li>Analitzar cr\u00edticament les causes i conseq\u00fc\u00e8ncies de la intervenci\u00f3 humana en l&#8217;entorn, integrant els vessants social, econ\u00f2mic i cultural.<\/li><li>Interpretar les relacions sist\u00e8miques entre l&#8217;individu, la societat i la natura, aix\u00ed com la import\u00e0ncia de l&#8217;acci\u00f3 local i el seu impacte en l&#8217;entorn.<\/li><li>Promoure la conviv\u00e8ncia pac\u00edfica, respectuosa, democr\u00e0tica i justa.<\/li><\/ol><\/li><\/ol>\t\t\t\t\t\t\t\t<\/div>\n\t\t\t\t<\/div>\n\t\t\t\t\t<\/div>\n\t\t<\/div>\n\t\t\t\t\t<\/div>\n\t\t<\/section>\n\t\t\t\t<section class=\"elementor-section elementor-top-section elementor-element elementor-element-fdd2151 elementor-section-boxed elementor-section-height-default elementor-section-height-default\" data-id=\"fdd2151\" data-element_type=\"section\">\n\t\t\t\t\t\t<div class=\"elementor-container elementor-column-gap-default\">\n\t\t\t\t\t<div class=\"elementor-column elementor-col-50 elementor-top-column elementor-element elementor-element-4fc677e\" data-id=\"4fc677e\" data-element_type=\"column\">\n\t\t\t<div class=\"elementor-widget-wrap elementor-element-populated\">\n\t\t\t\t\t\t<div class=\"elementor-element elementor-element-40d2976 elementor-widget elementor-widget-text-editor\" data-id=\"40d2976\" data-element_type=\"widget\" data-widget_type=\"text-editor.default\">\n\t\t\t\t<div class=\"elementor-widget-container\">\n\t\t\t\t\t\t\t\t\t<p><b>Din\u00e0mica:<\/b><\/p><p>L&#8217;alumnat es posar\u00e0 a la pell de la vida a pag\u00e8s i coneixer\u00e0 les tasques i les formes d&#8217;organitzar-se d\u2019una finca agr\u00edcola. \u00c9s una activitat totalment pr\u00e0ctica on l\u2019alumnat col\u00b7laborar\u00e0 en diverses tasques com el cultiu de la vinya i l&#8217;hort, la gesti\u00f3 de la finca forestal, la cura i utilitat del bestiar, i la producci\u00f3 del vi al celler. A m\u00e9s, podr\u00e0 comparar entre les tasques d\u2019una explotaci\u00f3 agr\u00edcola contempor\u00e0nia i una<br \/>d\u2019hist\u00f2rica.<\/p>\t\t\t\t\t\t\t\t<\/div>\n\t\t\t\t<\/div>\n\t\t\t\t\t<\/div>\n\t\t<\/div>\n\t\t\t\t<div class=\"elementor-column elementor-col-50 elementor-top-column elementor-element elementor-element-990d6de\" data-id=\"990d6de\" data-element_type=\"column\">\n\t\t\t<div class=\"elementor-widget-wrap elementor-element-populated\">\n\t\t\t\t\t\t<div class=\"elementor-element elementor-element-9aaaea0 elementor-widget elementor-widget-image\" data-id=\"9aaaea0\" data-element_type=\"widget\" data-widget_type=\"image.default\">\n\t\t\t\t<div class=\"elementor-widget-container\">\n\t\t\t\t\t\t\t\t\t\t\t\t\t\t\t<img fetchpriority=\"high\" decoding=\"async\" width=\"800\" height=\"534\" src=\"https:\/\/olivera.org\/wp-content\/uploads\/2025\/06\/250403CanCalopa_125-1024x683.jpg\" class=\"attachment-large size-large wp-image-31633\" alt=\"\" srcset=\"https:\/\/olivera.org\/wp-content\/uploads\/2025\/06\/250403CanCalopa_125-1024x683.jpg 1024w, https:\/\/olivera.org\/wp-content\/uploads\/2025\/06\/250403CanCalopa_125-300x200.jpg 300w, https:\/\/olivera.org\/wp-content\/uploads\/2025\/06\/250403CanCalopa_125-768x512.jpg 768w, https:\/\/olivera.org\/wp-content\/uploads\/2025\/06\/250403CanCalopa_125-1536x1024.jpg 1536w, https:\/\/olivera.org\/wp-content\/uploads\/2025\/06\/250403CanCalopa_125-2048x1365.jpg 2048w, https:\/\/olivera.org\/wp-content\/uploads\/2025\/06\/250403CanCalopa_125-600x400.jpg 600w\" sizes=\"(max-width: 800px) 100vw, 800px\" \/>\t\t\t\t\t\t\t\t\t\t\t\t\t\t\t<\/div>\n\t\t\t\t<\/div>\n\t\t\t\t\t<\/div>\n\t\t<\/div>\n\t\t\t\t\t<\/div>\n\t\t<\/section>\n\t\t\t\t<section class=\"elementor-section elementor-top-section elementor-element elementor-element-667d95a elementor-section-boxed elementor-section-height-default elementor-section-height-default\" data-id=\"667d95a\" data-element_type=\"section\">\n\t\t\t\t\t\t<div class=\"elementor-container elementor-column-gap-default\">\n\t\t\t\t\t<div class=\"elementor-column elementor-col-100 elementor-top-column elementor-element elementor-element-6acd51b\" data-id=\"6acd51b\" data-element_type=\"column\">\n\t\t\t<div class=\"elementor-widget-wrap elementor-element-populated\">\n\t\t\t\t\t\t<div class=\"elementor-element elementor-element-63df441 elementor-widget elementor-widget-text-editor\" data-id=\"63df441\" data-element_type=\"widget\" data-widget_type=\"text-editor.default\">\n\t\t\t\t<div class=\"elementor-widget-container\">\n\t\t\t\t\t\t\t\t\t<p>M\u00e9s informaci\u00f3 i reserves a: <strong><a href=\"mailto:formaci\u00f3@olivera.org\">formaci\u00f3@olivera.org<\/a><\/strong><\/p>\t\t\t\t\t\t\t\t<\/div>\n\t\t\t\t<\/div>\n\t\t\t\t\t<\/div>\n\t\t<\/div>\n\t\t\t\t\t<\/div>\n\t\t<\/section>\n\t\t\t\t<\/div>\n\t\t","protected":false},"excerpt":{"rendered":"<p>L&#8217;alumnat es posar\u00e0 a la pell de la vida a pag\u00e8s i coneixer\u00e0 les tasques i les formes d&#8217;organitzar-se d\u2019una finca agr\u00edcola: coneixer\u00e0 el cultiu de la vinya i de l\u2019hora, la cura i la utilitat del bestiar i la producci\u00f3 de vi al celler. <\/p>\n","protected":false},"featured_media":31546,"template":"","class_list":["post-31630","olivera_activity","type-olivera_activity","status-publish","has-post-thumbnail","hentry"],"acf":[],"jetpack_sharing_enabled":true,"_links":{"self":[{"href":"https:\/\/olivera.org\/ca\/wp-json\/wp\/v2\/olivera_activity\/31630","targetHints":{"allow":["GET"]}}],"collection":[{"href":"https:\/\/olivera.org\/ca\/wp-json\/wp\/v2\/olivera_activity"}],"about":[{"href":"https:\/\/olivera.org\/ca\/wp-json\/wp\/v2\/types\/olivera_activity"}],"version-history":[{"count":11,"href":"https:\/\/olivera.org\/ca\/wp-json\/wp\/v2\/olivera_activity\/31630\/revisions"}],"predecessor-version":[{"id":31647,"href":"https:\/\/olivera.org\/ca\/wp-json\/wp\/v2\/olivera_activity\/31630\/revisions\/31647"}],"wp:featuredmedia":[{"embeddable":true,"href":"https:\/\/olivera.org\/ca\/wp-json\/wp\/v2\/media\/31546"}],"wp:attachment":[{"href":"https:\/\/olivera.org\/ca\/wp-json\/wp\/v2\/media?parent=31630"}],"curies":[{"name":"wp","href":"https:\/\/api.w.org\/{rel}","templated":true}]}}

<div data-elementor-type="wp-post" data-elementor-id="31630" class="elementor elementor-31630" data-elementor-post-type="olivera_activity">
						<section class="elementor-section elementor-top-section elementor-element elementor-element-71d6af2 elementor-section-boxed elementor-section-height-default elementor-section-height-default" data-id="71d6af2" data-element_type="section">
						<div class="elementor-container elementor-column-gap-default">
					<div class="elementor-column elementor-col-100 elementor-top-column elementor-element elementor-element-04e1a07" data-id="04e1a07" data-element_type="column">
			<div class="elementor-widget-wrap elementor-element-populated">
						<div class="elementor-element elementor-element-433346e elementor-widget elementor-widget-text-editor" data-id="433346e" data-element_type="widget" data-widget_type="text-editor.default">
				<div class="elementor-widget-container">
									<h3><strong>Fem de pagès per un dia i descobrim les tasques d&#8217;una finca agrícola!</strong></h3><p><strong>Cursos:</strong> cicle mitjà i superior de primària.</p><p><strong>Durada:</strong> 3 hores</p><p><strong>Objectius de l&#8217;activitat:</strong></p><ol><li style="list-style-type: none;"><ol><li>Analitzar críticament les causes i conseqüències de la intervenció humana en l&#8217;entorn, integrant els vessants social, econòmic i cultural.</li><li>Interpretar les relacions sistèmiques entre l&#8217;individu, la societat i la natura, així com la importància de l&#8217;acció local i el seu impacte en l&#8217;entorn.</li><li>Promoure la convivència pacífica, respectuosa, democràtica i justa.</li></ol></li></ol>								</div>
				</div>
					</div>
		</div>
					</div>
		</section>
				<section class="elementor-section elementor-top-section elementor-element elementor-element-fdd2151 elementor-section-boxed elementor-section-height-default elementor-section-height-default" data-id="fdd2151" data-element_type="section">
						<div class="elementor-container elementor-column-gap-default">
					<div class="elementor-column elementor-col-50 elementor-top-column elementor-element elementor-element-4fc677e" data-id="4fc677e" data-element_type="column">
			<div class="elementor-widget-wrap elementor-element-populated">
						<div class="elementor-element elementor-element-40d2976 elementor-widget elementor-widget-text-editor" data-id="40d2976" data-element_type="widget" data-widget_type="text-editor.default">
				<div class="elementor-widget-container">
									<p><b>Dinàmica:</b></p><p>L&#8217;alumnat es posarà a la pell de la vida a pagès i coneixerà les tasques i les formes d&#8217;organitzar-se d’una finca agrícola. És una activitat totalment pràctica on l’alumnat col·laborarà en diverses tasques com el cultiu de la vinya i l&#8217;hort, la gestió de la finca forestal, la cura i utilitat del bestiar, i la producció del vi al celler. A més, podrà comparar entre les tasques d’una explotació agrícola contemporània i una<br />d’històrica.</p>								</div>
				</div>
					</div>
		</div>
				<div class="elementor-column elementor-col-50 elementor-top-column elementor-element elementor-element-990d6de" data-id="990d6de" data-element_type="column">
			<div class="elementor-widget-wrap elementor-element-populated">
						<div class="elementor-element elementor-element-9aaaea0 elementor-widget elementor-widget-image" data-id="9aaaea0" data-element_type="widget" data-widget_type="image.default">
				<div class="elementor-widget-container">
															<img fetchpriority="high" decoding="async" width="800" height="534" src="https://olivera.org/wp-content/uploads/2025/06/250403CanCalopa_125-1024x683.jpg" class="attachment-large size-large wp-image-31633" alt="" srcset="https://olivera.org/wp-content/uploads/2025/06/250403CanCalopa_125-1024x683.jpg 1024w, https://olivera.org/wp-content/uploads/2025/06/250403CanCalopa_125-300x200.jpg 300w, https://olivera.org/wp-content/uploads/2025/06/250403CanCalopa_125-768x512.jpg 768w, https://olivera.org/wp-content/uploads/2025/06/250403CanCalopa_125-1536x1024.jpg 1536w, https://olivera.org/wp-content/uploads/2025/06/250403CanCalopa_125-2048x1365.jpg 2048w, https://olivera.org/wp-content/uploads/2025/06/250403CanCalopa_125-600x400.jpg 600w" sizes="(max-width: 800px) 100vw, 800px" />															</div>
				</div>
					</div>
		</div>
					</div>
		</section>
				<section class="elementor-section elementor-top-section elementor-element elementor-element-667d95a elementor-section-boxed elementor-section-height-default elementor-section-height-default" data-id="667d95a" data-element_type="section">
						<div class="elementor-container elementor-column-gap-default">
					<div class="elementor-column elementor-col-100 elementor-top-column elementor-element elementor-element-6acd51b" data-id="6acd51b" data-element_type="column">
			<div class="elementor-widget-wrap elementor-element-populated">
						<div class="elementor-element elementor-element-63df441 elementor-widget elementor-widget-text-editor" data-id="63df441" data-element_type="widget" data-widget_type="text-editor.default">
				<div class="elementor-widget-container">
									<p>Més informació i reserves a: <strong><a href="mailto:formació@olivera.org">formació@olivera.org</a></strong></p>								</div>
				</div>
					</div>
		</div>
					</div>
		</section>
				</div>

<p>L&#8217;alumnat es posarà a la pell de la vida a pagès i coneixerà les tasques i les formes d&#8217;organitzar-se d’una finca agrícola: coneixerà el cultiu de la vinya i de l’hora, la cura i la utilitat del bestiar i la producció de vi al celler. </p>
