{"id":31712,"date":"2025-06-17T14:54:43","date_gmt":"2025-06-17T14:54:43","guid":{"rendered":"https:\/\/olivera.org\/?post_type=olivera_activity&#038;p=31712"},"modified":"2025-06-19T14:01:29","modified_gmt":"2025-06-19T14:01:29","slug":"vides-autonomes","status":"publish","type":"olivera_activity","link":"https:\/\/olivera.org\/ca\/activitat\/vides-autonomes\/","title":{"rendered":"VIDES AUT\u00d2NOMES"},"content":{"rendered":"\t\t<div data-elementor-type=\"wp-post\" data-elementor-id=\"31712\" class=\"elementor elementor-31712\" data-elementor-post-type=\"olivera_activity\">\n\t\t\t\t\t\t<section class=\"elementor-section elementor-top-section elementor-element elementor-element-bb5300b elementor-section-boxed elementor-section-height-default elementor-section-height-default\" data-id=\"bb5300b\" data-element_type=\"section\">\n\t\t\t\t\t\t<div class=\"elementor-container elementor-column-gap-default\">\n\t\t\t\t\t<div class=\"elementor-column elementor-col-100 elementor-top-column elementor-element elementor-element-6e1c0e0\" data-id=\"6e1c0e0\" data-element_type=\"column\">\n\t\t\t<div class=\"elementor-widget-wrap elementor-element-populated\">\n\t\t\t\t\t\t<div class=\"elementor-element elementor-element-e5fb1c6 elementor-widget elementor-widget-text-editor\" data-id=\"e5fb1c6\" data-element_type=\"widget\" data-widget_type=\"text-editor.default\">\n\t\t\t\t<div class=\"elementor-widget-container\">\n\t\t\t\t\t\t\t\t\t<h4>Donem a con\u00e8ixer els diferents tipus d\u2019acompanyament que ofereix L\u2019Olivera per afavorir una major autonomia de les persones en situaci\u00f3 de vulnerabilitat, tant en l&#8217;\u00e0mbit personal com en l\u2019\u00e0mbit laboral.<\/h4><p><strong>Cursos:<\/strong> alumnat de cicles mitjans o superiors d\u2019integraci\u00f3 social o relacionats amb l\u2019acompanyament a persones en situaci\u00f3 de vulnerabilitat.<\/p><p><strong>Objectius de l\u2019activitat:<\/strong><\/p><ol><li>Explicar el conjunt del projecte social de L\u2019Olivera.<\/li><li>Aprofundir en els circuits i protocols d\u2019entrada, transici\u00f3 i sortida de la Llar &#8211; resid\u00e8ncia i de l\u2019Empresa d\u2019Inserci\u00f3.<\/li><\/ol><p><strong>Din\u00e0mica:<\/strong><\/p><p>L\u2019alumnat descobrir\u00e0 el projecte social tot fent una passejada per la finca. Durant l\u2019activitat, s&#8217;aprofundir\u00e0 en els objectius la llar-resid\u00e8ncia mitjan\u00e7ant una din\u00e0mica participativa. A continuaci\u00f3, explorar\u00e0 el funcionament de l\u2019Empresa d\u2019Inserci\u00f3 a trav\u00e9s d\u2019un joc de rol basat en situacions reals que poden tenir lloc en aquest \u00e0mbit.<\/p>\t\t\t\t\t\t\t\t<\/div>\n\t\t\t\t<\/div>\n\t\t\t\t\t<\/div>\n\t\t<\/div>\n\t\t\t\t\t<\/div>\n\t\t<\/section>\n\t\t\t\t<\/div>\n\t\t","protected":false},"excerpt":{"rendered":"<p>L&#8217;activitat permet descobrir el projecte social tot fent una passejada per la finca. Durant l\u2019activitat, s&#8217;aprofundir\u00e0 en els objectius la llar-resid\u00e8ncia mitjan\u00e7ant una din\u00e0mica participativa. A continuaci\u00f3, s&#8217;explorar\u00e0 el funcionament de l\u2019Empresa la Inserci\u00f3 a trav\u00e9s d\u2019un joc de rol basat en situacions reals que poden tenir lloc en aquest \u00e0mbit.<\/p>\n","protected":false},"featured_media":31713,"template":"","class_list":["post-31712","olivera_activity","type-olivera_activity","status-publish","has-post-thumbnail","hentry"],"acf":[],"jetpack_sharing_enabled":true,"_links":{"self":[{"href":"https:\/\/olivera.org\/ca\/wp-json\/wp\/v2\/olivera_activity\/31712","targetHints":{"allow":["GET"]}}],"collection":[{"href":"https:\/\/olivera.org\/ca\/wp-json\/wp\/v2\/olivera_activity"}],"about":[{"href":"https:\/\/olivera.org\/ca\/wp-json\/wp\/v2\/types\/olivera_activity"}],"version-history":[{"count":8,"href":"https:\/\/olivera.org\/ca\/wp-json\/wp\/v2\/olivera_activity\/31712\/revisions"}],"predecessor-version":[{"id":31738,"href":"https:\/\/olivera.org\/ca\/wp-json\/wp\/v2\/olivera_activity\/31712\/revisions\/31738"}],"wp:featuredmedia":[{"embeddable":true,"href":"https:\/\/olivera.org\/ca\/wp-json\/wp\/v2\/media\/31713"}],"wp:attachment":[{"href":"https:\/\/olivera.org\/ca\/wp-json\/wp\/v2\/media?parent=31712"}],"curies":[{"name":"wp","href":"https:\/\/api.w.org\/{rel}","templated":true}]}}

VIDES AUTÒNOMES

<div data-elementor-type="wp-post" data-elementor-id="31712" class="elementor elementor-31712" data-elementor-post-type="olivera_activity">
						<section class="elementor-section elementor-top-section elementor-element elementor-element-bb5300b elementor-section-boxed elementor-section-height-default elementor-section-height-default" data-id="bb5300b" data-element_type="section">
						<div class="elementor-container elementor-column-gap-default">
					<div class="elementor-column elementor-col-100 elementor-top-column elementor-element elementor-element-6e1c0e0" data-id="6e1c0e0" data-element_type="column">
			<div class="elementor-widget-wrap elementor-element-populated">
						<div class="elementor-element elementor-element-e5fb1c6 elementor-widget elementor-widget-text-editor" data-id="e5fb1c6" data-element_type="widget" data-widget_type="text-editor.default">
				<div class="elementor-widget-container">
									<h4>Donem a conèixer els diferents tipus d’acompanyament que ofereix L’Olivera per afavorir una major autonomia de les persones en situació de vulnerabilitat, tant en l&#8217;àmbit personal com en l’àmbit laboral.</h4><p><strong>Cursos:</strong> alumnat de cicles mitjans o superiors d’integració social o relacionats amb l’acompanyament a persones en situació de vulnerabilitat.</p><p><strong>Objectius de l’activitat:</strong></p><ol><li>Explicar el conjunt del projecte social de L’Olivera.</li><li>Aprofundir en els circuits i protocols d’entrada, transició i sortida de la Llar &#8211; residència i de l’Empresa d’Inserció.</li></ol><p><strong>Dinàmica:</strong></p><p>L’alumnat descobrirà el projecte social tot fent una passejada per la finca. Durant l’activitat, s&#8217;aprofundirà en els objectius la llar-residència mitjançant una dinàmica participativa. A continuació, explorarà el funcionament de l’Empresa d’Inserció a través d’un joc de rol basat en situacions reals que poden tenir lloc en aquest àmbit.</p>								</div>
				</div>
					</div>
		</div>
					</div>
		</section>
				</div>

<p>L&#8217;activitat permet descobrir el projecte social tot fent una passejada per la finca. Durant l’activitat, s&#8217;aprofundirà en els objectius la llar-residència mitjançant una dinàmica participativa. A continuació, s&#8217;explorarà el funcionament de l’Empresa la Inserció a través d’un joc de rol basat en situacions reals que poden tenir lloc en aquest àmbit.</p>
