{"id":31994,"date":"2025-07-04T12:13:31","date_gmt":"2025-07-04T12:13:31","guid":{"rendered":"https:\/\/olivera.org\/?post_type=olivera_activity&#038;p=31994"},"modified":"2025-10-07T14:53:09","modified_gmt":"2025-10-07T14:53:09","slug":"expovisions-petites-coses-lluis-valls","status":"publish","type":"olivera_activity","link":"https:\/\/olivera.org\/ca\/activitat\/expovisions-petites-coses-lluis-valls\/","title":{"rendered":"ExpoVisions: Petites Coses, Llu\u00eds Valls"},"content":{"rendered":"<p style=\"text-align: center;\">ENTRADA GRATU\u00cfTA<\/p>\n<p>Tornen les ExpoVisions a Can Calopa amb la mostra del pintor Llu\u00eds Valls &#8220;Petites Coses&#8221;. Gr\u00e0cies a l&#8217;aquarel\u00b7la l&#8217;artista recull les imatges m\u00e9s senzilles amb gran detall. Aix\u00ed resumeix l&#8217;artista el proc\u00e9s creatiu: &#8220;Aigua i un poc de pigment. Fixar la mirada, posar atenci\u00f3, i deixar que la llum i les ombres recre\u00efn la ficci\u00f3 del volum.&#8221;<\/p>\n<p>La inauguraci\u00f3 de l&#8217;exposici\u00f3 ser\u00e0 el 10 de juliol a les 19 h a la Vinoteca de Can Calopa. Les persones participants podran gaudir d&#8217;una copa de vi gratu\u00efta. L&#8217;exposici\u00f3 es podr\u00e0 visitar fins al 15 de novembre.<\/p>\n","protected":false},"excerpt":{"rendered":"<p>Tornen les ExpoVisions a Can Calopa amb la mostra del pintor Llu\u00eds Valls &#8220;Petites Coses&#8221;. Gr\u00e0cies a l&#8217;aquarel\u00b7la l&#8217;artista recull les imatges m\u00e9s senzilles amb gran detall.<\/p>\n","protected":false},"featured_media":31983,"template":"","class_list":["post-31994","olivera_activity","type-olivera_activity","status-publish","has-post-thumbnail","hentry"],"acf":[],"jetpack_sharing_enabled":true,"_links":{"self":[{"href":"https:\/\/olivera.org\/ca\/wp-json\/wp\/v2\/olivera_activity\/31994","targetHints":{"allow":["GET"]}}],"collection":[{"href":"https:\/\/olivera.org\/ca\/wp-json\/wp\/v2\/olivera_activity"}],"about":[{"href":"https:\/\/olivera.org\/ca\/wp-json\/wp\/v2\/types\/olivera_activity"}],"version-history":[{"count":4,"href":"https:\/\/olivera.org\/ca\/wp-json\/wp\/v2\/olivera_activity\/31994\/revisions"}],"predecessor-version":[{"id":32618,"href":"https:\/\/olivera.org\/ca\/wp-json\/wp\/v2\/olivera_activity\/31994\/revisions\/32618"}],"wp:featuredmedia":[{"embeddable":true,"href":"https:\/\/olivera.org\/ca\/wp-json\/wp\/v2\/media\/31983"}],"wp:attachment":[{"href":"https:\/\/olivera.org\/ca\/wp-json\/wp\/v2\/media?parent=31994"}],"curies":[{"name":"wp","href":"https:\/\/api.w.org\/{rel}","templated":true}]}}

ExpoVisions: Petites Coses, Lluís Valls

<p style="text-align: center;">ENTRADA GRATUÏTA</p>
<p>Tornen les ExpoVisions a Can Calopa amb la mostra del pintor Lluís Valls &#8220;Petites Coses&#8221;. Gràcies a l&#8217;aquarel·la l&#8217;artista recull les imatges més senzilles amb gran detall. Així resumeix l&#8217;artista el procés creatiu: &#8220;Aigua i un poc de pigment. Fixar la mirada, posar atenció, i deixar que la llum i les ombres recreïn la ficció del volum.&#8221;</p>
<p>La inauguració de l&#8217;exposició serà el 10 de juliol a les 19 h a la Vinoteca de Can Calopa. Les persones participants podran gaudir d&#8217;una copa de vi gratuïta. L&#8217;exposició es podrà visitar fins al 15 de novembre.</p>

<p>Tornen les ExpoVisions a Can Calopa amb la mostra del pintor Lluís Valls &#8220;Petites Coses&#8221;. Gràcies a l&#8217;aquarel·la l&#8217;artista recull les imatges més senzilles amb gran detall.</p>
