{"id":1407,"date":"2020-11-24T16:24:38","date_gmt":"2020-11-24T16:24:38","guid":{"rendered":"https:\/\/olivera.org\/?post_type=product&#038;p=1407"},"modified":"2024-10-01T07:21:17","modified_gmt":"2024-10-01T07:21:17","slug":"oli-finques-verd","status":"publish","type":"product","link":"https:\/\/olivera.org\/ca\/producte\/oli-finques-verd\/","title":{"rendered":"Oli Finques Verd 0,50L"},"content":{"rendered":"\t\t<div data-elementor-type=\"wp-post\" data-elementor-id=\"1407\" class=\"elementor elementor-1407\" data-elementor-post-type=\"product\">\n\t\t\t\t\t\t<section class=\"elementor-section elementor-top-section elementor-element elementor-element-74c278a elementor-section-boxed elementor-section-height-default elementor-section-height-default\" data-id=\"74c278a\" data-element_type=\"section\">\n\t\t\t\t\t\t<div class=\"elementor-container elementor-column-gap-default\">\n\t\t\t\t\t<div class=\"elementor-column elementor-col-100 elementor-top-column elementor-element elementor-element-b97666f\" data-id=\"b97666f\" data-element_type=\"column\">\n\t\t\t<div class=\"elementor-widget-wrap elementor-element-populated\">\n\t\t\t\t\t\t<div class=\"elementor-element elementor-element-a49966d elementor-widget elementor-widget-text-editor\" data-id=\"a49966d\" data-element_type=\"widget\" data-widget_type=\"text-editor.default\">\n\t\t\t\t<div class=\"elementor-widget-container\">\n\t\t\t\t\t\t\t\t\t<p class=\"label-sans-serif\">Cultiu i elaboraci\u00f3<\/p><p class=\"big-serif\">Olivicultura de sec\u00e0 ecol\u00f2gica certificada. Collita manual i transport de l&#8217;oliva en petites caixes d&#8217;11-13 kg per mantenir les olives en \u00f2ptimes condicions al pati de recepci\u00f3 fins al moment de ser elaborades. L&#8217;oliva es mol amb un mol\u00ed de martells de tecnologia toscana, amb un posterior batut lleuger (&lt;45 minuts) i a baixa temperatura (22-25\u00baC), mitjan\u00e7ant el proc\u00e9s d&#8217;extracci\u00f3 en fred. Separaci\u00f3 de l&#8217;oli per centrifugaci\u00f3 en dues fases i posterior filtrat suau. Envasat en petits lots i disponible nom\u00e9s durant els mesos de novembre i desembre.\u00a0<\/p>\t\t\t\t\t\t\t\t<\/div>\n\t\t\t\t<\/div>\n\t\t\t\t\t<\/div>\n\t\t<\/div>\n\t\t\t\t\t<\/div>\n\t\t<\/section>\n\t\t\t\t<section class=\"elementor-section elementor-top-section elementor-element elementor-element-73d2fe0 elementor-section-big elementor-section-height-default elementor-section-height-default\" data-id=\"73d2fe0\" data-element_type=\"section\">\n\t\t\t\t\t\t<div class=\"elementor-container elementor-column-gap-default\">\n\t\t\t\t\t<div class=\"elementor-column elementor-col-50 elementor-top-column elementor-element elementor-element-5ca4d9f\" data-id=\"5ca4d9f\" data-element_type=\"column\">\n\t\t\t<div class=\"elementor-widget-wrap elementor-element-populated\">\n\t\t\t\t\t\t<div class=\"elementor-element elementor-element-474b490 elementor-widget elementor-widget-video\" data-id=\"474b490\" data-element_type=\"widget\" data-settings=\"{&quot;video_type&quot;:&quot;hosted&quot;,&quot;autoplay&quot;:&quot;yes&quot;,&quot;play_on_mobile&quot;:&quot;yes&quot;,&quot;mute&quot;:&quot;yes&quot;,&quot;loop&quot;:&quot;yes&quot;}\" data-widget_type=\"video.default\">\n\t\t\t\t<div class=\"elementor-widget-container\">\n\t\t\t\t\t\t\t<div class=\"e-hosted-video elementor-wrapper elementor-open-inline\">\n\t\t\t\t\t<video class=\"elementor-video\" src=\"https:\/\/olivera.org\/wp-content\/uploads\/2020\/11\/oli-finques-verd-lolivera.mp4\" autoplay=\"\" loop=\"\" muted=\"muted\" playsinline=\"\" controlsList=\"nodownload\"><\/video>\n\t\t\t\t<\/div>\n\t\t\t\t\t\t<\/div>\n\t\t\t\t<\/div>\n\t\t\t\t\t<\/div>\n\t\t<\/div>\n\t\t\t\t<div class=\"elementor-column elementor-col-50 elementor-top-column elementor-element elementor-element-4157e8d\" data-id=\"4157e8d\" data-element_type=\"column\">\n\t\t\t<div class=\"elementor-widget-wrap elementor-element-populated\">\n\t\t\t\t\t\t<div class=\"elementor-element elementor-element-fff1d3c elementor-widget elementor-widget-image\" data-id=\"fff1d3c\" data-element_type=\"widget\" data-widget_type=\"image.default\">\n\t\t\t\t<div class=\"elementor-widget-container\">\n\t\t\t\t\t\t\t\t\t\t\t\t\t\t\t<img fetchpriority=\"high\" decoding=\"async\" width=\"1200\" height=\"1600\" src=\"https:\/\/olivera.org\/wp-content\/uploads\/2021\/01\/oli-finques-verd-lolivera-02.jpg\" class=\"attachment-full size-full wp-image-2074\" alt=\"\" srcset=\"https:\/\/olivera.org\/wp-content\/uploads\/2021\/01\/oli-finques-verd-lolivera-02.jpg 1200w, https:\/\/olivera.org\/wp-content\/uploads\/2021\/01\/oli-finques-verd-lolivera-02-600x800.jpg 600w, https:\/\/olivera.org\/wp-content\/uploads\/2021\/01\/oli-finques-verd-lolivera-02-225x300.jpg 225w, https:\/\/olivera.org\/wp-content\/uploads\/2021\/01\/oli-finques-verd-lolivera-02-768x1024.jpg 768w, https:\/\/olivera.org\/wp-content\/uploads\/2021\/01\/oli-finques-verd-lolivera-02-1152x1536.jpg 1152w\" sizes=\"(max-width: 1200px) 100vw, 1200px\" \/>\t\t\t\t\t\t\t\t\t\t\t\t\t\t\t<\/div>\n\t\t\t\t<\/div>\n\t\t\t\t\t<\/div>\n\t\t<\/div>\n\t\t\t\t\t<\/div>\n\t\t<\/section>\n\t\t\t\t<section class=\"elementor-section elementor-top-section elementor-element elementor-element-161deed elementor-section-boxed elementor-section-height-default elementor-section-height-default\" data-id=\"161deed\" data-element_type=\"section\">\n\t\t\t\t\t\t<div class=\"elementor-container elementor-column-gap-default\">\n\t\t\t\t\t<div class=\"elementor-column elementor-col-100 elementor-top-column elementor-element elementor-element-d231561\" data-id=\"d231561\" data-element_type=\"column\">\n\t\t\t<div class=\"elementor-widget-wrap elementor-element-populated\">\n\t\t\t\t\t\t<div class=\"elementor-element elementor-element-245340e elementor-widget elementor-widget-text-editor\" data-id=\"245340e\" data-element_type=\"widget\" data-widget_type=\"text-editor.default\">\n\t\t\t\t<div class=\"elementor-widget-container\">\n\t\t\t\t\t\t\t\t\t<p class=\"label-sans-serif\">Anal\u00edtica<\/p><p class=\"big-serif small-sans-serif\">Acidesa (% \u00e0cid oleic): &lt;0,15<br \/>Polifenols (mg\/kg, ppm): 280-350 ppm<br \/>\u00c0cid oleic: &gt;70%<\/p>\t\t\t\t\t\t\t\t<\/div>\n\t\t\t\t<\/div>\n\t\t\t\t<div class=\"elementor-element elementor-element-68b638b elementor-widget elementor-widget-text-editor\" data-id=\"68b638b\" data-element_type=\"widget\" data-widget_type=\"text-editor.default\">\n\t\t\t\t<div class=\"elementor-widget-container\">\n\t\t\t\t\t\t\t\t\t<p class=\"label-sans-serif\">Perfil sensorial<\/p>\n<p class=\"big-serif small-sans-serif\">Fruitat d&#8217;oliva: &gt;5,5<br>Amarg: &gt;4,2<br>Picant: &gt;4,6<\/p>\t\t\t\t\t\t\t\t<\/div>\n\t\t\t\t<\/div>\n\t\t\t\t\t<\/div>\n\t\t<\/div>\n\t\t\t\t\t<\/div>\n\t\t<\/section>\n\t\t\t\t<section class=\"elementor-section elementor-top-section elementor-element elementor-element-574b0aa elementor-section-boxed elementor-section-height-default elementor-section-height-default\" data-id=\"574b0aa\" data-element_type=\"section\">\n\t\t\t\t\t\t<div class=\"elementor-container elementor-column-gap-default\">\n\t\t\t\t\t<div class=\"elementor-column elementor-col-100 elementor-top-column elementor-element elementor-element-336f79d\" data-id=\"336f79d\" data-element_type=\"column\">\n\t\t\t<div class=\"elementor-widget-wrap elementor-element-populated\">\n\t\t\t\t\t\t<div class=\"elementor-element elementor-element-deaebaa elementor-widget elementor-widget-text-editor\" data-id=\"deaebaa\" data-element_type=\"widget\" data-widget_type=\"text-editor.default\">\n\t\t\t\t<div class=\"elementor-widget-container\">\n\t\t\t\t\t\t\t\t\t<p class=\"label-sans-serif\">Tast<\/p>\n<p class=\"big-serif\">Aromes frescos i salvatges, amb tocs d&#8217;herba fresca, ametll\u00f3, carxofa i tomaquera. Registres d&#8217;aromes que ens evoquen verdor. Intens i arom\u00e0tic, amb una pres\u00e8ncia marcada dels amargs i picants de registre fresc. \u00c9s un oli ideal per prendre en cru, animant plats b\u00e0sics on pren el protagonisme, com el pa de massa mare, el peix al vapor o els plats a base de vegetals crus o al vapor.<\/p><p class=\"big-serif\">L&#8217;oli Finques Verd \u00e9s un oli estacional, que nom\u00e9s est\u00e0 disponible els mesos de novembre i desembre. Per apreciar-ne totes les propietats organol\u00e8ptiques, es recomana consumir-lo aviat.&nbsp;<\/p>\t\t\t\t\t\t\t\t<\/div>\n\t\t\t\t<\/div>\n\t\t\t\t\t<\/div>\n\t\t<\/div>\n\t\t\t\t\t<\/div>\n\t\t<\/section>\n\t\t\t\t<\/div>\n\t\t","protected":false},"excerpt":{"rendered":"<p class=\"big-serif\">Finques abancalades que dibuixen el paisatge de sec\u00e0 de Vallbona de les Monges, testimonis d&#8217;un passat agr\u00edcola que es fa present. L&#8217;oli Finques neix en aquestes parcel\u00b7les d&#8217;oliveres arbequines, fruit d&#8217;una agricultura gaireb\u00e9 de resist\u00e8ncia.<\/p>\n<h2><img decoding=\"async\" class=\"alignnone wp-image-2071 size-full\" src=\"https:\/\/olivera.org\/wp-content\/uploads\/2021\/01\/oli-finques-verd-lolivera-01.jpg\" alt=\"\" width=\"1200\" height=\"1600\" srcset=\"https:\/\/olivera.org\/wp-content\/uploads\/2021\/01\/oli-finques-verd-lolivera-01.jpg 1200w, https:\/\/olivera.org\/wp-content\/uploads\/2021\/01\/oli-finques-verd-lolivera-01-600x800.jpg 600w, https:\/\/olivera.org\/wp-content\/uploads\/2021\/01\/oli-finques-verd-lolivera-01-225x300.jpg 225w, https:\/\/olivera.org\/wp-content\/uploads\/2021\/01\/oli-finques-verd-lolivera-01-768x1024.jpg 768w, https:\/\/olivera.org\/wp-content\/uploads\/2021\/01\/oli-finques-verd-lolivera-01-1152x1536.jpg 1152w\" sizes=\"(max-width: 1200px) 100vw, 1200px\" \/><\/h2>\n<p class=\"big-serif\">Aquest oli \u00e9s el suc de les olives primerenques, collides durant les primeres setmanes de la campanya, quan l&#8217;oliva encara \u00e9s verda. D&#8217;aqu\u00ed les seves propietats sensorials: aromes frescos d&#8217;herba, ametll\u00f3, carxofa o tomaquera. Intens, amb amargs i picants marcats, sabors salvatges que ens evoquen els inicis de la recol\u00b7lecci\u00f3.<\/p>\n<p class=\"big-serif\">Una intensitat arom\u00e0tica que li aporta el seu alt contingut en polifenols, que eleven les propietats antioxidants d&#8217;aquest oli. Un oli d&#8217;oliva verge extra ecol\u00f2gic representatiu del car\u00e0cter varietal de l&#8217;arbequina, varietat tradicional i aut\u00f2ctona d&#8217;aquesta zona propera a la vila d&#8217;Arbeca, que li ha donat el nom.<\/p>\n<p class=\"label-sans-serif\">Paisatge<\/p>\n<p class=\"small-sans-serif\">ORIGEN: Finques de Vallbona de les Monges, entre 500 i 600 metres d&#8217;al\u00e7ada. Oliveres que creixen en les terrasses laterals que delimiten els murs centenaris de pedra seca i cultivades segons els criteris de l&#8217;agricultura ecol\u00f2gica en r\u00e8gim de sec\u00e0.<br \/>\nS\u00d2LS: S\u00f2ls de terrasses laterals dels fons de vall que defineix el riu Maldanell, de profunditats variables.<br \/>\nCLIMA: El clima \u00e9s mediterrani continental, amb hiverns freds i secs i estius calorosos, dulcificats pel vent que, a les tardes, ve del mar (la marinada) i refresca les nits. Les pluges, escasses, es concentren a la tardor i a la primavera (350-450mm anuals). Un clima al l\u00edmit que marca la frontera del cultiu de l&#8217;olivera i que afavoreix una concentraci\u00f3 m\u00e9s alta en antioxidants.<\/p>\n<p class=\"label-sans-serif\">Varietats<\/p>\n<p class=\"small-sans-serif\">Arbequina<\/p>\n<p class=\"label-sans-serif\">Olivicultura<\/p>\n<p class=\"small-sans-serif\">Agricultura de sec\u00e0 ecol\u00f2gica certificada. Collita manual durant les primeres setmanes de la campanya.<\/p>\n<p class=\"label-sans-serif\">Elaboraci\u00f3<\/p>\n<p class=\"small-sans-serif\">Oli obtingut per procediments mec\u00e0nics. Elaboraci\u00f3 de l&#8217;oli en fred (&lt;27\u00baC), batut lleuger i extracci\u00f3 centr\u00edfuga en dues fases. Filtrat suau per tal de preservar al m\u00e0xim les seves qualitats organol\u00e8ptiques.<\/p>\n<p class=\"label-sans-serif\">Producci\u00f3<\/p>\n<p class=\"small-sans-serif\">Collita 2022: 1.300 ampolles<\/p>\n","protected":false},"featured_media":1425,"comment_status":"open","ping_status":"closed","template":"","meta":{"_acf_changed":false},"product_brand":[],"product_cat":[45],"product_tag":[],"class_list":{"0":"post-1407","1":"product","2":"type-product","3":"status-publish","4":"has-post-thumbnail","6":"product_cat-oils-ca","7":"product_shipping_class-winebox","8":"pa_characteristics-oils-premium-ca","9":"pa_origin-vallbona-ca","10":"pa_unity-single-ca","11":"pa_unity-box-ca","13":"first","14":"outofstock","15":"shipping-taxable","16":"purchasable","17":"product-type-variable","18":"has-default-attributes"},"acf":[],"jetpack_sharing_enabled":true,"_links":{"self":[{"href":"https:\/\/olivera.org\/ca\/wp-json\/wp\/v2\/product\/1407","targetHints":{"allow":["GET"]}}],"collection":[{"href":"https:\/\/olivera.org\/ca\/wp-json\/wp\/v2\/product"}],"about":[{"href":"https:\/\/olivera.org\/ca\/wp-json\/wp\/v2\/types\/product"}],"replies":[{"embeddable":true,"href":"https:\/\/olivera.org\/ca\/wp-json\/wp\/v2\/comments?post=1407"}],"version-history":[{"count":0,"href":"https:\/\/olivera.org\/ca\/wp-json\/wp\/v2\/product\/1407\/revisions"}],"wp:featuredmedia":[{"embeddable":true,"href":"https:\/\/olivera.org\/ca\/wp-json\/wp\/v2\/media\/1425"}],"wp:attachment":[{"href":"https:\/\/olivera.org\/ca\/wp-json\/wp\/v2\/media?parent=1407"}],"wp:term":[{"taxonomy":"product_brand","embeddable":true,"href":"https:\/\/olivera.org\/ca\/wp-json\/wp\/v2\/product_brand?post=1407"},{"taxonomy":"product_cat","embeddable":true,"href":"https:\/\/olivera.org\/ca\/wp-json\/wp\/v2\/product_cat?post=1407"},{"taxonomy":"product_tag","embeddable":true,"href":"https:\/\/olivera.org\/ca\/wp-json\/wp\/v2\/product_tag?post=1407"}],"curies":[{"name":"wp","href":"https:\/\/api.w.org\/{rel}","templated":true}]}}

<div data-elementor-type="wp-post" data-elementor-id="1407" class="elementor elementor-1407" data-elementor-post-type="product">
						<section class="elementor-section elementor-top-section elementor-element elementor-element-74c278a elementor-section-boxed elementor-section-height-default elementor-section-height-default" data-id="74c278a" data-element_type="section">
						<div class="elementor-container elementor-column-gap-default">
					<div class="elementor-column elementor-col-100 elementor-top-column elementor-element elementor-element-b97666f" data-id="b97666f" data-element_type="column">
			<div class="elementor-widget-wrap elementor-element-populated">
						<div class="elementor-element elementor-element-a49966d elementor-widget elementor-widget-text-editor" data-id="a49966d" data-element_type="widget" data-widget_type="text-editor.default">
				<div class="elementor-widget-container">
									<p class="label-sans-serif">Cultiu i elaboració</p><p class="big-serif">Olivicultura de secà ecològica certificada. Collita manual i transport de l&#8217;oliva en petites caixes d&#8217;11-13 kg per mantenir les olives en òptimes condicions al pati de recepció fins al moment de ser elaborades. L&#8217;oliva es mol amb un molí de martells de tecnologia toscana, amb un posterior batut lleuger (&lt;45 minuts) i a baixa temperatura (22-25ºC), mitjançant el procés d&#8217;extracció en fred. Separació de l&#8217;oli per centrifugació en dues fases i posterior filtrat suau. Envasat en petits lots i disponible només durant els mesos de novembre i desembre. </p>								</div>
				</div>
					</div>
		</div>
					</div>
		</section>
				<section class="elementor-section elementor-top-section elementor-element elementor-element-73d2fe0 elementor-section-big elementor-section-height-default elementor-section-height-default" data-id="73d2fe0" data-element_type="section">
						<div class="elementor-container elementor-column-gap-default">
					<div class="elementor-column elementor-col-50 elementor-top-column elementor-element elementor-element-5ca4d9f" data-id="5ca4d9f" data-element_type="column">
			<div class="elementor-widget-wrap elementor-element-populated">
						<div class="elementor-element elementor-element-474b490 elementor-widget elementor-widget-video" data-id="474b490" data-element_type="widget" data-settings="{&quot;video_type&quot;:&quot;hosted&quot;,&quot;autoplay&quot;:&quot;yes&quot;,&quot;play_on_mobile&quot;:&quot;yes&quot;,&quot;mute&quot;:&quot;yes&quot;,&quot;loop&quot;:&quot;yes&quot;}" data-widget_type="video.default">
				<div class="elementor-widget-container">
							<div class="e-hosted-video elementor-wrapper elementor-open-inline">
					<video class="elementor-video" src="https://olivera.org/wp-content/uploads/2020/11/oli-finques-verd-lolivera.mp4" autoplay="" loop="" muted="muted" playsinline="" controlsList="nodownload"></video>
				</div>
						</div>
				</div>
					</div>
		</div>
				<div class="elementor-column elementor-col-50 elementor-top-column elementor-element elementor-element-4157e8d" data-id="4157e8d" data-element_type="column">
			<div class="elementor-widget-wrap elementor-element-populated">
						<div class="elementor-element elementor-element-fff1d3c elementor-widget elementor-widget-image" data-id="fff1d3c" data-element_type="widget" data-widget_type="image.default">
				<div class="elementor-widget-container">
															<img fetchpriority="high" decoding="async" width="1200" height="1600" src="https://olivera.org/wp-content/uploads/2021/01/oli-finques-verd-lolivera-02.jpg" class="attachment-full size-full wp-image-2074" alt="" srcset="https://olivera.org/wp-content/uploads/2021/01/oli-finques-verd-lolivera-02.jpg 1200w, https://olivera.org/wp-content/uploads/2021/01/oli-finques-verd-lolivera-02-600x800.jpg 600w, https://olivera.org/wp-content/uploads/2021/01/oli-finques-verd-lolivera-02-225x300.jpg 225w, https://olivera.org/wp-content/uploads/2021/01/oli-finques-verd-lolivera-02-768x1024.jpg 768w, https://olivera.org/wp-content/uploads/2021/01/oli-finques-verd-lolivera-02-1152x1536.jpg 1152w" sizes="(max-width: 1200px) 100vw, 1200px" />															</div>
				</div>
					</div>
		</div>
					</div>
		</section>
				<section class="elementor-section elementor-top-section elementor-element elementor-element-161deed elementor-section-boxed elementor-section-height-default elementor-section-height-default" data-id="161deed" data-element_type="section">
						<div class="elementor-container elementor-column-gap-default">
					<div class="elementor-column elementor-col-100 elementor-top-column elementor-element elementor-element-d231561" data-id="d231561" data-element_type="column">
			<div class="elementor-widget-wrap elementor-element-populated">
						<div class="elementor-element elementor-element-245340e elementor-widget elementor-widget-text-editor" data-id="245340e" data-element_type="widget" data-widget_type="text-editor.default">
				<div class="elementor-widget-container">
									<p class="label-sans-serif">Analítica</p><p class="big-serif small-sans-serif">Acidesa (% àcid oleic): &lt;0,15<br />Polifenols (mg/kg, ppm): 280-350 ppm<br />Àcid oleic: &gt;70%</p>								</div>
				</div>
				<div class="elementor-element elementor-element-68b638b elementor-widget elementor-widget-text-editor" data-id="68b638b" data-element_type="widget" data-widget_type="text-editor.default">
				<div class="elementor-widget-container">
									<p class="label-sans-serif">Perfil sensorial</p>
<p class="big-serif small-sans-serif">Fruitat d&#8217;oliva: &gt;5,5<br>Amarg: &gt;4,2<br>Picant: &gt;4,6</p>								</div>
				</div>
					</div>
		</div>
					</div>
		</section>
				<section class="elementor-section elementor-top-section elementor-element elementor-element-574b0aa elementor-section-boxed elementor-section-height-default elementor-section-height-default" data-id="574b0aa" data-element_type="section">
						<div class="elementor-container elementor-column-gap-default">
					<div class="elementor-column elementor-col-100 elementor-top-column elementor-element elementor-element-336f79d" data-id="336f79d" data-element_type="column">
			<div class="elementor-widget-wrap elementor-element-populated">
						<div class="elementor-element elementor-element-deaebaa elementor-widget elementor-widget-text-editor" data-id="deaebaa" data-element_type="widget" data-widget_type="text-editor.default">
				<div class="elementor-widget-container">
									<p class="label-sans-serif">Tast</p>
<p class="big-serif">Aromes frescos i salvatges, amb tocs d&#8217;herba fresca, ametlló, carxofa i tomaquera. Registres d&#8217;aromes que ens evoquen verdor. Intens i aromàtic, amb una presència marcada dels amargs i picants de registre fresc. És un oli ideal per prendre en cru, animant plats bàsics on pren el protagonisme, com el pa de massa mare, el peix al vapor o els plats a base de vegetals crus o al vapor.</p><p class="big-serif">L&#8217;oli Finques Verd és un oli estacional, que només està disponible els mesos de novembre i desembre. Per apreciar-ne totes les propietats organolèptiques, es recomana consumir-lo aviat.&nbsp;</p>								</div>
				</div>
					</div>
		</div>
					</div>
		</section>
				</div>

<p class="big-serif">Finques abancalades que dibuixen el paisatge de secà de Vallbona de les Monges, testimonis d&#8217;un passat agrícola que es fa present. L&#8217;oli Finques neix en aquestes parcel·les d&#8217;oliveres arbequines, fruit d&#8217;una agricultura gairebé de resistència.</p>
<h2><img decoding="async" class="alignnone wp-image-2071 size-full" src="https://olivera.org/wp-content/uploads/2021/01/oli-finques-verd-lolivera-01.jpg" alt="" width="1200" height="1600" srcset="https://olivera.org/wp-content/uploads/2021/01/oli-finques-verd-lolivera-01.jpg 1200w, https://olivera.org/wp-content/uploads/2021/01/oli-finques-verd-lolivera-01-600x800.jpg 600w, https://olivera.org/wp-content/uploads/2021/01/oli-finques-verd-lolivera-01-225x300.jpg 225w, https://olivera.org/wp-content/uploads/2021/01/oli-finques-verd-lolivera-01-768x1024.jpg 768w, https://olivera.org/wp-content/uploads/2021/01/oli-finques-verd-lolivera-01-1152x1536.jpg 1152w" sizes="(max-width: 1200px) 100vw, 1200px" /></h2>
<p class="big-serif">Aquest oli és el suc de les olives primerenques, collides durant les primeres setmanes de la campanya, quan l&#8217;oliva encara és verda. D&#8217;aquí les seves propietats sensorials: aromes frescos d&#8217;herba, ametlló, carxofa o tomaquera. Intens, amb amargs i picants marcats, sabors salvatges que ens evoquen els inicis de la recol·lecció.</p>
<p class="big-serif">Una intensitat aromàtica que li aporta el seu alt contingut en polifenols, que eleven les propietats antioxidants d&#8217;aquest oli. Un oli d&#8217;oliva verge extra ecològic representatiu del caràcter varietal de l&#8217;arbequina, varietat tradicional i autòctona d&#8217;aquesta zona propera a la vila d&#8217;Arbeca, que li ha donat el nom.</p>
<p class="label-sans-serif">Paisatge</p>
<p class="small-sans-serif">ORIGEN: Finques de Vallbona de les Monges, entre 500 i 600 metres d&#8217;alçada. Oliveres que creixen en les terrasses laterals que delimiten els murs centenaris de pedra seca i cultivades segons els criteris de l&#8217;agricultura ecològica en règim de secà.<br />
SÒLS: Sòls de terrasses laterals dels fons de vall que defineix el riu Maldanell, de profunditats variables.<br />
CLIMA: El clima és mediterrani continental, amb hiverns freds i secs i estius calorosos, dulcificats pel vent que, a les tardes, ve del mar (la marinada) i refresca les nits. Les pluges, escasses, es concentren a la tardor i a la primavera (350-450mm anuals). Un clima al límit que marca la frontera del cultiu de l&#8217;olivera i que afavoreix una concentració més alta en antioxidants.</p>
<p class="label-sans-serif">Varietats</p>
<p class="small-sans-serif">Arbequina</p>
<p class="label-sans-serif">Olivicultura</p>
<p class="small-sans-serif">Agricultura de secà ecològica certificada. Collita manual durant les primeres setmanes de la campanya.</p>
<p class="label-sans-serif">Elaboració</p>
<p class="small-sans-serif">Oli obtingut per procediments mecànics. Elaboració de l&#8217;oli en fred (&lt;27ºC), batut lleuger i extracció centrífuga en dues fases. Filtrat suau per tal de preservar al màxim les seves qualitats organolèptiques.</p>
<p class="label-sans-serif">Producció</p>
<p class="small-sans-serif">Collita 2022: 1.300 ampolles</p>
