{"id":1507,"date":"2020-11-25T11:13:54","date_gmt":"2020-11-25T11:13:54","guid":{"rendered":"https:\/\/olivera.org\/?post_type=product&#038;p=1507"},"modified":"2026-04-14T13:09:21","modified_gmt":"2026-04-14T13:09:21","slug":"lolivera-ecologic","status":"publish","type":"product","link":"https:\/\/olivera.org\/ca\/producte\/lolivera-ecologic\/","title":{"rendered":"L&#8217;Olivera ecol\u00f2gic 5L"},"content":{"rendered":"","protected":false},"excerpt":{"rendered":"<p class=\"big-serif\">Oli de Cada Dia, de cada \u00e0pat, de cada taula. Aquest oli \u00e9s un reivindicaci\u00f3: la d&#8217;incloure l&#8217;oli d&#8217;oliva verge extra en el nostre consum quotidi\u00e0 i fer-ne un imprescindible en la nostra dieta di\u00e0ria, en la nostra cuina, en la nostra cultura gastron\u00f2mica del dia a dia.<\/p>\n<p class=\"big-serif\"><img fetchpriority=\"high\" decoding=\"async\" class=\"alignnone wp-image-2041 size-full\" src=\"https:\/\/olivera.org\/wp-content\/uploads\/2021\/01\/oli-cada-dia-ecologic-lolivera-01.jpg\" alt=\"\" width=\"1200\" height=\"1600\" srcset=\"https:\/\/olivera.org\/wp-content\/uploads\/2021\/01\/oli-cada-dia-ecologic-lolivera-01.jpg 1200w, https:\/\/olivera.org\/wp-content\/uploads\/2021\/01\/oli-cada-dia-ecologic-lolivera-01-600x800.jpg 600w, https:\/\/olivera.org\/wp-content\/uploads\/2021\/01\/oli-cada-dia-ecologic-lolivera-01-225x300.jpg 225w, https:\/\/olivera.org\/wp-content\/uploads\/2021\/01\/oli-cada-dia-ecologic-lolivera-01-768x1024.jpg 768w, https:\/\/olivera.org\/wp-content\/uploads\/2021\/01\/oli-cada-dia-ecologic-lolivera-01-1152x1536.jpg 1152w\" sizes=\"(max-width: 1200px) 100vw, 1200px\" \/><\/p>\n<p class=\"big-serif\">Procedent d&#8217;olives arbequines cultivades segons els criteris de l&#8217;agricultura ecol\u00f2gica a la zona de la Granadella, a les Garrigues. Aquest oli expressa la subtilitat de l&#8217;arbequina, amb un registre fruitat intens per\u00f2 a la vegada lleuger, que el fa una opci\u00f3 sostenible per acompanyar-nos a taula per\u00f2 tamb\u00e9 a la cuina.<\/p>\n<p class=\"label-sans-serif\">Varietats<\/p>\n<p class=\"small-sans-serif\">Arbequina<\/p>\n<p class=\"label-sans-serif\">Tast<\/p>\n<p class=\"small-sans-serif\">Suau i equilibrat, \u00e9s el tipus d&#8217;oli que serveix per elevar el llist\u00f3 de la nostra dieta di\u00e0ria. Ideal per prendre en cru o per cuinar, amb tocs amargs i picants lleugers i delicats que el fan un company perfecte en la nostra cuina del dia a dia.<\/p>\n","protected":false},"featured_media":1585,"comment_status":"open","ping_status":"closed","template":"","meta":{"_acf_changed":false},"product_brand":[],"product_cat":[45],"product_tag":[],"class_list":{"0":"post-1507","1":"product","2":"type-product","3":"status-publish","4":"has-post-thumbnail","6":"product_cat-oils-ca","7":"pa_characteristics-oils-cada-dia","8":"pa_origin-vallbona-ca","9":"pa_unity-single-ca","10":"pa_unity-caixa-3-unitats","12":"first","13":"instock","14":"shipping-taxable","15":"purchasable","16":"product-type-simple"},"acf":[],"jetpack_sharing_enabled":true,"_links":{"self":[{"href":"https:\/\/olivera.org\/ca\/wp-json\/wp\/v2\/product\/1507","targetHints":{"allow":["GET"]}}],"collection":[{"href":"https:\/\/olivera.org\/ca\/wp-json\/wp\/v2\/product"}],"about":[{"href":"https:\/\/olivera.org\/ca\/wp-json\/wp\/v2\/types\/product"}],"replies":[{"embeddable":true,"href":"https:\/\/olivera.org\/ca\/wp-json\/wp\/v2\/comments?post=1507"}],"version-history":[{"count":1,"href":"https:\/\/olivera.org\/ca\/wp-json\/wp\/v2\/product\/1507\/revisions"}],"predecessor-version":[{"id":30659,"href":"https:\/\/olivera.org\/ca\/wp-json\/wp\/v2\/product\/1507\/revisions\/30659"}],"wp:featuredmedia":[{"embeddable":true,"href":"https:\/\/olivera.org\/ca\/wp-json\/wp\/v2\/media\/1585"}],"wp:attachment":[{"href":"https:\/\/olivera.org\/ca\/wp-json\/wp\/v2\/media?parent=1507"}],"wp:term":[{"taxonomy":"product_brand","embeddable":true,"href":"https:\/\/olivera.org\/ca\/wp-json\/wp\/v2\/product_brand?post=1507"},{"taxonomy":"product_cat","embeddable":true,"href":"https:\/\/olivera.org\/ca\/wp-json\/wp\/v2\/product_cat?post=1507"},{"taxonomy":"product_tag","embeddable":true,"href":"https:\/\/olivera.org\/ca\/wp-json\/wp\/v2\/product_tag?post=1507"}],"curies":[{"name":"wp","href":"https:\/\/api.w.org\/{rel}","templated":true}]}}

L&#8217;Olivera ecològic 5L

<p class="big-serif">Oli de Cada Dia, de cada àpat, de cada taula. Aquest oli és un reivindicació: la d&#8217;incloure l&#8217;oli d&#8217;oliva verge extra en el nostre consum quotidià i fer-ne un imprescindible en la nostra dieta diària, en la nostra cuina, en la nostra cultura gastronòmica del dia a dia.</p>
<p class="big-serif"><img fetchpriority="high" decoding="async" class="alignnone wp-image-2041 size-full" src="https://olivera.org/wp-content/uploads/2021/01/oli-cada-dia-ecologic-lolivera-01.jpg" alt="" width="1200" height="1600" srcset="https://olivera.org/wp-content/uploads/2021/01/oli-cada-dia-ecologic-lolivera-01.jpg 1200w, https://olivera.org/wp-content/uploads/2021/01/oli-cada-dia-ecologic-lolivera-01-600x800.jpg 600w, https://olivera.org/wp-content/uploads/2021/01/oli-cada-dia-ecologic-lolivera-01-225x300.jpg 225w, https://olivera.org/wp-content/uploads/2021/01/oli-cada-dia-ecologic-lolivera-01-768x1024.jpg 768w, https://olivera.org/wp-content/uploads/2021/01/oli-cada-dia-ecologic-lolivera-01-1152x1536.jpg 1152w" sizes="(max-width: 1200px) 100vw, 1200px" /></p>
<p class="big-serif">Procedent d&#8217;olives arbequines cultivades segons els criteris de l&#8217;agricultura ecològica a la zona de la Granadella, a les Garrigues. Aquest oli expressa la subtilitat de l&#8217;arbequina, amb un registre fruitat intens però a la vegada lleuger, que el fa una opció sostenible per acompanyar-nos a taula però també a la cuina.</p>
<p class="label-sans-serif">Varietats</p>
<p class="small-sans-serif">Arbequina</p>
<p class="label-sans-serif">Tast</p>
<p class="small-sans-serif">Suau i equilibrat, és el tipus d&#8217;oli que serveix per elevar el llistó de la nostra dieta diària. Ideal per prendre en cru o per cuinar, amb tocs amargs i picants lleugers i delicats que el fan un company perfecte en la nostra cuina del dia a dia.</p>
