{"id":1531,"date":"2020-11-25T11:44:32","date_gmt":"2020-11-25T11:44:32","guid":{"rendered":"https:\/\/olivera.org\/?post_type=product&#038;p=1531"},"modified":"2026-04-14T13:09:21","modified_gmt":"2026-04-14T13:09:21","slug":"oli-de-marges-100ml","status":"publish","type":"product","link":"https:\/\/olivera.org\/ca\/producte\/oli-de-marges-100ml\/","title":{"rendered":"Oli de Marges 100ml"},"content":{"rendered":"\t\t<div data-elementor-type=\"wp-post\" data-elementor-id=\"1531\" class=\"elementor elementor-1531\" data-elementor-post-type=\"product\">\n\t\t\t\t\t\t<section class=\"elementor-section elementor-top-section elementor-element elementor-element-74c278a elementor-section-boxed elementor-section-height-default elementor-section-height-default\" data-id=\"74c278a\" data-element_type=\"section\">\n\t\t\t\t\t\t<div class=\"elementor-container elementor-column-gap-default\">\n\t\t\t\t\t<div class=\"elementor-column elementor-col-100 elementor-top-column elementor-element elementor-element-b97666f\" data-id=\"b97666f\" data-element_type=\"column\">\n\t\t\t<div class=\"elementor-widget-wrap elementor-element-populated\">\n\t\t\t\t\t\t<div class=\"elementor-element elementor-element-a49966d elementor-widget elementor-widget-text-editor\" data-id=\"a49966d\" data-element_type=\"widget\" data-widget_type=\"text-editor.default\">\n\t\t\t\t<div class=\"elementor-widget-container\">\n\t\t\t\t\t\t\t\t\t<p class=\"label-sans-serif\">Cultiu i elaboraci\u00f3<\/p><p class=\"big-serif\">Olivicultura de sec\u00e0 ecol\u00f2gica certificada. Collita manual i transport de l&#8217;oliva en petites caixes d&#8217;11-13 kg per mantenir les olives en \u00f2ptimes condicions al pati de recepci\u00f3 fins al moment de ser elaborades. L&#8217;oliva es mol amb un mol\u00ed de martells de tecnologia toscana, amb un posterior batut lleuger (&lt;45 minuts) i a baixa temperatura (22-25\u00baC), mitjan\u00e7ant el proc\u00e9s d&#8217;extracci\u00f3 en fred. Separaci\u00f3 de l&#8217;oli per centrifugaci\u00f3 en dues fases i posterior filtrat. Envasat en petits lots segons demanda.<\/p>\t\t\t\t\t\t\t\t<\/div>\n\t\t\t\t<\/div>\n\t\t\t\t\t<\/div>\n\t\t<\/div>\n\t\t\t\t\t<\/div>\n\t\t<\/section>\n\t\t\t\t<section class=\"elementor-section elementor-top-section elementor-element elementor-element-73d2fe0 elementor-section-big elementor-section-height-default elementor-section-height-default\" data-id=\"73d2fe0\" data-element_type=\"section\">\n\t\t\t\t\t\t<div class=\"elementor-container elementor-column-gap-default\">\n\t\t\t\t\t<div class=\"elementor-column elementor-col-50 elementor-top-column elementor-element elementor-element-5ca4d9f\" data-id=\"5ca4d9f\" data-element_type=\"column\">\n\t\t\t<div class=\"elementor-widget-wrap elementor-element-populated\">\n\t\t\t\t\t\t<div class=\"elementor-element elementor-element-9de3d0b elementor-widget elementor-widget-video\" data-id=\"9de3d0b\" data-element_type=\"widget\" data-settings=\"{&quot;video_type&quot;:&quot;hosted&quot;,&quot;autoplay&quot;:&quot;yes&quot;,&quot;play_on_mobile&quot;:&quot;yes&quot;,&quot;mute&quot;:&quot;yes&quot;,&quot;loop&quot;:&quot;yes&quot;}\" data-widget_type=\"video.default\">\n\t\t\t\t<div class=\"elementor-widget-container\">\n\t\t\t\t\t\t\t<div class=\"e-hosted-video elementor-wrapper elementor-open-inline\">\n\t\t\t\t\t<video class=\"elementor-video\" src=\"https:\/\/olivera.org\/wp-content\/uploads\/2020\/12\/oli-marges-verd-lolivera.mp4\" autoplay=\"\" loop=\"\" muted=\"muted\" playsinline=\"\" controlsList=\"nodownload\"><\/video>\n\t\t\t\t<\/div>\n\t\t\t\t\t\t<\/div>\n\t\t\t\t<\/div>\n\t\t\t\t\t<\/div>\n\t\t<\/div>\n\t\t\t\t<div class=\"elementor-column elementor-col-50 elementor-top-column elementor-element elementor-element-4157e8d\" data-id=\"4157e8d\" data-element_type=\"column\">\n\t\t\t<div class=\"elementor-widget-wrap elementor-element-populated\">\n\t\t\t\t\t\t<div class=\"elementor-element elementor-element-fff1d3c elementor-widget elementor-widget-image\" data-id=\"fff1d3c\" data-element_type=\"widget\" data-widget_type=\"image.default\">\n\t\t\t\t<div class=\"elementor-widget-container\">\n\t\t\t\t\t\t\t\t\t\t\t\t\t\t\t<img fetchpriority=\"high\" decoding=\"async\" width=\"1200\" height=\"1600\" src=\"https:\/\/olivera.org\/wp-content\/uploads\/2021\/01\/oli-marges-verd-lolivera-02.jpg\" class=\"attachment-full size-full wp-image-2080\" alt=\"\" srcset=\"https:\/\/olivera.org\/wp-content\/uploads\/2021\/01\/oli-marges-verd-lolivera-02.jpg 1200w, https:\/\/olivera.org\/wp-content\/uploads\/2021\/01\/oli-marges-verd-lolivera-02-600x800.jpg 600w, https:\/\/olivera.org\/wp-content\/uploads\/2021\/01\/oli-marges-verd-lolivera-02-225x300.jpg 225w, https:\/\/olivera.org\/wp-content\/uploads\/2021\/01\/oli-marges-verd-lolivera-02-768x1024.jpg 768w, https:\/\/olivera.org\/wp-content\/uploads\/2021\/01\/oli-marges-verd-lolivera-02-1152x1536.jpg 1152w\" sizes=\"(max-width: 1200px) 100vw, 1200px\" \/>\t\t\t\t\t\t\t\t\t\t\t\t\t\t\t<\/div>\n\t\t\t\t<\/div>\n\t\t\t\t\t<\/div>\n\t\t<\/div>\n\t\t\t\t\t<\/div>\n\t\t<\/section>\n\t\t\t\t<section class=\"elementor-section elementor-top-section elementor-element elementor-element-161deed elementor-section-boxed elementor-section-height-default elementor-section-height-default\" data-id=\"161deed\" data-element_type=\"section\">\n\t\t\t\t\t\t<div class=\"elementor-container elementor-column-gap-default\">\n\t\t\t\t\t<div class=\"elementor-column elementor-col-100 elementor-top-column elementor-element elementor-element-d231561\" data-id=\"d231561\" data-element_type=\"column\">\n\t\t\t<div class=\"elementor-widget-wrap elementor-element-populated\">\n\t\t\t\t\t\t<div class=\"elementor-element elementor-element-245340e elementor-widget elementor-widget-text-editor\" data-id=\"245340e\" data-element_type=\"widget\" data-widget_type=\"text-editor.default\">\n\t\t\t\t<div class=\"elementor-widget-container\">\n\t\t\t\t\t\t\t\t\t<p class=\"label-sans-serif\">Anal\u00edtica<\/p><p class=\"big-serif small-sans-serif\">Acidesa (% \u00e0cid oleic): &lt;0,15<br \/>Polifenols (mg\/kg, ppm): 280-350 ppm<br \/>\u00c0cid oleic: &gt;70%<\/p>\t\t\t\t\t\t\t\t<\/div>\n\t\t\t\t<\/div>\n\t\t\t\t<div class=\"elementor-element elementor-element-68b638b elementor-widget elementor-widget-text-editor\" data-id=\"68b638b\" data-element_type=\"widget\" data-widget_type=\"text-editor.default\">\n\t\t\t\t<div class=\"elementor-widget-container\">\n\t\t\t\t\t\t\t\t\t<p class=\"label-sans-serif\">Perfil sensorial<\/p>\n<p class=\"big-serif small-sans-serif\">Fruitat d&#8217;oliva: &gt;5,2<br>Amarg: &gt;4<br>Picant: &gt;4,5<\/p>\t\t\t\t\t\t\t\t<\/div>\n\t\t\t\t<\/div>\n\t\t\t\t\t<\/div>\n\t\t<\/div>\n\t\t\t\t\t<\/div>\n\t\t<\/section>\n\t\t\t\t<section class=\"elementor-section elementor-top-section elementor-element elementor-element-574b0aa elementor-section-boxed elementor-section-height-default elementor-section-height-default\" data-id=\"574b0aa\" data-element_type=\"section\">\n\t\t\t\t\t\t<div class=\"elementor-container elementor-column-gap-default\">\n\t\t\t\t\t<div class=\"elementor-column elementor-col-100 elementor-top-column elementor-element elementor-element-336f79d\" data-id=\"336f79d\" data-element_type=\"column\">\n\t\t\t<div class=\"elementor-widget-wrap elementor-element-populated\">\n\t\t\t\t\t\t<div class=\"elementor-element elementor-element-deaebaa elementor-widget elementor-widget-text-editor\" data-id=\"deaebaa\" data-element_type=\"widget\" data-widget_type=\"text-editor.default\">\n\t\t\t\t<div class=\"elementor-widget-container\">\n\t\t\t\t\t\t\t\t\t<p class=\"label-sans-serif\">Tast<\/p><p class=\"big-serif\">Aromes fruitades amb tocs verds d&#8217;ametll\u00f3 i carxofa. Amarg i final amb un toc picant. Ideal per prendre en cru, combina b\u00e9 amb plats calents perqu\u00e8 en potencia la fracci\u00f3 arom\u00e0tica: pa torrat de massa mare, cassola de verdures o peix al vapor.<\/p>\t\t\t\t\t\t\t\t<\/div>\n\t\t\t\t<\/div>\n\t\t\t\t\t<\/div>\n\t\t<\/div>\n\t\t\t\t\t<\/div>\n\t\t<\/section>\n\t\t\t\t<\/div>\n\t\t","protected":false},"excerpt":{"rendered":"<p class=\"big-serif\">Vallbona \u00e9s terra de marges. Aquests murs de pedra seca que voregen les finques s\u00f3n el testimoni d&#8217;un paisatge agr\u00edcola viu i resilient que ens esforcem a mantenir. L&#8217;Oli de Marges vol ser el reflex d&#8217;aquest paisatge.<\/p>\n<p><img decoding=\"async\" class=\"alignnone wp-image-2077 size-full\" src=\"https:\/\/olivera.org\/wp-content\/uploads\/2021\/01\/oli-marges-verd-lolivera-01.jpg\" alt=\"\" width=\"1200\" height=\"1600\" srcset=\"https:\/\/olivera.org\/wp-content\/uploads\/2021\/01\/oli-marges-verd-lolivera-01.jpg 1200w, https:\/\/olivera.org\/wp-content\/uploads\/2021\/01\/oli-marges-verd-lolivera-01-600x800.jpg 600w, https:\/\/olivera.org\/wp-content\/uploads\/2021\/01\/oli-marges-verd-lolivera-01-225x300.jpg 225w, https:\/\/olivera.org\/wp-content\/uploads\/2021\/01\/oli-marges-verd-lolivera-01-768x1024.jpg 768w, https:\/\/olivera.org\/wp-content\/uploads\/2021\/01\/oli-marges-verd-lolivera-01-1152x1536.jpg 1152w\" sizes=\"(max-width: 1200px) 100vw, 1200px\" \/><\/p>\n<p class=\"big-serif\">Complex i arom\u00e0tic, l&#8217;Oli de Marges expressa el car\u00e0cter varietal de l&#8217;arbequina que creix en les terrasses laterals de la Vall del Corb i les Garrigues, en petites explotacions familiars d&#8217;oliveres ecol\u00f2giques cultivades de manera tradicional.<\/p>\n<p class=\"label-sans-serif\">Paisatge<\/p>\n<p class=\"small-sans-serif\">ORIGEN: Finques familiars de la Vall del Corb i les Garrigues, amb oliveres cultivades amb m\u00e8todes tradicionals, majorit\u00e0riament en r\u00e8gim de sec\u00e0, en parcel\u00b7les delimitades per marges de pedra seca.<br \/>\nS\u00d2LS: S\u00f2ls argil\u00b7localcaris de profunditats variables, de terrasses laterals de les valls que defineixen els rius Maldanell i el Corb, i els turons de les Garrigues.<br \/>\nCLIMA: El clima \u00e9s mediterrani continental, amb hiverns freds i secs i estius calorosos, dulcificats pel vent que, a les tardes, ve del mar (la marinada) i refresca les nits. Les pluges, escasses, es concentren a la tardor i a la primavera (350-450mm anuals). Un clima, a cavall entre el mediterrani i el continental, que afavoreix una concentraci\u00f3 m\u00e9s alta en antioxidants.<\/p>\n<p class=\"label-sans-serif\">Varietats<\/p>\n<p class=\"small-sans-serif\">Arbequina<\/p>\n<p class=\"label-sans-serif\">Olivicultura<\/p>\n<p class=\"small-sans-serif\">Agricultura de sec\u00e0 ecol\u00f2gica certificada. Collita manual.<\/p>\n<p class=\"label-sans-serif\">Elaboraci\u00f3<\/p>\n<p class=\"small-sans-serif\">Oli obtingut per procediments mec\u00e0nics. Elaboraci\u00f3 de l&#8217;oli en fred (&lt;27\u00baC), batut lleuger i extracci\u00f3 centr\u00edfuga en dues fases. Filtrat suau per tal de preservar les seves qualitats organol\u00e8ptiques.<\/p>\n<p class=\"label-sans-serif\">Producci\u00f3<\/p>\n<p class=\"small-sans-serif\">Collita 2021: 5000 llaunes<\/p>\n","protected":false},"featured_media":17870,"comment_status":"open","ping_status":"closed","template":"","meta":{"_acf_changed":false},"product_brand":[],"product_cat":[45],"product_tag":[],"class_list":{"0":"post-1531","1":"product","2":"type-product","3":"status-publish","4":"has-post-thumbnail","6":"product_cat-oils-ca","7":"product_shipping_class-winebox","8":"pa_characteristics-oils-premium-ca","9":"pa_origin-vallbona-ca","10":"pa_unity-single-ca","11":"pa_unity-caixa-24-unitats","13":"first","14":"instock","15":"shipping-taxable","16":"purchasable","17":"product-type-simple"},"acf":[],"jetpack_sharing_enabled":true,"_links":{"self":[{"href":"https:\/\/olivera.org\/ca\/wp-json\/wp\/v2\/product\/1531","targetHints":{"allow":["GET"]}}],"collection":[{"href":"https:\/\/olivera.org\/ca\/wp-json\/wp\/v2\/product"}],"about":[{"href":"https:\/\/olivera.org\/ca\/wp-json\/wp\/v2\/types\/product"}],"replies":[{"embeddable":true,"href":"https:\/\/olivera.org\/ca\/wp-json\/wp\/v2\/comments?post=1531"}],"version-history":[{"count":1,"href":"https:\/\/olivera.org\/ca\/wp-json\/wp\/v2\/product\/1531\/revisions"}],"predecessor-version":[{"id":33382,"href":"https:\/\/olivera.org\/ca\/wp-json\/wp\/v2\/product\/1531\/revisions\/33382"}],"wp:featuredmedia":[{"embeddable":true,"href":"https:\/\/olivera.org\/ca\/wp-json\/wp\/v2\/media\/17870"}],"wp:attachment":[{"href":"https:\/\/olivera.org\/ca\/wp-json\/wp\/v2\/media?parent=1531"}],"wp:term":[{"taxonomy":"product_brand","embeddable":true,"href":"https:\/\/olivera.org\/ca\/wp-json\/wp\/v2\/product_brand?post=1531"},{"taxonomy":"product_cat","embeddable":true,"href":"https:\/\/olivera.org\/ca\/wp-json\/wp\/v2\/product_cat?post=1531"},{"taxonomy":"product_tag","embeddable":true,"href":"https:\/\/olivera.org\/ca\/wp-json\/wp\/v2\/product_tag?post=1531"}],"curies":[{"name":"wp","href":"https:\/\/api.w.org\/{rel}","templated":true}]}}

<div data-elementor-type="wp-post" data-elementor-id="1531" class="elementor elementor-1531" data-elementor-post-type="product">
						<section class="elementor-section elementor-top-section elementor-element elementor-element-74c278a elementor-section-boxed elementor-section-height-default elementor-section-height-default" data-id="74c278a" data-element_type="section">
						<div class="elementor-container elementor-column-gap-default">
					<div class="elementor-column elementor-col-100 elementor-top-column elementor-element elementor-element-b97666f" data-id="b97666f" data-element_type="column">
			<div class="elementor-widget-wrap elementor-element-populated">
						<div class="elementor-element elementor-element-a49966d elementor-widget elementor-widget-text-editor" data-id="a49966d" data-element_type="widget" data-widget_type="text-editor.default">
				<div class="elementor-widget-container">
									<p class="label-sans-serif">Cultiu i elaboració</p><p class="big-serif">Olivicultura de secà ecològica certificada. Collita manual i transport de l&#8217;oliva en petites caixes d&#8217;11-13 kg per mantenir les olives en òptimes condicions al pati de recepció fins al moment de ser elaborades. L&#8217;oliva es mol amb un molí de martells de tecnologia toscana, amb un posterior batut lleuger (&lt;45 minuts) i a baixa temperatura (22-25ºC), mitjançant el procés d&#8217;extracció en fred. Separació de l&#8217;oli per centrifugació en dues fases i posterior filtrat. Envasat en petits lots segons demanda.</p>								</div>
				</div>
					</div>
		</div>
					</div>
		</section>
				<section class="elementor-section elementor-top-section elementor-element elementor-element-73d2fe0 elementor-section-big elementor-section-height-default elementor-section-height-default" data-id="73d2fe0" data-element_type="section">
						<div class="elementor-container elementor-column-gap-default">
					<div class="elementor-column elementor-col-50 elementor-top-column elementor-element elementor-element-5ca4d9f" data-id="5ca4d9f" data-element_type="column">
			<div class="elementor-widget-wrap elementor-element-populated">
						<div class="elementor-element elementor-element-9de3d0b elementor-widget elementor-widget-video" data-id="9de3d0b" data-element_type="widget" data-settings="{&quot;video_type&quot;:&quot;hosted&quot;,&quot;autoplay&quot;:&quot;yes&quot;,&quot;play_on_mobile&quot;:&quot;yes&quot;,&quot;mute&quot;:&quot;yes&quot;,&quot;loop&quot;:&quot;yes&quot;}" data-widget_type="video.default">
				<div class="elementor-widget-container">
							<div class="e-hosted-video elementor-wrapper elementor-open-inline">
					<video class="elementor-video" src="https://olivera.org/wp-content/uploads/2020/12/oli-marges-verd-lolivera.mp4" autoplay="" loop="" muted="muted" playsinline="" controlsList="nodownload"></video>
				</div>
						</div>
				</div>
					</div>
		</div>
				<div class="elementor-column elementor-col-50 elementor-top-column elementor-element elementor-element-4157e8d" data-id="4157e8d" data-element_type="column">
			<div class="elementor-widget-wrap elementor-element-populated">
						<div class="elementor-element elementor-element-fff1d3c elementor-widget elementor-widget-image" data-id="fff1d3c" data-element_type="widget" data-widget_type="image.default">
				<div class="elementor-widget-container">
															<img fetchpriority="high" decoding="async" width="1200" height="1600" src="https://olivera.org/wp-content/uploads/2021/01/oli-marges-verd-lolivera-02.jpg" class="attachment-full size-full wp-image-2080" alt="" srcset="https://olivera.org/wp-content/uploads/2021/01/oli-marges-verd-lolivera-02.jpg 1200w, https://olivera.org/wp-content/uploads/2021/01/oli-marges-verd-lolivera-02-600x800.jpg 600w, https://olivera.org/wp-content/uploads/2021/01/oli-marges-verd-lolivera-02-225x300.jpg 225w, https://olivera.org/wp-content/uploads/2021/01/oli-marges-verd-lolivera-02-768x1024.jpg 768w, https://olivera.org/wp-content/uploads/2021/01/oli-marges-verd-lolivera-02-1152x1536.jpg 1152w" sizes="(max-width: 1200px) 100vw, 1200px" />															</div>
				</div>
					</div>
		</div>
					</div>
		</section>
				<section class="elementor-section elementor-top-section elementor-element elementor-element-161deed elementor-section-boxed elementor-section-height-default elementor-section-height-default" data-id="161deed" data-element_type="section">
						<div class="elementor-container elementor-column-gap-default">
					<div class="elementor-column elementor-col-100 elementor-top-column elementor-element elementor-element-d231561" data-id="d231561" data-element_type="column">
			<div class="elementor-widget-wrap elementor-element-populated">
						<div class="elementor-element elementor-element-245340e elementor-widget elementor-widget-text-editor" data-id="245340e" data-element_type="widget" data-widget_type="text-editor.default">
				<div class="elementor-widget-container">
									<p class="label-sans-serif">Analítica</p><p class="big-serif small-sans-serif">Acidesa (% àcid oleic): &lt;0,15<br />Polifenols (mg/kg, ppm): 280-350 ppm<br />Àcid oleic: &gt;70%</p>								</div>
				</div>
				<div class="elementor-element elementor-element-68b638b elementor-widget elementor-widget-text-editor" data-id="68b638b" data-element_type="widget" data-widget_type="text-editor.default">
				<div class="elementor-widget-container">
									<p class="label-sans-serif">Perfil sensorial</p>
<p class="big-serif small-sans-serif">Fruitat d&#8217;oliva: &gt;5,2<br>Amarg: &gt;4<br>Picant: &gt;4,5</p>								</div>
				</div>
					</div>
		</div>
					</div>
		</section>
				<section class="elementor-section elementor-top-section elementor-element elementor-element-574b0aa elementor-section-boxed elementor-section-height-default elementor-section-height-default" data-id="574b0aa" data-element_type="section">
						<div class="elementor-container elementor-column-gap-default">
					<div class="elementor-column elementor-col-100 elementor-top-column elementor-element elementor-element-336f79d" data-id="336f79d" data-element_type="column">
			<div class="elementor-widget-wrap elementor-element-populated">
						<div class="elementor-element elementor-element-deaebaa elementor-widget elementor-widget-text-editor" data-id="deaebaa" data-element_type="widget" data-widget_type="text-editor.default">
				<div class="elementor-widget-container">
									<p class="label-sans-serif">Tast</p><p class="big-serif">Aromes fruitades amb tocs verds d&#8217;ametlló i carxofa. Amarg i final amb un toc picant. Ideal per prendre en cru, combina bé amb plats calents perquè en potencia la fracció aromàtica: pa torrat de massa mare, cassola de verdures o peix al vapor.</p>								</div>
				</div>
					</div>
		</div>
					</div>
		</section>
				</div>

<p class="big-serif">Vallbona és terra de marges. Aquests murs de pedra seca que voregen les finques són el testimoni d&#8217;un paisatge agrícola viu i resilient que ens esforcem a mantenir. L&#8217;Oli de Marges vol ser el reflex d&#8217;aquest paisatge.</p>
<p><img decoding="async" class="alignnone wp-image-2077 size-full" src="https://olivera.org/wp-content/uploads/2021/01/oli-marges-verd-lolivera-01.jpg" alt="" width="1200" height="1600" srcset="https://olivera.org/wp-content/uploads/2021/01/oli-marges-verd-lolivera-01.jpg 1200w, https://olivera.org/wp-content/uploads/2021/01/oli-marges-verd-lolivera-01-600x800.jpg 600w, https://olivera.org/wp-content/uploads/2021/01/oli-marges-verd-lolivera-01-225x300.jpg 225w, https://olivera.org/wp-content/uploads/2021/01/oli-marges-verd-lolivera-01-768x1024.jpg 768w, https://olivera.org/wp-content/uploads/2021/01/oli-marges-verd-lolivera-01-1152x1536.jpg 1152w" sizes="(max-width: 1200px) 100vw, 1200px" /></p>
<p class="big-serif">Complex i aromàtic, l&#8217;Oli de Marges expressa el caràcter varietal de l&#8217;arbequina que creix en les terrasses laterals de la Vall del Corb i les Garrigues, en petites explotacions familiars d&#8217;oliveres ecològiques cultivades de manera tradicional.</p>
<p class="label-sans-serif">Paisatge</p>
<p class="small-sans-serif">ORIGEN: Finques familiars de la Vall del Corb i les Garrigues, amb oliveres cultivades amb mètodes tradicionals, majoritàriament en règim de secà, en parcel·les delimitades per marges de pedra seca.<br />
SÒLS: Sòls argil·localcaris de profunditats variables, de terrasses laterals de les valls que defineixen els rius Maldanell i el Corb, i els turons de les Garrigues.<br />
CLIMA: El clima és mediterrani continental, amb hiverns freds i secs i estius calorosos, dulcificats pel vent que, a les tardes, ve del mar (la marinada) i refresca les nits. Les pluges, escasses, es concentren a la tardor i a la primavera (350-450mm anuals). Un clima, a cavall entre el mediterrani i el continental, que afavoreix una concentració més alta en antioxidants.</p>
<p class="label-sans-serif">Varietats</p>
<p class="small-sans-serif">Arbequina</p>
<p class="label-sans-serif">Olivicultura</p>
<p class="small-sans-serif">Agricultura de secà ecològica certificada. Collita manual.</p>
<p class="label-sans-serif">Elaboració</p>
<p class="small-sans-serif">Oli obtingut per procediments mecànics. Elaboració de l&#8217;oli en fred (&lt;27ºC), batut lleuger i extracció centrífuga en dues fases. Filtrat suau per tal de preservar les seves qualitats organolèptiques.</p>
<p class="label-sans-serif">Producció</p>
<p class="small-sans-serif">Collita 2021: 5000 llaunes</p>
