{"id":1724,"date":"2020-12-04T12:19:55","date_gmt":"2020-12-04T12:19:55","guid":{"rendered":"https:\/\/olivera.org\/?post_type=product&#038;p=1724"},"modified":"2026-04-26T21:12:37","modified_gmt":"2026-04-26T21:12:37","slug":"vi-de-cada-dia-blanc-5l","status":"publish","type":"product","link":"https:\/\/olivera.org\/ca\/producte\/vi-de-cada-dia-blanc-5l\/","title":{"rendered":"Vi de Cada Dia blanc 5L"},"content":{"rendered":"","protected":false},"excerpt":{"rendered":"<p class=\"big-serif\">Pensat per gaudir-lo cada dia, ideal per a aquelles persones que incorporen el vi com un aliment m\u00e9s en la seva dieta mediterr\u00e0nia en el dia a dia, buscant perfils suaus i \u00e0gils que les acompanyin a taula.<\/p>\n<h2><img fetchpriority=\"high\" decoding=\"async\" class=\"alignnone wp-image-2116 size-full\" src=\"https:\/\/olivera.org\/wp-content\/uploads\/2021\/01\/vi-blanc-cada-dia-lolivera-01.jpg\" alt=\"\" width=\"1200\" height=\"1600\" srcset=\"https:\/\/olivera.org\/wp-content\/uploads\/2021\/01\/vi-blanc-cada-dia-lolivera-01.jpg 1200w, https:\/\/olivera.org\/wp-content\/uploads\/2021\/01\/vi-blanc-cada-dia-lolivera-01-600x800.jpg 600w, https:\/\/olivera.org\/wp-content\/uploads\/2021\/01\/vi-blanc-cada-dia-lolivera-01-225x300.jpg 225w, https:\/\/olivera.org\/wp-content\/uploads\/2021\/01\/vi-blanc-cada-dia-lolivera-01-768x1024.jpg 768w, https:\/\/olivera.org\/wp-content\/uploads\/2021\/01\/vi-blanc-cada-dia-lolivera-01-1152x1536.jpg 1152w\" sizes=\"(max-width: 1200px) 100vw, 1200px\" \/><\/h2>\n<p class=\"big-serif\">Fresc i jove, el Vi de Cada Dia blanc ens transporta al paisatge fresc de Vallbona de les Monges, d&#8217;on surt aquest vi que ens rega els \u00e0pats. El format de <em>bag-in-box<\/em>, a m\u00e9s, conserva el vi en bones condicions, \u00e9s apte per guardar-lo al frigor\u00edfic i permet un f\u00e0cil servei.<\/p>\n<p class=\"label-sans-serif\">Varietats<\/p>\n<p class=\"small-sans-serif\">El cupatge pot ser variable en funci\u00f3 de cada anyada i lot, integrant sobretot Macabeu, Parellada, Garnatxa blanca i Xarel\u00b7lo.<\/p>\n<p class=\"label-sans-serif\">Tast<\/p>\n<p class=\"small-sans-serif\">Suau i equilibrat, \u00e9s el tipus de vi que acompanya la cuina di\u00e0ria. La seva frescor el fa ideal per prendre a copes.<\/p>\n","protected":false},"featured_media":25399,"comment_status":"open","ping_status":"closed","template":"","meta":{"_acf_changed":false},"product_brand":[],"product_cat":[44],"product_tag":[],"class_list":{"0":"post-1724","1":"product","2":"type-product","3":"status-publish","4":"has-post-thumbnail","6":"product_cat-wines-ca","7":"pa_characteristics-wines-cada-dia","8":"pa_origin-vallbona-ca","9":"pa_unity-single-ca","10":"pa_wine-type-blancs","12":"first","13":"instock","14":"shipping-taxable","15":"purchasable","16":"product-type-variable"},"acf":[],"jetpack_sharing_enabled":true,"_links":{"self":[{"href":"https:\/\/olivera.org\/ca\/wp-json\/wp\/v2\/product\/1724","targetHints":{"allow":["GET"]}}],"collection":[{"href":"https:\/\/olivera.org\/ca\/wp-json\/wp\/v2\/product"}],"about":[{"href":"https:\/\/olivera.org\/ca\/wp-json\/wp\/v2\/types\/product"}],"replies":[{"embeddable":true,"href":"https:\/\/olivera.org\/ca\/wp-json\/wp\/v2\/comments?post=1724"}],"version-history":[{"count":0,"href":"https:\/\/olivera.org\/ca\/wp-json\/wp\/v2\/product\/1724\/revisions"}],"wp:featuredmedia":[{"embeddable":true,"href":"https:\/\/olivera.org\/ca\/wp-json\/wp\/v2\/media\/25399"}],"wp:attachment":[{"href":"https:\/\/olivera.org\/ca\/wp-json\/wp\/v2\/media?parent=1724"}],"wp:term":[{"taxonomy":"product_brand","embeddable":true,"href":"https:\/\/olivera.org\/ca\/wp-json\/wp\/v2\/product_brand?post=1724"},{"taxonomy":"product_cat","embeddable":true,"href":"https:\/\/olivera.org\/ca\/wp-json\/wp\/v2\/product_cat?post=1724"},{"taxonomy":"product_tag","embeddable":true,"href":"https:\/\/olivera.org\/ca\/wp-json\/wp\/v2\/product_tag?post=1724"}],"curies":[{"name":"wp","href":"https:\/\/api.w.org\/{rel}","templated":true}]}}

<p class="big-serif">Pensat per gaudir-lo cada dia, ideal per a aquelles persones que incorporen el vi com un aliment més en la seva dieta mediterrània en el dia a dia, buscant perfils suaus i àgils que les acompanyin a taula.</p>
<h2><img fetchpriority="high" decoding="async" class="alignnone wp-image-2116 size-full" src="https://olivera.org/wp-content/uploads/2021/01/vi-blanc-cada-dia-lolivera-01.jpg" alt="" width="1200" height="1600" srcset="https://olivera.org/wp-content/uploads/2021/01/vi-blanc-cada-dia-lolivera-01.jpg 1200w, https://olivera.org/wp-content/uploads/2021/01/vi-blanc-cada-dia-lolivera-01-600x800.jpg 600w, https://olivera.org/wp-content/uploads/2021/01/vi-blanc-cada-dia-lolivera-01-225x300.jpg 225w, https://olivera.org/wp-content/uploads/2021/01/vi-blanc-cada-dia-lolivera-01-768x1024.jpg 768w, https://olivera.org/wp-content/uploads/2021/01/vi-blanc-cada-dia-lolivera-01-1152x1536.jpg 1152w" sizes="(max-width: 1200px) 100vw, 1200px" /></h2>
<p class="big-serif">Fresc i jove, el Vi de Cada Dia blanc ens transporta al paisatge fresc de Vallbona de les Monges, d&#8217;on surt aquest vi que ens rega els àpats. El format de <em>bag-in-box</em>, a més, conserva el vi en bones condicions, és apte per guardar-lo al frigorífic i permet un fàcil servei.</p>
<p class="label-sans-serif">Varietats</p>
<p class="small-sans-serif">El cupatge pot ser variable en funció de cada anyada i lot, integrant sobretot Macabeu, Parellada, Garnatxa blanca i Xarel·lo.</p>
<p class="label-sans-serif">Tast</p>
<p class="small-sans-serif">Suau i equilibrat, és el tipus de vi que acompanya la cuina diària. La seva frescor el fa ideal per prendre a copes.</p>
