{"id":14700,"date":"2022-03-28T10:18:44","date_gmt":"2022-03-28T10:18:44","guid":{"rendered":"https:\/\/olivera.org\/activity\/voluntariado\/"},"modified":"2022-06-29T09:03:01","modified_gmt":"2022-06-29T09:03:01","slug":"voluntariado","status":"publish","type":"olivera_activity","link":"https:\/\/olivera.org\/es\/actividad\/voluntariado\/","title":{"rendered":"Voluntariado"},"content":{"rendered":"\t\t<div data-elementor-type=\"wp-post\" data-elementor-id=\"14700\" class=\"elementor elementor-14700 elementor-13494\" data-elementor-post-type=\"olivera_activity\">\n\t\t\t\t\t\t<section class=\"elementor-section elementor-top-section elementor-element elementor-element-f25b35a elementor-section-boxed elementor-section-height-default elementor-section-height-default\" data-id=\"f25b35a\" data-element_type=\"section\">\n\t\t\t\t\t\t<div class=\"elementor-container elementor-column-gap-default\">\n\t\t\t\t\t<div class=\"elementor-column elementor-col-100 elementor-top-column elementor-element elementor-element-2371e7d\" data-id=\"2371e7d\" data-element_type=\"column\">\n\t\t\t<div class=\"elementor-widget-wrap elementor-element-populated\">\n\t\t\t\t\t\t<div class=\"elementor-element elementor-element-ec5fd27 elementor-widget elementor-widget-text-editor\" data-id=\"ec5fd27\" data-element_type=\"widget\" data-widget_type=\"text-editor.default\">\n\t\t\t\t<div class=\"elementor-widget-container\">\n\t\t\t\t\t\t\t\t\t<p>Junto con el <a href=\"https:\/\/www.parcnaturalcollserola.cat\/participacio\/\"><strong>Parque Natural de Collserola<\/strong><\/a>, proponemos diferentes actuaciones y tareas colaborativas, totalmente gratuitas, que promueven la participaci\u00f3n activa en el mantenimiento de la finca municipal de Can Calopa. No s\u00f3lo queremos tejer complicidades con nuestros vecinos sin\u00f3 que tambi\u00e9n queremos dar a conocer, recuperar y preservar el patrimnio natural y arquitect\u00f3nico de la Sierra de Collserola. <\/p>\n<p>Fomentamos el trabajo conjunto en actuaciones como el arreglo y mantenimiento de espacios de la finca as\u00ed como actividades vinculadas con nuestro d\u00eda a d\u00eda como podar la vi\u00f1a, limpiar el corral y el gallinero y apilar la le\u00f1a. No falta nunca un buen desayuno y una cata de nuestros productos para recuperar fuerzas y agradecer el trabajo hecho. \u00a1ap\u00fantate!<\/p>\n<p>Todas las actividades tambi\u00e9n pueden adaptarse y estan abiertas a empresas que busquen mejorar su compromiso social, \u00e9tico y medioambiental a trav\u00e9s de propuestas de <strong>Responsabilidad Social Corporativa (RSC)<\/strong>.<\/p>\n<p>M\u00e1s informaci\u00f3n y reservas en: <strong>formacio@olivera.org<\/strong><\/p>\n\t\t\t\t\t\t\t\t<\/div>\n\t\t\t\t<\/div>\n\t\t\t\t\t<\/div>\n\t\t<\/div>\n\t\t\t\t\t<\/div>\n\t\t<\/section>\n\t\t\t\t<section class=\"elementor-section elementor-top-section elementor-element elementor-element-4685025 elementor-section-big elementor-section-height-default elementor-section-height-default\" data-id=\"4685025\" data-element_type=\"section\">\n\t\t\t\t\t\t<div class=\"elementor-container elementor-column-gap-default\">\n\t\t\t\t\t<div class=\"elementor-column elementor-col-100 elementor-top-column elementor-element elementor-element-3852b44\" data-id=\"3852b44\" data-element_type=\"column\">\n\t\t\t<div class=\"elementor-widget-wrap elementor-element-populated\">\n\t\t\t\t\t\t<div class=\"elementor-element elementor-element-ed6eeb2 elementor-widget elementor-widget-olivera-activitylisting\" data-id=\"ed6eeb2\" data-element_type=\"widget\" data-widget_type=\"olivera-activitylisting.default\">\n\t\t\t\t<div class=\"elementor-widget-container\">\n\t\t\t\t\t<div class=\"activity-list\" data-background-color=\"grey\" ><article class=\"activity\"><a class=\"block-link\" href=\"https:\/\/olivera.org\/es\/actividad\/quiere-colaborar-hacemos-cultura-de-margenes\/\"><div class=\"featured-image\"><div class=\"image\" style=\"background-image: url(https:\/\/olivera.org\/wp-content\/uploads\/2021\/11\/Vols-collaborar.jpg);\"><\/div><\/div><div class=\"description\"><div class=\"details\"><p class=\"days\"><svg xmlns=\"http:\/\/www.w3.org\/2000\/svg\" width=\"15.57\" height=\"14.383\" viewBox=\"0 0 15.57 14.383\">\n  <path id=\"Trazado_11674\" data-name=\"Trazado 11674\" d=\"M4.445,1.563H15.117A2.152,2.152,0,0,0,17.563-.859V-10.4a2.152,2.152,0,0,0-2.445-2.422H4.445A2.155,2.155,0,0,0,1.992-10.4V-.859A2.155,2.155,0,0,0,4.445,1.563ZM4.328.3A.971.971,0,0,1,3.25-.789V-8.156A.974.974,0,0,1,4.328-9.25H15.219A.979.979,0,0,1,16.3-8.156V-.789A.976.976,0,0,1,15.219.3ZM8.25-6.445h.461c.273,0,.367-.078.367-.352v-.461c0-.273-.094-.359-.367-.359H8.25c-.273,0-.367.086-.367.359V-6.8C7.883-6.523,7.977-6.445,8.25-6.445Zm2.6,0H11.3c.273,0,.367-.078.367-.352v-.461c0-.273-.094-.359-.367-.359h-.453c-.281,0-.367.086-.367.359V-6.8C10.484-6.523,10.57-6.445,10.852-6.445Zm2.594,0h.461c.273,0,.359-.078.359-.352v-.461c0-.273-.086-.359-.359-.359h-.461c-.273,0-.367.086-.367.359V-6.8C13.078-6.523,13.172-6.445,13.445-6.445ZM5.656-3.891h.461c.273,0,.359-.078.359-.352V-4.7c0-.273-.086-.352-.359-.352H5.656c-.273,0-.367.078-.367.352v.461C5.289-3.969,5.383-3.891,5.656-3.891Zm2.594,0h.461c.273,0,.367-.078.367-.352V-4.7c0-.273-.094-.352-.367-.352H8.25c-.273,0-.367.078-.367.352v.461C7.883-3.969,7.977-3.891,8.25-3.891Zm2.6,0H11.3c.273,0,.367-.078.367-.352V-4.7c0-.273-.094-.352-.367-.352h-.453c-.281,0-.367.078-.367.352v.461C10.484-3.969,10.57-3.891,10.852-3.891Zm2.594,0h.461c.273,0,.359-.078.359-.352V-4.7c0-.273-.086-.352-.359-.352h-.461c-.273,0-.367.078-.367.352v.461C13.078-3.969,13.172-3.891,13.445-3.891ZM5.656-1.328h.461c.273,0,.359-.086.359-.359v-.461c0-.273-.086-.352-.359-.352H5.656c-.273,0-.367.078-.367.352v.461C5.289-1.414,5.383-1.328,5.656-1.328Zm2.594,0h.461c.273,0,.367-.086.367-.359v-.461c0-.273-.094-.352-.367-.352H8.25c-.273,0-.367.078-.367.352v.461C7.883-1.414,7.977-1.328,8.25-1.328Zm2.6,0H11.3c.273,0,.367-.086.367-.359v-.461c0-.273-.094-.352-.367-.352h-.453c-.281,0-.367.078-.367.352v.461C10.484-1.414,10.57-1.328,10.852-1.328Z\" transform=\"translate(-1.992 12.82)\" fill=\"#001e53\"\/>\n<\/svg>\n27 enero<\/p><p class=\"location\"><svg xmlns=\"http:\/\/www.w3.org\/2000\/svg\" width=\"17.157\" height=\"21.167\" viewBox=\"0 0 17.157 21.167\">\r\n  <path id=\"Trazado_11672\" data-name=\"Trazado 11672\" d=\"M56.723,23.591a2.025,2.025,0,0,0,2.7,0c2.414-2.21,7.224-7.287,7.224-12.684C66.637,6.5,62.8,2.94,58.068,2.94h-.554A8.3,8.3,0,0,0,49.49,11C49.547,16.365,54.318,21.378,56.723,23.591ZM54.639,10.907a3.438,3.438,0,0,1,6.859,0,3.439,3.439,0,0,1-6.859.016Z\" transform=\"translate(-49.49 -2.94)\" fill=\"#001e53\"\/>\r\n<\/svg>\r\nMas\u00eda Can Calopa de Dalt<\/p><p class=\"length\"><svg xmlns=\"http:\/\/www.w3.org\/2000\/svg\" width=\"15.938\" height=\"15.938\" viewBox=\"0 0 15.938 15.938\">\r\n  <path id=\"Trazado_11673\" data-name=\"Trazado 11673\" d=\"M9.367,2.328a8.023,8.023,0,0,0,7.969-7.969,8.035,8.035,0,0,0-7.977-7.969A8.026,8.026,0,0,0,1.4-5.641,8.028,8.028,0,0,0,9.367,2.328ZM9.367,1A6.609,6.609,0,0,1,2.734-5.641a6.607,6.607,0,0,1,6.625-6.641,6.632,6.632,0,0,1,6.648,6.641A6.61,6.61,0,0,1,9.367,1ZM5.281-4.8H9.359a.539.539,0,0,0,.547-.547v-5.266a.537.537,0,0,0-.547-.539.53.53,0,0,0-.539.539v4.727H5.281a.532.532,0,0,0-.547.539A.534.534,0,0,0,5.281-4.8Z\" transform=\"translate(-1.398 13.609)\" fill=\"#001e53\"\/>\r\n<\/svg>\r\n10h-13.30h<\/p><\/div><h1 class=\"title\">\u00bfQuiere colaborar? Hacemos cultura de m\u00e1rgenes<\/h1><p class=\"excerpt\">Pasa una ma\u00f1ana diferente haciendo de voluntario para recuperar y poner en valor el patrimonio agroecol\u00f3gico de la finca de Can Calopa y el entorno medioambiental del Parque Natural de Collserola. Colabora con nosotros y disfruta de un desayuno y cata de nuestros vinos de forma gratuita. <\/p><p class=\"button\">Saber m\u00e1s<\/p><\/div><\/a><\/article><\/div>\t\t\t\t<\/div>\n\t\t\t\t<\/div>\n\t\t\t\t\t<\/div>\n\t\t<\/div>\n\t\t\t\t\t<\/div>\n\t\t<\/section>\n\t\t\t\t<\/div>\n\t\t","protected":false},"excerpt":{"rendered":"<p>Os proponemos diferentes actividades colaborativas para que, de la mano del Parque Natural de Collserola, nos ayud\u00e9is a mantener activa la finca de Can Calopa. Estas tareas se dirigen a personsas sensibilizadas con el medio natural as\u00ed como a empresas y colectivos que busquen actividades de Responsabilidad Social Corporativa. <\/p>\n","protected":false},"featured_media":14340,"template":"","class_list":["post-14700","olivera_activity","type-olivera_activity","status-publish","has-post-thumbnail","hentry"],"acf":[],"jetpack_sharing_enabled":true,"_links":{"self":[{"href":"https:\/\/olivera.org\/es\/wp-json\/wp\/v2\/olivera_activity\/14700","targetHints":{"allow":["GET"]}}],"collection":[{"href":"https:\/\/olivera.org\/es\/wp-json\/wp\/v2\/olivera_activity"}],"about":[{"href":"https:\/\/olivera.org\/es\/wp-json\/wp\/v2\/types\/olivera_activity"}],"version-history":[{"count":0,"href":"https:\/\/olivera.org\/es\/wp-json\/wp\/v2\/olivera_activity\/14700\/revisions"}],"wp:featuredmedia":[{"embeddable":true,"href":"https:\/\/olivera.org\/es\/wp-json\/wp\/v2\/media\/14340"}],"wp:attachment":[{"href":"https:\/\/olivera.org\/es\/wp-json\/wp\/v2\/media?parent=14700"}],"curies":[{"name":"wp","href":"https:\/\/api.w.org\/{rel}","templated":true}]}}

<div data-elementor-type="wp-post" data-elementor-id="14700" class="elementor elementor-14700 elementor-13494" data-elementor-post-type="olivera_activity">
						<section class="elementor-section elementor-top-section elementor-element elementor-element-f25b35a elementor-section-boxed elementor-section-height-default elementor-section-height-default" data-id="f25b35a" data-element_type="section">
						<div class="elementor-container elementor-column-gap-default">
					<div class="elementor-column elementor-col-100 elementor-top-column elementor-element elementor-element-2371e7d" data-id="2371e7d" data-element_type="column">
			<div class="elementor-widget-wrap elementor-element-populated">
						<div class="elementor-element elementor-element-ec5fd27 elementor-widget elementor-widget-text-editor" data-id="ec5fd27" data-element_type="widget" data-widget_type="text-editor.default">
				<div class="elementor-widget-container">
									<p>Junto con el <a href="https://www.parcnaturalcollserola.cat/participacio/"><strong>Parque Natural de Collserola</strong></a>, proponemos diferentes actuaciones y tareas colaborativas, totalmente gratuitas, que promueven la participación activa en el mantenimiento de la finca municipal de Can Calopa. No sólo queremos tejer complicidades con nuestros vecinos sinó que también queremos dar a conocer, recuperar y preservar el patrimnio natural y arquitectónico de la Sierra de Collserola. </p>
<p>Fomentamos el trabajo conjunto en actuaciones como el arreglo y mantenimiento de espacios de la finca así como actividades vinculadas con nuestro día a día como podar la viña, limpiar el corral y el gallinero y apilar la leña. No falta nunca un buen desayuno y una cata de nuestros productos para recuperar fuerzas y agradecer el trabajo hecho. ¡apúntate!</p>
<p>Todas las actividades también pueden adaptarse y estan abiertas a empresas que busquen mejorar su compromiso social, ético y medioambiental a través de propuestas de <strong>Responsabilidad Social Corporativa (RSC)</strong>.</p>
<p>Más información y reservas en: <strong>formacio@olivera.org</strong></p>
								</div>
				</div>
					</div>
		</div>
					</div>
		</section>
				<section class="elementor-section elementor-top-section elementor-element elementor-element-4685025 elementor-section-big elementor-section-height-default elementor-section-height-default" data-id="4685025" data-element_type="section">
						<div class="elementor-container elementor-column-gap-default">
					<div class="elementor-column elementor-col-100 elementor-top-column elementor-element elementor-element-3852b44" data-id="3852b44" data-element_type="column">
			<div class="elementor-widget-wrap elementor-element-populated">
						<div class="elementor-element elementor-element-ed6eeb2 elementor-widget elementor-widget-olivera-activitylisting" data-id="ed6eeb2" data-element_type="widget" data-widget_type="olivera-activitylisting.default">
				<div class="elementor-widget-container">
					<div class="activity-list" data-background-color="grey" ><article class="activity"><a class="block-link" href="https://olivera.org/es/actividad/quiere-colaborar-hacemos-cultura-de-margenes/"><div class="featured-image"><div class="image" style="background-image: url(https://olivera.org/wp-content/uploads/2021/11/Vols-collaborar.jpg);"></div></div><div class="description"><div class="details"><p class="days"><svg xmlns="http://www.w3.org/2000/svg" width="15.57" height="14.383" viewBox="0 0 15.57 14.383">
  <path id="Trazado_11674" data-name="Trazado 11674" d="M4.445,1.563H15.117A2.152,2.152,0,0,0,17.563-.859V-10.4a2.152,2.152,0,0,0-2.445-2.422H4.445A2.155,2.155,0,0,0,1.992-10.4V-.859A2.155,2.155,0,0,0,4.445,1.563ZM4.328.3A.971.971,0,0,1,3.25-.789V-8.156A.974.974,0,0,1,4.328-9.25H15.219A.979.979,0,0,1,16.3-8.156V-.789A.976.976,0,0,1,15.219.3ZM8.25-6.445h.461c.273,0,.367-.078.367-.352v-.461c0-.273-.094-.359-.367-.359H8.25c-.273,0-.367.086-.367.359V-6.8C7.883-6.523,7.977-6.445,8.25-6.445Zm2.6,0H11.3c.273,0,.367-.078.367-.352v-.461c0-.273-.094-.359-.367-.359h-.453c-.281,0-.367.086-.367.359V-6.8C10.484-6.523,10.57-6.445,10.852-6.445Zm2.594,0h.461c.273,0,.359-.078.359-.352v-.461c0-.273-.086-.359-.359-.359h-.461c-.273,0-.367.086-.367.359V-6.8C13.078-6.523,13.172-6.445,13.445-6.445ZM5.656-3.891h.461c.273,0,.359-.078.359-.352V-4.7c0-.273-.086-.352-.359-.352H5.656c-.273,0-.367.078-.367.352v.461C5.289-3.969,5.383-3.891,5.656-3.891Zm2.594,0h.461c.273,0,.367-.078.367-.352V-4.7c0-.273-.094-.352-.367-.352H8.25c-.273,0-.367.078-.367.352v.461C7.883-3.969,7.977-3.891,8.25-3.891Zm2.6,0H11.3c.273,0,.367-.078.367-.352V-4.7c0-.273-.094-.352-.367-.352h-.453c-.281,0-.367.078-.367.352v.461C10.484-3.969,10.57-3.891,10.852-3.891Zm2.594,0h.461c.273,0,.359-.078.359-.352V-4.7c0-.273-.086-.352-.359-.352h-.461c-.273,0-.367.078-.367.352v.461C13.078-3.969,13.172-3.891,13.445-3.891ZM5.656-1.328h.461c.273,0,.359-.086.359-.359v-.461c0-.273-.086-.352-.359-.352H5.656c-.273,0-.367.078-.367.352v.461C5.289-1.414,5.383-1.328,5.656-1.328Zm2.594,0h.461c.273,0,.367-.086.367-.359v-.461c0-.273-.094-.352-.367-.352H8.25c-.273,0-.367.078-.367.352v.461C7.883-1.414,7.977-1.328,8.25-1.328Zm2.6,0H11.3c.273,0,.367-.086.367-.359v-.461c0-.273-.094-.352-.367-.352h-.453c-.281,0-.367.078-.367.352v.461C10.484-1.414,10.57-1.328,10.852-1.328Z" transform="translate(-1.992 12.82)" fill="#001e53"/>
</svg>
27 enero</p><p class="location"><svg xmlns="http://www.w3.org/2000/svg" width="17.157" height="21.167" viewBox="0 0 17.157 21.167">
  <path id="Trazado_11672" data-name="Trazado 11672" d="M56.723,23.591a2.025,2.025,0,0,0,2.7,0c2.414-2.21,7.224-7.287,7.224-12.684C66.637,6.5,62.8,2.94,58.068,2.94h-.554A8.3,8.3,0,0,0,49.49,11C49.547,16.365,54.318,21.378,56.723,23.591ZM54.639,10.907a3.438,3.438,0,0,1,6.859,0,3.439,3.439,0,0,1-6.859.016Z" transform="translate(-49.49 -2.94)" fill="#001e53"/>
</svg>
Masía Can Calopa de Dalt</p><p class="length"><svg xmlns="http://www.w3.org/2000/svg" width="15.938" height="15.938" viewBox="0 0 15.938 15.938">
  <path id="Trazado_11673" data-name="Trazado 11673" d="M9.367,2.328a8.023,8.023,0,0,0,7.969-7.969,8.035,8.035,0,0,0-7.977-7.969A8.026,8.026,0,0,0,1.4-5.641,8.028,8.028,0,0,0,9.367,2.328ZM9.367,1A6.609,6.609,0,0,1,2.734-5.641a6.607,6.607,0,0,1,6.625-6.641,6.632,6.632,0,0,1,6.648,6.641A6.61,6.61,0,0,1,9.367,1ZM5.281-4.8H9.359a.539.539,0,0,0,.547-.547v-5.266a.537.537,0,0,0-.547-.539.53.53,0,0,0-.539.539v4.727H5.281a.532.532,0,0,0-.547.539A.534.534,0,0,0,5.281-4.8Z" transform="translate(-1.398 13.609)" fill="#001e53"/>
</svg>
10h-13.30h</p></div><h1 class="title">¿Quiere colaborar? Hacemos cultura de márgenes</h1><p class="excerpt">Pasa una mañana diferente haciendo de voluntario para recuperar y poner en valor el patrimonio agroecológico de la finca de Can Calopa y el entorno medioambiental del Parque Natural de Collserola. Colabora con nosotros y disfruta de un desayuno y cata de nuestros vinos de forma gratuita. </p><p class="button">Saber más</p></div></a></article></div>				</div>
				</div>
					</div>
		</div>
					</div>
		</section>
				</div>

<p>Os proponemos diferentes actividades colaborativas para que, de la mano del Parque Natural de Collserola, nos ayudéis a mantener activa la finca de Can Calopa. Estas tareas se dirigen a personsas sensibilizadas con el medio natural así como a empresas y colectivos que busquen actividades de Responsabilidad Social Corporativa. </p>
