{"id":15598,"date":"2022-05-12T09:04:54","date_gmt":"2022-05-12T09:04:54","guid":{"rendered":"https:\/\/olivera.org\/activity\/ciclo-de-poesia-recital-de-josep-pedrals-con-pedrals-25\/"},"modified":"2022-05-12T09:08:12","modified_gmt":"2022-05-12T09:08:12","slug":"ciclo-de-poesia-recital-de-josep-pedrals-con-pedrals-25","status":"publish","type":"olivera_activity","link":"https:\/\/olivera.org\/es\/actividad\/ciclo-de-poesia-recital-de-josep-pedrals-con-pedrals-25\/","title":{"rendered":"Ciclo de poes\u00eda: recital de Josep Pedrals con \u00abPedrals 25\u00bb"},"content":{"rendered":"\t\t<div data-elementor-type=\"wp-post\" data-elementor-id=\"15598\" class=\"elementor elementor-15598 elementor-15568\" data-elementor-post-type=\"olivera_activity\">\n\t\t\t\t\t\t<section class=\"elementor-section elementor-top-section elementor-element elementor-element-a8d1a0d elementor-section-boxed elementor-section-height-default elementor-section-height-default\" data-id=\"a8d1a0d\" data-element_type=\"section\">\n\t\t\t\t\t\t<div class=\"elementor-container elementor-column-gap-default\">\n\t\t\t\t\t<div class=\"elementor-column elementor-col-100 elementor-top-column elementor-element elementor-element-7923ff6\" data-id=\"7923ff6\" data-element_type=\"column\">\n\t\t\t<div class=\"elementor-widget-wrap elementor-element-populated\">\n\t\t\t\t\t\t<div class=\"elementor-element elementor-element-61ed036 elementor-widget elementor-widget-text-editor\" data-id=\"61ed036\" data-element_type=\"widget\" data-widget_type=\"text-editor.default\">\n\t\t\t\t<div class=\"elementor-widget-container\">\n\t\t\t\t\t\t\t\t\t<p>Abrimos las puertas de La Vinoteca de Can Calopa a la cultura, con una nueva sesi\u00f3n del ciclo de poes\u00eda que, en esta ocasi\u00f3n, protagonizar\u00e1 el poeta barcelon\u00e9s Josep Pedrals con el recital \u00abPedrals 25\u00bb, un montaje para celebrar que el autor lleva ya m\u00e1s de 25 a\u00f1os haciendo recitales por escenarios de todo el mundo y que sirve para repasar los poemas m\u00e1s representativos de su trayectoria. Una gran fiesta verbal de este reconocido poeta y escritor catal\u00e1n que dice que escribe \u00abpor necesidad, por voluntad y por encargo\u00bb.<\/p>\n<p>El recital estar\u00e1 presentado y conducido por el poeta Eduard Sanahuja y se iniciar\u00e1 con una copa de vino de bienvenida para acercar, tambi\u00e9n, la cultura del vino a los asistentes.<\/p>\n<p>Despu\u00e9s del recital, qui\u00e9n lo desee, puede quedarse a cenar en La Vinoteca, con reserva previa en <a href=\"mailto:lavinoteca@olivera.org\"><strong>lavinoteca@olivera.org<\/strong><\/a> o llamando al <strong>646 619 188<\/strong>.<\/p>\n\t\t\t\t\t\t\t\t<\/div>\n\t\t\t\t<\/div>\n\t\t\t\t\t<\/div>\n\t\t<\/div>\n\t\t\t\t\t<\/div>\n\t\t<\/section>\n\t\t\t\t<section class=\"elementor-section elementor-top-section elementor-element elementor-element-1a7a1ee elementor-section-boxed elementor-section-height-default elementor-section-height-default\" data-id=\"1a7a1ee\" data-element_type=\"section\">\n\t\t\t\t\t\t<div class=\"elementor-container elementor-column-gap-default\">\n\t\t\t\t\t<div class=\"elementor-column elementor-col-100 elementor-top-column elementor-element elementor-element-1b99d31\" data-id=\"1b99d31\" data-element_type=\"column\">\n\t\t\t<div class=\"elementor-widget-wrap elementor-element-populated\">\n\t\t\t\t\t\t<div class=\"elementor-element elementor-element-aef2255 elementor-align-center elementor-widget elementor-widget-button\" data-id=\"aef2255\" data-element_type=\"widget\" data-widget_type=\"button.default\">\n\t\t\t\t<div class=\"elementor-widget-container\">\n\t\t\t\t\t\t\t\t\t<div class=\"elementor-button-wrapper\">\n\t\t\t\t\t<a class=\"elementor-button elementor-button-link elementor-size-sm\" href=\"https:\/\/olivera.org\/es\/producto\/cicle-de-poesia-recital-de-josep-pedrals-amb-pedrals-25\/\">\n\t\t\t\t\t\t<span class=\"elementor-button-content-wrapper\">\n\t\t\t\t\t\t\t\t\t<span class=\"elementor-button-text\">Comprar entradas<\/span>\n\t\t\t\t\t<\/span>\n\t\t\t\t\t<\/a>\n\t\t\t\t<\/div>\n\t\t\t\t\t\t\t\t<\/div>\n\t\t\t\t<\/div>\n\t\t\t\t\t<\/div>\n\t\t<\/div>\n\t\t\t\t\t<\/div>\n\t\t<\/section>\n\t\t\t\t<\/div>\n\t\t","protected":false},"excerpt":{"rendered":"<p>Nueva sesi\u00f3n del ciclo de poes\u00eda en La Vinoteca de Can Calopa que, en esta ocasi\u00f3n, protagonizar\u00e1 el poeta barcelon\u00e9s Josep Pedrals con el recital \u00abPedrals 25\u00bb, un montaje para celebrar que el autor lleva ya m\u00e1s de 25 a\u00f1os haciendo recitales por los escenarios de todo el mundo y que sirve para repasar los poemas m\u00e1s representativos de su trayectoria.<\/p>\n","protected":false},"featured_media":15571,"template":"","class_list":["post-15598","olivera_activity","type-olivera_activity","status-publish","has-post-thumbnail","hentry"],"acf":[],"jetpack_sharing_enabled":true,"_links":{"self":[{"href":"https:\/\/olivera.org\/es\/wp-json\/wp\/v2\/olivera_activity\/15598","targetHints":{"allow":["GET"]}}],"collection":[{"href":"https:\/\/olivera.org\/es\/wp-json\/wp\/v2\/olivera_activity"}],"about":[{"href":"https:\/\/olivera.org\/es\/wp-json\/wp\/v2\/types\/olivera_activity"}],"version-history":[{"count":0,"href":"https:\/\/olivera.org\/es\/wp-json\/wp\/v2\/olivera_activity\/15598\/revisions"}],"wp:featuredmedia":[{"embeddable":true,"href":"https:\/\/olivera.org\/es\/wp-json\/wp\/v2\/media\/15571"}],"wp:attachment":[{"href":"https:\/\/olivera.org\/es\/wp-json\/wp\/v2\/media?parent=15598"}],"curies":[{"name":"wp","href":"https:\/\/api.w.org\/{rel}","templated":true}]}}

Ciclo de poesía: recital de Josep Pedrals con «Pedrals 25»

<div data-elementor-type="wp-post" data-elementor-id="15598" class="elementor elementor-15598 elementor-15568" data-elementor-post-type="olivera_activity">
						<section class="elementor-section elementor-top-section elementor-element elementor-element-a8d1a0d elementor-section-boxed elementor-section-height-default elementor-section-height-default" data-id="a8d1a0d" data-element_type="section">
						<div class="elementor-container elementor-column-gap-default">
					<div class="elementor-column elementor-col-100 elementor-top-column elementor-element elementor-element-7923ff6" data-id="7923ff6" data-element_type="column">
			<div class="elementor-widget-wrap elementor-element-populated">
						<div class="elementor-element elementor-element-61ed036 elementor-widget elementor-widget-text-editor" data-id="61ed036" data-element_type="widget" data-widget_type="text-editor.default">
				<div class="elementor-widget-container">
									<p>Abrimos las puertas de La Vinoteca de Can Calopa a la cultura, con una nueva sesión del ciclo de poesía que, en esta ocasión, protagonizará el poeta barcelonés Josep Pedrals con el recital «Pedrals 25», un montaje para celebrar que el autor lleva ya más de 25 años haciendo recitales por escenarios de todo el mundo y que sirve para repasar los poemas más representativos de su trayectoria. Una gran fiesta verbal de este reconocido poeta y escritor catalán que dice que escribe «por necesidad, por voluntad y por encargo».</p>
<p>El recital estará presentado y conducido por el poeta Eduard Sanahuja y se iniciará con una copa de vino de bienvenida para acercar, también, la cultura del vino a los asistentes.</p>
<p>Después del recital, quién lo desee, puede quedarse a cenar en La Vinoteca, con reserva previa en <a href="mailto:lavinoteca@olivera.org"><strong>lavinoteca@olivera.org</strong></a> o llamando al <strong>646 619 188</strong>.</p>
								</div>
				</div>
					</div>
		</div>
					</div>
		</section>
				<section class="elementor-section elementor-top-section elementor-element elementor-element-1a7a1ee elementor-section-boxed elementor-section-height-default elementor-section-height-default" data-id="1a7a1ee" data-element_type="section">
						<div class="elementor-container elementor-column-gap-default">
					<div class="elementor-column elementor-col-100 elementor-top-column elementor-element elementor-element-1b99d31" data-id="1b99d31" data-element_type="column">
			<div class="elementor-widget-wrap elementor-element-populated">
						<div class="elementor-element elementor-element-aef2255 elementor-align-center elementor-widget elementor-widget-button" data-id="aef2255" data-element_type="widget" data-widget_type="button.default">
				<div class="elementor-widget-container">
									<div class="elementor-button-wrapper">
					<a class="elementor-button elementor-button-link elementor-size-sm" href="https://olivera.org/es/producto/cicle-de-poesia-recital-de-josep-pedrals-amb-pedrals-25/">
						<span class="elementor-button-content-wrapper">
									<span class="elementor-button-text">Comprar entradas</span>
					</span>
					</a>
				</div>
								</div>
				</div>
					</div>
		</div>
					</div>
		</section>
				</div>

<p>Nueva sesión del ciclo de poesía en La Vinoteca de Can Calopa que, en esta ocasión, protagonizará el poeta barcelonés Josep Pedrals con el recital «Pedrals 25», un montaje para celebrar que el autor lleva ya más de 25 años haciendo recitales por los escenarios de todo el mundo y que sirve para repasar los poemas más representativos de su trayectoria.</p>
