{"id":15700,"date":"2022-05-12T12:19:52","date_gmt":"2022-05-12T12:19:52","guid":{"rendered":"https:\/\/olivera.org\/activity\/ciclo-de-poesia-recital-de-laia-carbonell\/"},"modified":"2022-05-24T16:46:58","modified_gmt":"2022-05-24T16:46:58","slug":"ciclo-de-poesia-recital-de-laia-carbonell","status":"publish","type":"olivera_activity","link":"https:\/\/olivera.org\/es\/actividad\/ciclo-de-poesia-recital-de-laia-carbonell\/","title":{"rendered":"Ciclo de poes\u00eda: recital de Laia Carbonell con su obra Nibr\u00f3s"},"content":{"rendered":"\t\t<div data-elementor-type=\"wp-post\" data-elementor-id=\"15700\" class=\"elementor elementor-15700 elementor-15615\" data-elementor-post-type=\"olivera_activity\">\n\t\t\t\t\t\t<section class=\"elementor-section elementor-top-section elementor-element elementor-element-a91762d elementor-section-boxed elementor-section-height-default elementor-section-height-default\" data-id=\"a91762d\" data-element_type=\"section\">\n\t\t\t\t\t\t<div class=\"elementor-container elementor-column-gap-default\">\n\t\t\t\t\t<div class=\"elementor-column elementor-col-100 elementor-top-column elementor-element elementor-element-daca4eb\" data-id=\"daca4eb\" data-element_type=\"column\">\n\t\t\t<div class=\"elementor-widget-wrap elementor-element-populated\">\n\t\t\t\t\t\t<div class=\"elementor-element elementor-element-f72eeb0 elementor-widget elementor-widget-text-editor\" data-id=\"f72eeb0\" data-element_type=\"widget\" data-widget_type=\"text-editor.default\">\n\t\t\t\t<div class=\"elementor-widget-container\">\n\t\t\t\t\t\t\t\t\t<p>Cerramos el ciclo de poes\u00eda de La Vinoteca con una \u00faltima sesi\u00f3n que da el protagonismo a una de las nuevas voces imprescindibles de la. poes\u00eda catalana actual: Laia Carbonell. La poeta de Castellbisbal llega a La Vinoteca con su obra <strong><em>Nibr\u00f3s<\/em><\/strong>, galardonada con el Premio Ciudad de Manacor de poes\u00eda 2019.<\/p><p>Despu\u00e9s de la buena recepci\u00f3n de <em>Finlandia<\/em> (ed. Galerada),\u00a0<strong><em>Nibr\u00f3s<\/em><\/strong> explora un imaginario rural en extinci\u00f3n, su gente y la sencillez de unas vidas crudas y francas.\u00a0<\/p><p>Laia Carbonell forma parte del proyecto \u00abMassa Mare\u00bb, impulsado por Maria Cabrera, una antolog\u00eda digital de poes\u00eda de mujeres en constante expansi\u00f3n. Actualmente es, junto con Raquel Santanera y Maria Sevilla, programadora de uno de los espacios con m\u00e1s prestigio en el \u00e1mbito de la difusi\u00f3n de la poes\u00eda en Barcelona: L&#8217;Horiginal.<\/p><p>El recital estar\u00e1 presentado y conducido por el poeta Eduard Sanahuja y se iniciar\u00e1 con una copa de vino de bienvenida para acercar, tambi\u00e9n, la cultura del vino a los asistentes.<\/p><p>Despu\u00e9s del recital, qui\u00e9n lo desee, puede quedarse a cenar en La Vinoteca, con reserva previa en <a href=\"mailto:lavinoteca@olivera.org\"><strong>lavinoteca@olivera.org<\/strong><\/a> o llamando al 646 619 188.<\/p>\t\t\t\t\t\t\t\t<\/div>\n\t\t\t\t<\/div>\n\t\t\t\t\t<\/div>\n\t\t<\/div>\n\t\t\t\t\t<\/div>\n\t\t<\/section>\n\t\t\t\t<section class=\"elementor-section elementor-top-section elementor-element elementor-element-4e09686 elementor-section-boxed elementor-section-height-default elementor-section-height-default\" data-id=\"4e09686\" data-element_type=\"section\">\n\t\t\t\t\t\t<div class=\"elementor-container elementor-column-gap-default\">\n\t\t\t\t\t<div class=\"elementor-column elementor-col-100 elementor-top-column elementor-element elementor-element-122e063\" data-id=\"122e063\" data-element_type=\"column\">\n\t\t\t<div class=\"elementor-widget-wrap elementor-element-populated\">\n\t\t\t\t\t\t<div class=\"elementor-element elementor-element-eae8876 elementor-align-center elementor-widget elementor-widget-button\" data-id=\"eae8876\" data-element_type=\"widget\" data-widget_type=\"button.default\">\n\t\t\t\t<div class=\"elementor-widget-container\">\n\t\t\t\t\t\t\t\t\t<div class=\"elementor-button-wrapper\">\n\t\t\t\t\t<a class=\"elementor-button elementor-button-link elementor-size-sm\" href=\"https:\/\/olivera.org\/es\/producto\/cicle-de-poesia-recital-de-laia-carbonell\/\">\n\t\t\t\t\t\t<span class=\"elementor-button-content-wrapper\">\n\t\t\t\t\t\t\t\t\t<span class=\"elementor-button-text\">Comprar entradas<\/span>\n\t\t\t\t\t<\/span>\n\t\t\t\t\t<\/a>\n\t\t\t\t<\/div>\n\t\t\t\t\t\t\t\t<\/div>\n\t\t\t\t<\/div>\n\t\t\t\t\t<\/div>\n\t\t<\/div>\n\t\t\t\t\t<\/div>\n\t\t<\/section>\n\t\t\t\t<\/div>\n\t\t","protected":false},"excerpt":{"rendered":"<p>\u00daltima sesi\u00f3n del ciclo de poes\u00eda de La Vinoteca de Can Calopa. Cerrar\u00e1 el ciclo la poeta catalana Laia Carbonell, una de las nuevas voces imprescindibles de la poes\u00eda catalana actual. Su primer libro, Finl\u00e0ndia (ed. Galerada), recibi\u00f3 el segundo Premio Joan Duch de Juneda y el Premio Amadeu Oller para poetas in\u00e9ditos. Ahora llega a La Vinoteca para presentarnos Nibr\u00f3s, un poemario breve pero intenso, que dibuja un imaginario de monta\u00f1a con una voz surgida de las v\u00edsceras, desafiando convenciones y barreras de todo tipo. <\/p>\n","protected":false},"featured_media":15619,"template":"","class_list":["post-15700","olivera_activity","type-olivera_activity","status-publish","has-post-thumbnail","hentry"],"acf":[],"jetpack_sharing_enabled":true,"_links":{"self":[{"href":"https:\/\/olivera.org\/es\/wp-json\/wp\/v2\/olivera_activity\/15700","targetHints":{"allow":["GET"]}}],"collection":[{"href":"https:\/\/olivera.org\/es\/wp-json\/wp\/v2\/olivera_activity"}],"about":[{"href":"https:\/\/olivera.org\/es\/wp-json\/wp\/v2\/types\/olivera_activity"}],"version-history":[{"count":0,"href":"https:\/\/olivera.org\/es\/wp-json\/wp\/v2\/olivera_activity\/15700\/revisions"}],"wp:featuredmedia":[{"embeddable":true,"href":"https:\/\/olivera.org\/es\/wp-json\/wp\/v2\/media\/15619"}],"wp:attachment":[{"href":"https:\/\/olivera.org\/es\/wp-json\/wp\/v2\/media?parent=15700"}],"curies":[{"name":"wp","href":"https:\/\/api.w.org\/{rel}","templated":true}]}}

Ciclo de poesía: recital de Laia Carbonell con su obra Nibrós

<div data-elementor-type="wp-post" data-elementor-id="15700" class="elementor elementor-15700 elementor-15615" data-elementor-post-type="olivera_activity">
						<section class="elementor-section elementor-top-section elementor-element elementor-element-a91762d elementor-section-boxed elementor-section-height-default elementor-section-height-default" data-id="a91762d" data-element_type="section">
						<div class="elementor-container elementor-column-gap-default">
					<div class="elementor-column elementor-col-100 elementor-top-column elementor-element elementor-element-daca4eb" data-id="daca4eb" data-element_type="column">
			<div class="elementor-widget-wrap elementor-element-populated">
						<div class="elementor-element elementor-element-f72eeb0 elementor-widget elementor-widget-text-editor" data-id="f72eeb0" data-element_type="widget" data-widget_type="text-editor.default">
				<div class="elementor-widget-container">
									<p>Cerramos el ciclo de poesía de La Vinoteca con una última sesión que da el protagonismo a una de las nuevas voces imprescindibles de la. poesía catalana actual: Laia Carbonell. La poeta de Castellbisbal llega a La Vinoteca con su obra <strong><em>Nibrós</em></strong>, galardonada con el Premio Ciudad de Manacor de poesía 2019.</p><p>Después de la buena recepción de <em>Finlandia</em> (ed. Galerada), <strong><em>Nibrós</em></strong> explora un imaginario rural en extinción, su gente y la sencillez de unas vidas crudas y francas. </p><p>Laia Carbonell forma parte del proyecto «Massa Mare», impulsado por Maria Cabrera, una antología digital de poesía de mujeres en constante expansión. Actualmente es, junto con Raquel Santanera y Maria Sevilla, programadora de uno de los espacios con más prestigio en el ámbito de la difusión de la poesía en Barcelona: L&#8217;Horiginal.</p><p>El recital estará presentado y conducido por el poeta Eduard Sanahuja y se iniciará con una copa de vino de bienvenida para acercar, también, la cultura del vino a los asistentes.</p><p>Después del recital, quién lo desee, puede quedarse a cenar en La Vinoteca, con reserva previa en <a href="mailto:lavinoteca@olivera.org"><strong>lavinoteca@olivera.org</strong></a> o llamando al 646 619 188.</p>								</div>
				</div>
					</div>
		</div>
					</div>
		</section>
				<section class="elementor-section elementor-top-section elementor-element elementor-element-4e09686 elementor-section-boxed elementor-section-height-default elementor-section-height-default" data-id="4e09686" data-element_type="section">
						<div class="elementor-container elementor-column-gap-default">
					<div class="elementor-column elementor-col-100 elementor-top-column elementor-element elementor-element-122e063" data-id="122e063" data-element_type="column">
			<div class="elementor-widget-wrap elementor-element-populated">
						<div class="elementor-element elementor-element-eae8876 elementor-align-center elementor-widget elementor-widget-button" data-id="eae8876" data-element_type="widget" data-widget_type="button.default">
				<div class="elementor-widget-container">
									<div class="elementor-button-wrapper">
					<a class="elementor-button elementor-button-link elementor-size-sm" href="https://olivera.org/es/producto/cicle-de-poesia-recital-de-laia-carbonell/">
						<span class="elementor-button-content-wrapper">
									<span class="elementor-button-text">Comprar entradas</span>
					</span>
					</a>
				</div>
								</div>
				</div>
					</div>
		</div>
					</div>
		</section>
				</div>

<p>Última sesión del ciclo de poesía de La Vinoteca de Can Calopa. Cerrará el ciclo la poeta catalana Laia Carbonell, una de las nuevas voces imprescindibles de la poesía catalana actual. Su primer libro, Finlàndia (ed. Galerada), recibió el segundo Premio Joan Duch de Juneda y el Premio Amadeu Oller para poetas inéditos. Ahora llega a La Vinoteca para presentarnos Nibrós, un poemario breve pero intenso, que dibuja un imaginario de montaña con una voz surgida de las vísceras, desafiando convenciones y barreras de todo tipo. </p>
