{"id":31897,"date":"2025-06-26T15:12:54","date_gmt":"2025-06-26T15:12:54","guid":{"rendered":"https:\/\/olivera.org\/activity\/campesia-en-los-margenes-de-la-ciudad\/"},"modified":"2025-06-26T15:12:55","modified_gmt":"2025-06-26T15:12:55","slug":"campesia-en-los-margenes-de-la-ciudad","status":"publish","type":"olivera_activity","link":"https:\/\/olivera.org\/es\/actividad\/campesia-en-los-margenes-de-la-ciudad\/","title":{"rendered":"CAMPESIA EN LOS MARGENES DE LA CIUDAD"},"content":{"rendered":"\t\t<div data-elementor-type=\"wp-post\" data-elementor-id=\"31897\" class=\"elementor elementor-31897 elementor-31630\" data-elementor-post-type=\"olivera_activity\">\n\t\t\t\t\t\t<section class=\"elementor-section elementor-top-section elementor-element elementor-element-71d6af2 elementor-section-boxed elementor-section-height-default elementor-section-height-default\" data-id=\"71d6af2\" data-element_type=\"section\">\n\t\t\t\t\t\t<div class=\"elementor-container elementor-column-gap-default\">\n\t\t\t\t\t<div class=\"elementor-column elementor-col-100 elementor-top-column elementor-element elementor-element-04e1a07\" data-id=\"04e1a07\" data-element_type=\"column\">\n\t\t\t<div class=\"elementor-widget-wrap elementor-element-populated\">\n\t\t\t\t\t\t<div class=\"elementor-element elementor-element-433346e elementor-widget elementor-widget-text-editor\" data-id=\"433346e\" data-element_type=\"widget\" data-widget_type=\"text-editor.default\">\n\t\t\t\t<div class=\"elementor-widget-container\">\n\t\t\t\t\t\t\t\t\t<h3><strong>\u00a1Hacemos de campesinos por un d\u00eda y descubrimos las tareas de una finca agr\u00edcola!<\/strong><\/h3><p><strong>Cursos:<\/strong> ciclo medio y superior de primaria<\/p><p><strong>Durada:<\/strong> 3 horas<\/p><p><strong>Objetivos de la actividad:<\/strong><\/p><ol><li style=\"list-style-type: none;\"><ol><li>Analizar cr\u00edticamente las causas y consecuencias de la intervenci\u00f3n humana en el entorno, integrando las vertientes sociales, econ\u00f3micas y culturales.<\/li><li>Interpretar las relaciones sist\u00e9micas entre el individuo, la sociedad y la naturaleza, as\u00ed como la importancia de la acci\u00f3n local y su impacto en el entorno.<\/li><li>Promover la convivencia pac\u00edfica, respetuosa, democr\u00e1tica y justa.<\/li><\/ol><\/li><\/ol>\t\t\t\t\t\t\t\t<\/div>\n\t\t\t\t<\/div>\n\t\t\t\t\t<\/div>\n\t\t<\/div>\n\t\t\t\t\t<\/div>\n\t\t<\/section>\n\t\t\t\t<section class=\"elementor-section elementor-top-section elementor-element elementor-element-fdd2151 elementor-section-boxed elementor-section-height-default elementor-section-height-default\" data-id=\"fdd2151\" data-element_type=\"section\">\n\t\t\t\t\t\t<div class=\"elementor-container elementor-column-gap-default\">\n\t\t\t\t\t<div class=\"elementor-column elementor-col-50 elementor-top-column elementor-element elementor-element-4fc677e\" data-id=\"4fc677e\" data-element_type=\"column\">\n\t\t\t<div class=\"elementor-widget-wrap elementor-element-populated\">\n\t\t\t\t\t\t<div class=\"elementor-element elementor-element-40d2976 elementor-widget elementor-widget-text-editor\" data-id=\"40d2976\" data-element_type=\"widget\" data-widget_type=\"text-editor.default\">\n\t\t\t\t<div class=\"elementor-widget-container\">\n\t\t\t\t\t\t\t\t\t<p><b>Din\u00e1mica:<\/b><\/p><p>El alumnado se pondr\u00e1 en la piel de la vida en el campo y conocer\u00e1 las tareas y formas de organizaci\u00f3n de una finca agr\u00edcola. Es una actividad totalmente pr\u00e1ctica en la que el alumnado colaborar\u00e1 en diversas tareas como el cultivo de la vi\u00f1a y el huerto, la gesti\u00f3n de la finca forestal, el cuidado y la utilidad del ganado, y la producci\u00f3n de vino en la bodega. Adem\u00e1s, podr\u00e1 comparar las tareas de una explotaci\u00f3n agr\u00edcola contempor\u00e1nea con las de una hist\u00f3rica.  <\/p>\t\t\t\t\t\t\t\t<\/div>\n\t\t\t\t<\/div>\n\t\t\t\t\t<\/div>\n\t\t<\/div>\n\t\t\t\t<div class=\"elementor-column elementor-col-50 elementor-top-column elementor-element elementor-element-990d6de\" data-id=\"990d6de\" data-element_type=\"column\">\n\t\t\t<div class=\"elementor-widget-wrap elementor-element-populated\">\n\t\t\t\t\t\t<div class=\"elementor-element elementor-element-9aaaea0 elementor-widget elementor-widget-image\" data-id=\"9aaaea0\" data-element_type=\"widget\" data-widget_type=\"image.default\">\n\t\t\t\t<div class=\"elementor-widget-container\">\n\t\t\t\t\t\t\t\t\t\t\t\t\t\t\t<img fetchpriority=\"high\" decoding=\"async\" width=\"800\" height=\"534\" src=\"https:\/\/olivera.org\/wp-content\/uploads\/2025\/06\/250403CanCalopa_125-1024x683.jpg\" class=\"attachment-large size-large wp-image-31635\" alt=\"\" srcset=\"https:\/\/olivera.org\/wp-content\/uploads\/2025\/06\/250403CanCalopa_125-1024x683.jpg 1024w, https:\/\/olivera.org\/wp-content\/uploads\/2025\/06\/250403CanCalopa_125-300x200.jpg 300w, https:\/\/olivera.org\/wp-content\/uploads\/2025\/06\/250403CanCalopa_125-768x512.jpg 768w, https:\/\/olivera.org\/wp-content\/uploads\/2025\/06\/250403CanCalopa_125-1536x1024.jpg 1536w, https:\/\/olivera.org\/wp-content\/uploads\/2025\/06\/250403CanCalopa_125-2048x1365.jpg 2048w, https:\/\/olivera.org\/wp-content\/uploads\/2025\/06\/250403CanCalopa_125-600x400.jpg 600w\" sizes=\"(max-width: 800px) 100vw, 800px\" \/>\t\t\t\t\t\t\t\t\t\t\t\t\t\t\t<\/div>\n\t\t\t\t<\/div>\n\t\t\t\t\t<\/div>\n\t\t<\/div>\n\t\t\t\t\t<\/div>\n\t\t<\/section>\n\t\t\t\t<section class=\"elementor-section elementor-top-section elementor-element elementor-element-667d95a elementor-section-boxed elementor-section-height-default elementor-section-height-default\" data-id=\"667d95a\" data-element_type=\"section\">\n\t\t\t\t\t\t<div class=\"elementor-container elementor-column-gap-default\">\n\t\t\t\t\t<div class=\"elementor-column elementor-col-100 elementor-top-column elementor-element elementor-element-6acd51b\" data-id=\"6acd51b\" data-element_type=\"column\">\n\t\t\t<div class=\"elementor-widget-wrap elementor-element-populated\">\n\t\t\t\t\t\t<div class=\"elementor-element elementor-element-63df441 elementor-widget elementor-widget-text-editor\" data-id=\"63df441\" data-element_type=\"widget\" data-widget_type=\"text-editor.default\">\n\t\t\t\t<div class=\"elementor-widget-container\">\n\t\t\t\t\t\t\t\t\t<p>M\u00e1s informaci\u00f3n y reservas en: <strong><a href=\"mailto:formaci%C3%B3@olivera.org\">formacio@olivera.org<\/a><\/strong><\/p>\t\t\t\t\t\t\t\t<\/div>\n\t\t\t\t<\/div>\n\t\t\t\t\t<\/div>\n\t\t<\/div>\n\t\t\t\t\t<\/div>\n\t\t<\/section>\n\t\t\t\t<\/div>\n\t\t","protected":false},"excerpt":{"rendered":"<p>El alumnado se pondr\u00e1 en la piel de la vida en el campo y conocer\u00e1 las tareas y formas de organizaci\u00f3n de una finca agr\u00edcola: descubrir\u00e1 el cultivo de la vi\u00f1a y del huerto, el cuidado y la utilidad del ganado, y la producci\u00f3n de vino en la bodega. <\/p>\n","protected":false},"featured_media":31548,"template":"","class_list":["post-31897","olivera_activity","type-olivera_activity","status-publish","has-post-thumbnail","hentry"],"acf":[],"jetpack_sharing_enabled":true,"_links":{"self":[{"href":"https:\/\/olivera.org\/es\/wp-json\/wp\/v2\/olivera_activity\/31897","targetHints":{"allow":["GET"]}}],"collection":[{"href":"https:\/\/olivera.org\/es\/wp-json\/wp\/v2\/olivera_activity"}],"about":[{"href":"https:\/\/olivera.org\/es\/wp-json\/wp\/v2\/types\/olivera_activity"}],"version-history":[{"count":1,"href":"https:\/\/olivera.org\/es\/wp-json\/wp\/v2\/olivera_activity\/31897\/revisions"}],"predecessor-version":[{"id":31898,"href":"https:\/\/olivera.org\/es\/wp-json\/wp\/v2\/olivera_activity\/31897\/revisions\/31898"}],"wp:featuredmedia":[{"embeddable":true,"href":"https:\/\/olivera.org\/es\/wp-json\/wp\/v2\/media\/31548"}],"wp:attachment":[{"href":"https:\/\/olivera.org\/es\/wp-json\/wp\/v2\/media?parent=31897"}],"curies":[{"name":"wp","href":"https:\/\/api.w.org\/{rel}","templated":true}]}}

<div data-elementor-type="wp-post" data-elementor-id="31897" class="elementor elementor-31897 elementor-31630" data-elementor-post-type="olivera_activity">
						<section class="elementor-section elementor-top-section elementor-element elementor-element-71d6af2 elementor-section-boxed elementor-section-height-default elementor-section-height-default" data-id="71d6af2" data-element_type="section">
						<div class="elementor-container elementor-column-gap-default">
					<div class="elementor-column elementor-col-100 elementor-top-column elementor-element elementor-element-04e1a07" data-id="04e1a07" data-element_type="column">
			<div class="elementor-widget-wrap elementor-element-populated">
						<div class="elementor-element elementor-element-433346e elementor-widget elementor-widget-text-editor" data-id="433346e" data-element_type="widget" data-widget_type="text-editor.default">
				<div class="elementor-widget-container">
									<h3><strong>¡Hacemos de campesinos por un día y descubrimos las tareas de una finca agrícola!</strong></h3><p><strong>Cursos:</strong> ciclo medio y superior de primaria</p><p><strong>Durada:</strong> 3 horas</p><p><strong>Objetivos de la actividad:</strong></p><ol><li style="list-style-type: none;"><ol><li>Analizar críticamente las causas y consecuencias de la intervención humana en el entorno, integrando las vertientes sociales, económicas y culturales.</li><li>Interpretar las relaciones sistémicas entre el individuo, la sociedad y la naturaleza, así como la importancia de la acción local y su impacto en el entorno.</li><li>Promover la convivencia pacífica, respetuosa, democrática y justa.</li></ol></li></ol>								</div>
				</div>
					</div>
		</div>
					</div>
		</section>
				<section class="elementor-section elementor-top-section elementor-element elementor-element-fdd2151 elementor-section-boxed elementor-section-height-default elementor-section-height-default" data-id="fdd2151" data-element_type="section">
						<div class="elementor-container elementor-column-gap-default">
					<div class="elementor-column elementor-col-50 elementor-top-column elementor-element elementor-element-4fc677e" data-id="4fc677e" data-element_type="column">
			<div class="elementor-widget-wrap elementor-element-populated">
						<div class="elementor-element elementor-element-40d2976 elementor-widget elementor-widget-text-editor" data-id="40d2976" data-element_type="widget" data-widget_type="text-editor.default">
				<div class="elementor-widget-container">
									<p><b>Dinámica:</b></p><p>El alumnado se pondrá en la piel de la vida en el campo y conocerá las tareas y formas de organización de una finca agrícola. Es una actividad totalmente práctica en la que el alumnado colaborará en diversas tareas como el cultivo de la viña y el huerto, la gestión de la finca forestal, el cuidado y la utilidad del ganado, y la producción de vino en la bodega. Además, podrá comparar las tareas de una explotación agrícola contemporánea con las de una histórica.  </p>								</div>
				</div>
					</div>
		</div>
				<div class="elementor-column elementor-col-50 elementor-top-column elementor-element elementor-element-990d6de" data-id="990d6de" data-element_type="column">
			<div class="elementor-widget-wrap elementor-element-populated">
						<div class="elementor-element elementor-element-9aaaea0 elementor-widget elementor-widget-image" data-id="9aaaea0" data-element_type="widget" data-widget_type="image.default">
				<div class="elementor-widget-container">
															<img fetchpriority="high" decoding="async" width="800" height="534" src="https://olivera.org/wp-content/uploads/2025/06/250403CanCalopa_125-1024x683.jpg" class="attachment-large size-large wp-image-31635" alt="" srcset="https://olivera.org/wp-content/uploads/2025/06/250403CanCalopa_125-1024x683.jpg 1024w, https://olivera.org/wp-content/uploads/2025/06/250403CanCalopa_125-300x200.jpg 300w, https://olivera.org/wp-content/uploads/2025/06/250403CanCalopa_125-768x512.jpg 768w, https://olivera.org/wp-content/uploads/2025/06/250403CanCalopa_125-1536x1024.jpg 1536w, https://olivera.org/wp-content/uploads/2025/06/250403CanCalopa_125-2048x1365.jpg 2048w, https://olivera.org/wp-content/uploads/2025/06/250403CanCalopa_125-600x400.jpg 600w" sizes="(max-width: 800px) 100vw, 800px" />															</div>
				</div>
					</div>
		</div>
					</div>
		</section>
				<section class="elementor-section elementor-top-section elementor-element elementor-element-667d95a elementor-section-boxed elementor-section-height-default elementor-section-height-default" data-id="667d95a" data-element_type="section">
						<div class="elementor-container elementor-column-gap-default">
					<div class="elementor-column elementor-col-100 elementor-top-column elementor-element elementor-element-6acd51b" data-id="6acd51b" data-element_type="column">
			<div class="elementor-widget-wrap elementor-element-populated">
						<div class="elementor-element elementor-element-63df441 elementor-widget elementor-widget-text-editor" data-id="63df441" data-element_type="widget" data-widget_type="text-editor.default">
				<div class="elementor-widget-container">
									<p>Más información y reservas en: <strong><a href="mailto:formaci%C3%B3@olivera.org">formacio@olivera.org</a></strong></p>								</div>
				</div>
					</div>
		</div>
					</div>
		</section>
				</div>

<p>El alumnado se pondrá en la piel de la vida en el campo y conocerá las tareas y formas de organización de una finca agrícola: descubrirá el cultivo de la viña y del huerto, el cuidado y la utilidad del ganado, y la producción de vino en la bodega. </p>
