{"id":31911,"date":"2025-06-26T16:06:52","date_gmt":"2025-06-26T16:06:52","guid":{"rendered":"https:\/\/olivera.org\/activity\/vidas-autonomas\/"},"modified":"2025-06-26T16:06:53","modified_gmt":"2025-06-26T16:06:53","slug":"vidas-autonomas","status":"publish","type":"olivera_activity","link":"https:\/\/olivera.org\/es\/actividad\/vidas-autonomas\/","title":{"rendered":"VIDAS AUT\u00d3NOMAS"},"content":{"rendered":"\t\t<div data-elementor-type=\"wp-post\" data-elementor-id=\"31911\" class=\"elementor elementor-31911 elementor-31712\" data-elementor-post-type=\"olivera_activity\">\n\t\t\t\t\t\t<section class=\"elementor-section elementor-top-section elementor-element elementor-element-bb5300b elementor-section-boxed elementor-section-height-default elementor-section-height-default\" data-id=\"bb5300b\" data-element_type=\"section\">\n\t\t\t\t\t\t<div class=\"elementor-container elementor-column-gap-default\">\n\t\t\t\t\t<div class=\"elementor-column elementor-col-100 elementor-top-column elementor-element elementor-element-6e1c0e0\" data-id=\"6e1c0e0\" data-element_type=\"column\">\n\t\t\t<div class=\"elementor-widget-wrap elementor-element-populated\">\n\t\t\t\t\t\t<div class=\"elementor-element elementor-element-e5fb1c6 elementor-widget elementor-widget-text-editor\" data-id=\"e5fb1c6\" data-element_type=\"widget\" data-widget_type=\"text-editor.default\">\n\t\t\t\t<div class=\"elementor-widget-container\">\n\t\t\t\t\t\t\t\t\t<h4>Damos a conocer los diferentes acompa\u00f1amientos que ofrece L&#8217;Olivera para favorecer una mayor autonom\u00eda de las personas en situaci\u00f3n de vulnerabilidad, tanto en el \u00e1mbito personal como en el \u00e1mbito laboral.<\/h4><p><strong>Cursos:<\/strong> alumnado de ciclos medianos o superiores de integraci\u00f3n social o relacionades con el acompa\u00f1amiento a personas en situaci\u00f3n de vulnerabilidad.<\/p><p><strong>Objetivos de la actividad:<\/strong><\/p><ol><li>Explicar el conjunto del proyecto social a L&#8217;Olivera.<\/li><li>Profundizar en circuitos y protocolos de entrada, transici\u00f3n y salida al hogar-residencia y de la Empresa de Inserci\u00f3n.<\/li><\/ol><p><strong>Din\u00e1mica:<\/strong><\/p><p>El alumnado descubrir\u00e1 el proyecto social dando un paseo por la finca. Durante la actividad, se profundizar\u00e1 en los objetivos del hogar-residencia mediante una din\u00e1mica participativa. A continuaci\u00f3n, explorar\u00e1 el funcionamiento de la Empresa de Inserci\u00f3n a trav\u00e9s de un juego de rol basado en situaciones reales que pueden darse en este \u00e1mbito.  <\/p>\t\t\t\t\t\t\t\t<\/div>\n\t\t\t\t<\/div>\n\t\t\t\t\t<\/div>\n\t\t<\/div>\n\t\t\t\t\t<\/div>\n\t\t<\/section>\n\t\t\t\t<\/div>\n\t\t","protected":false},"excerpt":{"rendered":"<p>La actividad permite descubrir el proyecto social haciendo un paseo por la finca. Durante la actividad, se profundizar\u00e1 en los objetivos del hogar-residencia mediante una din\u00e1mica participativa. A continuaci\u00f3n, se explorar\u00e1 el funcionamiento de la Empresa de Inserci\u00f3n a trav\u00e9s de un juego de rol basado en situaciones reales que pueden tener lugar en este \u00e1mbito.  <\/p>\n","protected":false},"featured_media":31715,"template":"","class_list":["post-31911","olivera_activity","type-olivera_activity","status-publish","has-post-thumbnail","hentry"],"acf":[],"jetpack_sharing_enabled":true,"_links":{"self":[{"href":"https:\/\/olivera.org\/es\/wp-json\/wp\/v2\/olivera_activity\/31911","targetHints":{"allow":["GET"]}}],"collection":[{"href":"https:\/\/olivera.org\/es\/wp-json\/wp\/v2\/olivera_activity"}],"about":[{"href":"https:\/\/olivera.org\/es\/wp-json\/wp\/v2\/types\/olivera_activity"}],"version-history":[{"count":1,"href":"https:\/\/olivera.org\/es\/wp-json\/wp\/v2\/olivera_activity\/31911\/revisions"}],"predecessor-version":[{"id":31912,"href":"https:\/\/olivera.org\/es\/wp-json\/wp\/v2\/olivera_activity\/31911\/revisions\/31912"}],"wp:featuredmedia":[{"embeddable":true,"href":"https:\/\/olivera.org\/es\/wp-json\/wp\/v2\/media\/31715"}],"wp:attachment":[{"href":"https:\/\/olivera.org\/es\/wp-json\/wp\/v2\/media?parent=31911"}],"curies":[{"name":"wp","href":"https:\/\/api.w.org\/{rel}","templated":true}]}}

VIDAS AUTÓNOMAS

<div data-elementor-type="wp-post" data-elementor-id="31911" class="elementor elementor-31911 elementor-31712" data-elementor-post-type="olivera_activity">
						<section class="elementor-section elementor-top-section elementor-element elementor-element-bb5300b elementor-section-boxed elementor-section-height-default elementor-section-height-default" data-id="bb5300b" data-element_type="section">
						<div class="elementor-container elementor-column-gap-default">
					<div class="elementor-column elementor-col-100 elementor-top-column elementor-element elementor-element-6e1c0e0" data-id="6e1c0e0" data-element_type="column">
			<div class="elementor-widget-wrap elementor-element-populated">
						<div class="elementor-element elementor-element-e5fb1c6 elementor-widget elementor-widget-text-editor" data-id="e5fb1c6" data-element_type="widget" data-widget_type="text-editor.default">
				<div class="elementor-widget-container">
									<h4>Damos a conocer los diferentes acompañamientos que ofrece L&#8217;Olivera para favorecer una mayor autonomía de las personas en situación de vulnerabilidad, tanto en el ámbito personal como en el ámbito laboral.</h4><p><strong>Cursos:</strong> alumnado de ciclos medianos o superiores de integración social o relacionades con el acompañamiento a personas en situación de vulnerabilidad.</p><p><strong>Objetivos de la actividad:</strong></p><ol><li>Explicar el conjunto del proyecto social a L&#8217;Olivera.</li><li>Profundizar en circuitos y protocolos de entrada, transición y salida al hogar-residencia y de la Empresa de Inserción.</li></ol><p><strong>Dinámica:</strong></p><p>El alumnado descubrirá el proyecto social dando un paseo por la finca. Durante la actividad, se profundizará en los objetivos del hogar-residencia mediante una dinámica participativa. A continuación, explorará el funcionamiento de la Empresa de Inserción a través de un juego de rol basado en situaciones reales que pueden darse en este ámbito.  </p>								</div>
				</div>
					</div>
		</div>
					</div>
		</section>
				</div>

<p>La actividad permite descubrir el proyecto social haciendo un paseo por la finca. Durante la actividad, se profundizará en los objetivos del hogar-residencia mediante una dinámica participativa. A continuación, se explorará el funcionamiento de la Empresa de Inserción a través de un juego de rol basado en situaciones reales que pueden tener lugar en este ámbito.  </p>
