{"id":4304,"date":"2021-02-12T10:33:38","date_gmt":"2021-02-12T10:33:38","guid":{"rendered":"https:\/\/olivera.org\/aceites\/aceite-de-finques\/"},"modified":"2025-12-03T16:41:44","modified_gmt":"2025-12-03T16:41:44","slug":"aceite-de-finques","status":"publish","type":"page","link":"https:\/\/olivera.org\/es\/aceites\/aceite-de-finques\/","title":{"rendered":"Aceite Finques"},"content":{"rendered":"\t\t<div data-elementor-type=\"wp-page\" data-elementor-id=\"4304\" class=\"elementor elementor-4304 elementor-1017\" data-elementor-post-type=\"page\">\n\t\t\t\t\t\t<section class=\"elementor-section elementor-top-section elementor-element elementor-element-f0390d9 elementor-section-boxed elementor-section-height-default elementor-section-height-default\" data-id=\"f0390d9\" data-element_type=\"section\">\n\t\t\t\t\t\t<div class=\"elementor-container elementor-column-gap-default\">\n\t\t\t\t\t<div class=\"elementor-column elementor-col-100 elementor-top-column elementor-element elementor-element-aaf43f7\" data-id=\"aaf43f7\" data-element_type=\"column\">\n\t\t\t<div class=\"elementor-widget-wrap elementor-element-populated\">\n\t\t\t\t\t\t<div class=\"elementor-element elementor-element-c765613 elementor-widget elementor-widget-text-editor\" data-id=\"c765613\" data-element_type=\"widget\" data-widget_type=\"text-editor.default\">\n\t\t\t\t<div class=\"elementor-widget-container\">\n\t\t\t\t\t\t\t\t\t<p style=\"text-align: center;\">De Finques, porque estos aceites, intensos y expresivos, nacen en las fincas que L\u2019Olivera cultiva en Vallbona de les Monges, parcelas abancaladas donde practicamos una agricultura de monta\u00f1a, casi heroica. El Finques es la expresi\u00f3n de este paisaje de secano de cierta altura, un aceite de oliva virgen extra ecol\u00f3gico elaborado con la variedad Arbequina.<\/p>\n\t\t\t\t\t\t\t\t<\/div>\n\t\t\t\t<\/div>\n\t\t\t\t\t<\/div>\n\t\t<\/div>\n\t\t\t\t\t<\/div>\n\t\t<\/section>\n\t\t\t\t<section class=\"elementor-section elementor-top-section elementor-element elementor-element-bdbe9ba elementor-section-big elementor-section-height-default elementor-section-height-default\" data-id=\"bdbe9ba\" data-element_type=\"section\">\n\t\t\t\t\t\t<div class=\"elementor-container elementor-column-gap-default\">\n\t\t\t\t\t<div class=\"elementor-column elementor-col-100 elementor-top-column elementor-element elementor-element-d996ef4\" data-id=\"d996ef4\" data-element_type=\"column\">\n\t\t\t<div class=\"elementor-widget-wrap elementor-element-populated\">\n\t\t\t\t\t\t<div class=\"elementor-element elementor-element-a268f18 elementor-widget elementor-widget-olivera-productlisting\" data-id=\"a268f18\" data-element_type=\"widget\" data-widget_type=\"olivera-productlisting.default\">\n\t\t\t\t<div class=\"elementor-widget-container\">\n\t\t\t\t\t<div class=\"product-listing-container\" data-slider=\"no\"><div class=\"product-list\"><article class=\"entry\"><a href=\"https:\/\/olivera.org\/es\/producte\/aceite-finques-050l\/\"><img fetchpriority=\"high\" decoding=\"async\" width=\"600\" height=\"716\" src=\"https:\/\/olivera.org\/wp-content\/uploads\/2020\/11\/olifinques-600x716-1.png\" class=\"attachment-woocommerce_thumbnail size-woocommerce_thumbnail\" alt=\"Aceite Finques 0,50L\" srcset=\"https:\/\/olivera.org\/wp-content\/uploads\/2020\/11\/olifinques-600x716-1.png 600w, https:\/\/olivera.org\/wp-content\/uploads\/2020\/11\/olifinques-600x716-1-251x300.png 251w\" sizes=\"(max-width: 600px) 100vw, 600px\" \/><h1 class=\"title\">Aceite Finques 0,50L<\/h1><\/a><\/article><\/div><\/div>\t\t\t\t<\/div>\n\t\t\t\t<\/div>\n\t\t\t\t\t<\/div>\n\t\t<\/div>\n\t\t\t\t\t<\/div>\n\t\t<\/section>\n\t\t\t\t<\/div>\n\t\t","protected":false},"excerpt":{"rendered":"<p>De Finques, porque estos aceites, intensos y expresivos, nacen en las fincas que L\u2019Olivera cultiva en Vallbona de les Monges, parcelas abancaladas donde practicamos una agricultura de monta\u00f1a, casi heroica. El Finques es la expresi\u00f3n de este paisaje de secano de cierta altura, un aceite de oliva virgen extra ecol\u00f3gico elaborado con la variedad Arbequina. [&hellip;]<\/p>\n","protected":false},"author":12,"featured_media":0,"parent":4300,"menu_order":0,"comment_status":"closed","ping_status":"closed","template":"","meta":{"_acf_changed":false,"footnotes":""},"class_list":["post-4304","page","type-page","status-publish","hentry"],"acf":[],"jetpack_sharing_enabled":true,"_links":{"self":[{"href":"https:\/\/olivera.org\/es\/wp-json\/wp\/v2\/pages\/4304","targetHints":{"allow":["GET"]}}],"collection":[{"href":"https:\/\/olivera.org\/es\/wp-json\/wp\/v2\/pages"}],"about":[{"href":"https:\/\/olivera.org\/es\/wp-json\/wp\/v2\/types\/page"}],"author":[{"embeddable":true,"href":"https:\/\/olivera.org\/es\/wp-json\/wp\/v2\/users\/12"}],"replies":[{"embeddable":true,"href":"https:\/\/olivera.org\/es\/wp-json\/wp\/v2\/comments?post=4304"}],"version-history":[{"count":3,"href":"https:\/\/olivera.org\/es\/wp-json\/wp\/v2\/pages\/4304\/revisions"}],"predecessor-version":[{"id":33694,"href":"https:\/\/olivera.org\/es\/wp-json\/wp\/v2\/pages\/4304\/revisions\/33694"}],"up":[{"embeddable":true,"href":"https:\/\/olivera.org\/es\/wp-json\/wp\/v2\/pages\/4300"}],"wp:attachment":[{"href":"https:\/\/olivera.org\/es\/wp-json\/wp\/v2\/media?parent=4304"}],"curies":[{"name":"wp","href":"https:\/\/api.w.org\/{rel}","templated":true}]}}

<div data-elementor-type="wp-page" data-elementor-id="4304" class="elementor elementor-4304 elementor-1017" data-elementor-post-type="page">
						<section class="elementor-section elementor-top-section elementor-element elementor-element-f0390d9 elementor-section-boxed elementor-section-height-default elementor-section-height-default" data-id="f0390d9" data-element_type="section">
						<div class="elementor-container elementor-column-gap-default">
					<div class="elementor-column elementor-col-100 elementor-top-column elementor-element elementor-element-aaf43f7" data-id="aaf43f7" data-element_type="column">
			<div class="elementor-widget-wrap elementor-element-populated">
						<div class="elementor-element elementor-element-c765613 elementor-widget elementor-widget-text-editor" data-id="c765613" data-element_type="widget" data-widget_type="text-editor.default">
				<div class="elementor-widget-container">
									<p style="text-align: center;">De Finques, porque estos aceites, intensos y expresivos, nacen en las fincas que L’Olivera cultiva en Vallbona de les Monges, parcelas abancaladas donde practicamos una agricultura de montaña, casi heroica. El Finques es la expresión de este paisaje de secano de cierta altura, un aceite de oliva virgen extra ecológico elaborado con la variedad Arbequina.</p>
								</div>
				</div>
					</div>
		</div>
					</div>
		</section>
				<section class="elementor-section elementor-top-section elementor-element elementor-element-bdbe9ba elementor-section-big elementor-section-height-default elementor-section-height-default" data-id="bdbe9ba" data-element_type="section">
						<div class="elementor-container elementor-column-gap-default">
					<div class="elementor-column elementor-col-100 elementor-top-column elementor-element elementor-element-d996ef4" data-id="d996ef4" data-element_type="column">
			<div class="elementor-widget-wrap elementor-element-populated">
						<div class="elementor-element elementor-element-a268f18 elementor-widget elementor-widget-olivera-productlisting" data-id="a268f18" data-element_type="widget" data-widget_type="olivera-productlisting.default">
				<div class="elementor-widget-container">
					<div class="product-listing-container" data-slider="no"><div class="product-list"><article class="entry"><a href="https://olivera.org/es/producte/aceite-finques-050l/"><img fetchpriority="high" decoding="async" width="600" height="716" src="https://olivera.org/wp-content/uploads/2020/11/olifinques-600x716-1.png" class="attachment-woocommerce_thumbnail size-woocommerce_thumbnail" alt="Aceite Finques 0,50L" srcset="https://olivera.org/wp-content/uploads/2020/11/olifinques-600x716-1.png 600w, https://olivera.org/wp-content/uploads/2020/11/olifinques-600x716-1-251x300.png 251w" sizes="(max-width: 600px) 100vw, 600px" /><h1 class="title">Aceite Finques 0,50L</h1></a></article></div></div>				</div>
				</div>
					</div>
		</div>
					</div>
		</section>
				</div>

<p>De Finques, porque estos aceites, intensos y expresivos, nacen en las fincas que L’Olivera cultiva en Vallbona de les Monges, parcelas abancaladas donde practicamos una agricultura de montaña, casi heroica. El Finques es la expresión de este paisaje de secano de cierta altura, un aceite de oliva virgen extra ecológico elaborado con la variedad Arbequina. [&hellip;]</p>
