{"id":4321,"date":"2020-11-25T11:13:54","date_gmt":"2020-11-25T11:13:54","guid":{"rendered":"https:\/\/olivera.org\/product\/lolivera-ecologico-5l\/"},"modified":"2026-04-22T08:45:02","modified_gmt":"2026-04-22T08:45:02","slug":"lolivera-ecologico-5l","status":"publish","type":"product","link":"https:\/\/olivera.org\/es\/producte\/lolivera-ecologico-5l\/","title":{"rendered":"L&#8217;Olivera ecol\u00f3gico 5L"},"content":{"rendered":"","protected":false},"excerpt":{"rendered":"<p class=\"big-serif\">Aceite de Cada D\u00eda, de cada comida, de cada mesa. Este aceite es una reivindicaci\u00f3n: la de incluir el aceite de oliva virgen extra en nuestro consumo cotidiano y convertirlo en un elemento imprescindible en nuestra dieta diaria, en nuestra cocina, en nuestra cultura gastron\u00f3mica en el d\u00eda a d\u00eda.<\/p>\n<p><img fetchpriority=\"high\" decoding=\"async\" class=\"alignnone wp-image-2041 size-full\" src=\"https:\/\/olivera.org\/wp-content\/uploads\/2021\/01\/oli-cada-dia-ecologic-lolivera-01.jpg\" alt=\"\" width=\"1200\" height=\"1600\" srcset=\"https:\/\/olivera.org\/wp-content\/uploads\/2021\/01\/oli-cada-dia-ecologic-lolivera-01.jpg 1200w, https:\/\/olivera.org\/wp-content\/uploads\/2021\/01\/oli-cada-dia-ecologic-lolivera-01-600x800.jpg 600w, https:\/\/olivera.org\/wp-content\/uploads\/2021\/01\/oli-cada-dia-ecologic-lolivera-01-225x300.jpg 225w, https:\/\/olivera.org\/wp-content\/uploads\/2021\/01\/oli-cada-dia-ecologic-lolivera-01-768x1024.jpg 768w, https:\/\/olivera.org\/wp-content\/uploads\/2021\/01\/oli-cada-dia-ecologic-lolivera-01-1152x1536.jpg 1152w\" sizes=\"(max-width: 1200px) 100vw, 1200px\" \/><\/p>\n<p class=\"big-serif\">Procedente de olivos de la variedad arbequina, cultivados seg\u00fan los m\u00e9todos de la agricultura ecol\u00f3gica en la zona de La Granadella, en Les Garrigues. Este aceite expresa la sutileza de la arbequina, con un registro afrutado delicado que hace de \u00e9l una opci\u00f3n sostenible para acompa\u00f1arnos tanto en la mesa como en la cocina.<\/p>\n<p class=\"label-sans-serif\">Variedades<\/p>\n<p class=\"small-sans-serif\">Arbequina<\/p>\n<p class=\"label-sans-serif\">Cata<\/p>\n<p class=\"small-sans-serif\">Suave y equilibrado, es el tipo de aceite que sirve para elevar el list\u00f3n de nuestra dieta diaria. Ideal para tomar en crudo o para cocinar, con toques amargos y picantes ligeros y delicados que hacen de \u00e9l un compa\u00f1ero perfecto en nuestra cocina diaria.<\/p>\n","protected":false},"featured_media":1587,"comment_status":"open","ping_status":"closed","template":"","meta":{"_acf_changed":false},"product_brand":[],"product_cat":[46],"product_tag":[],"class_list":{"0":"post-4321","1":"product","2":"type-product","3":"status-publish","4":"has-post-thumbnail","6":"product_cat-oils-es","7":"pa_characteristics-oils-cada-dia-es","8":"pa_origin-vallbona-es","9":"pa_unity-caja-3-unidades","10":"pa_unity-single-es","12":"first","13":"instock","14":"shipping-taxable","15":"purchasable","16":"product-type-simple"},"acf":[],"jetpack_sharing_enabled":true,"_links":{"self":[{"href":"https:\/\/olivera.org\/es\/wp-json\/wp\/v2\/product\/4321","targetHints":{"allow":["GET"]}}],"collection":[{"href":"https:\/\/olivera.org\/es\/wp-json\/wp\/v2\/product"}],"about":[{"href":"https:\/\/olivera.org\/es\/wp-json\/wp\/v2\/types\/product"}],"replies":[{"embeddable":true,"href":"https:\/\/olivera.org\/es\/wp-json\/wp\/v2\/comments?post=4321"}],"version-history":[{"count":0,"href":"https:\/\/olivera.org\/es\/wp-json\/wp\/v2\/product\/4321\/revisions"}],"wp:featuredmedia":[{"embeddable":true,"href":"https:\/\/olivera.org\/es\/wp-json\/wp\/v2\/media\/1587"}],"wp:attachment":[{"href":"https:\/\/olivera.org\/es\/wp-json\/wp\/v2\/media?parent=4321"}],"wp:term":[{"taxonomy":"product_brand","embeddable":true,"href":"https:\/\/olivera.org\/es\/wp-json\/wp\/v2\/product_brand?post=4321"},{"taxonomy":"product_cat","embeddable":true,"href":"https:\/\/olivera.org\/es\/wp-json\/wp\/v2\/product_cat?post=4321"},{"taxonomy":"product_tag","embeddable":true,"href":"https:\/\/olivera.org\/es\/wp-json\/wp\/v2\/product_tag?post=4321"}],"curies":[{"name":"wp","href":"https:\/\/api.w.org\/{rel}","templated":true}]}}

L&#8217;Olivera ecológico 5L

<p class="big-serif">Aceite de Cada Día, de cada comida, de cada mesa. Este aceite es una reivindicación: la de incluir el aceite de oliva virgen extra en nuestro consumo cotidiano y convertirlo en un elemento imprescindible en nuestra dieta diaria, en nuestra cocina, en nuestra cultura gastronómica en el día a día.</p>
<p><img fetchpriority="high" decoding="async" class="alignnone wp-image-2041 size-full" src="https://olivera.org/wp-content/uploads/2021/01/oli-cada-dia-ecologic-lolivera-01.jpg" alt="" width="1200" height="1600" srcset="https://olivera.org/wp-content/uploads/2021/01/oli-cada-dia-ecologic-lolivera-01.jpg 1200w, https://olivera.org/wp-content/uploads/2021/01/oli-cada-dia-ecologic-lolivera-01-600x800.jpg 600w, https://olivera.org/wp-content/uploads/2021/01/oli-cada-dia-ecologic-lolivera-01-225x300.jpg 225w, https://olivera.org/wp-content/uploads/2021/01/oli-cada-dia-ecologic-lolivera-01-768x1024.jpg 768w, https://olivera.org/wp-content/uploads/2021/01/oli-cada-dia-ecologic-lolivera-01-1152x1536.jpg 1152w" sizes="(max-width: 1200px) 100vw, 1200px" /></p>
<p class="big-serif">Procedente de olivos de la variedad arbequina, cultivados según los métodos de la agricultura ecológica en la zona de La Granadella, en Les Garrigues. Este aceite expresa la sutileza de la arbequina, con un registro afrutado delicado que hace de él una opción sostenible para acompañarnos tanto en la mesa como en la cocina.</p>
<p class="label-sans-serif">Variedades</p>
<p class="small-sans-serif">Arbequina</p>
<p class="label-sans-serif">Cata</p>
<p class="small-sans-serif">Suave y equilibrado, es el tipo de aceite que sirve para elevar el listón de nuestra dieta diaria. Ideal para tomar en crudo o para cocinar, con toques amargos y picantes ligeros y delicados que hacen de él un compañero perfecto en nuestra cocina diaria.</p>
